INSERT INTO `customer_visitor` (`visitor_id`, `customer_id`, `session_id`, `last_visit_at`) VALUES
(180194, NULL, 'e848b513f19307cbb59756af48026d3b', '2018-12-02 22:27:35'),
(180195, NULL, 'c62a0a3a2ee7e5fe2c67b8c1caf540d0', '2018-12-02 22:27:38'),
(180196, NULL, 'def8957678f318304c9b686b35bca0cb', '2018-12-02 22:28:11'),
(180197, NULL, '2ade3d06aa8248196869160318f34fb3', '2018-12-02 22:28:22'),
(180198, NULL, 'f58851fcca71848dd467e60ff819a58a', '2018-12-02 22:28:28'),
(180199, NULL, 'd99ec769edd6895f143469066785e989', '2018-12-02 22:28:31'),
(180200, NULL, '774a0922ea1326a451c3eb122b04070c', '2018-12-02 22:28:41'),
(180201, NULL, '2e0368695962b5766b60f3ed30584045', '2018-12-02 22:29:06'),
(180202, NULL, '10e912d2d7b18e8c7ee240b6dfcd1dc8', '2018-12-02 22:29:12'),
(180203, NULL, 'a6d37e8ad1624d1695d0b454a5816cb9', '2018-12-02 22:29:23'),
(180204, NULL, 'e005e672876b40dad63bfb76b9059db6', '2018-12-02 22:29:24'),
(180205, NULL, 'f96997dc12ee67a188f771ef45a27be1', '2018-12-02 22:29:31'),
(180206, NULL, '88f62dd0f42d811c888ca9e08e29505c', '2018-12-02 22:29:33'),
(180207, NULL, 'c7c6f31d5a9c6b5f9cf0e6b27f4ff9e0', '2018-12-02 22:29:37'),
(180208, NULL, '6c8ef741c1b2ca4074f11b9278f1ff8a', '2018-12-02 22:29:41'),
(180209, NULL, '5e2dae2b754e31ae0c0ad0568572ac57', '2018-12-02 22:29:49'),
(180210, NULL, 'ef94a927467e915c96fad676993d08e1', '2018-12-02 22:29:57'),
(180211, NULL, '2b89ab1bbdbab92866032ee86d17025c', '2018-12-02 22:30:04'),
(180212, NULL, 'd2ae929102b8168e569a6cf982189760', '2018-12-02 22:30:07'),
(180213, NULL, '0cef1cffa42c41eff03806e1b7e49b9e', '2018-12-02 22:32:19'),
(180214, NULL, '13c8992d5520b3078916a5d115bf0c46', '2018-12-02 22:30:19'),
(180215, NULL, 'e18b1de110f08cdeee7f8f5b5b120f92', '2018-12-02 22:30:33'),
(180216, NULL, '93c13c5a3314247d6e994ee22bcbc65e', '2018-12-02 22:30:36'),
(180217, NULL, 'ba28ec076a27e8532cda26f71cdef5e6', '2018-12-02 22:30:39'),
(180218, NULL, 'aed5855a2e0ecceaea959a63752aa23e', '2018-12-02 22:30:55'),
(180219, NULL, '47c4083e77369b5c2796da3761f5cf14', '2018-12-02 22:31:06'),
(180220, NULL, 'f128f8936f07656defc1abdeea633222', '2018-12-02 22:31:17'),
(180221, NULL, 'a1c2bd300f2321105d88484e362aeeb1', '2018-12-02 22:31:24'),
(180222, NULL, '66418daec508c12251ea73f7e70c68c8', '2018-12-02 22:31:30'),
(180223, NULL, '4c14e6c1e39b0afc60c93b1b3019c646', '2018-12-02 22:31:38'),
(180224, NULL, '19061a779f770350367ee170e1727203', '2018-12-02 22:31:47'),
(180225, NULL, '1a800e16426a05a8840fb19cc2f36987', '2018-12-02 22:32:01'),
(180226, NULL, '623f0ffb8297e4b66977a2a3d05d8afc', '2018-12-02 22:32:07'),
(180227, NULL, '422eb4422d27b3c97f408014fc8c15f3', '2018-12-02 22:32:16'),
(180228, NULL, '811d75a4067a1717da3d300c5dda2a86', '2018-12-02 22:32:15'),
(180229, NULL, 'ce8b9cfcab87bb0f54d78bb4c041596f', '2018-12-02 22:32:18'),
(180230, NULL, '3e79769b4ebfe9106fc2614e5acc180e', '2018-12-02 22:32:23'),
(180231, NULL, '71a211b0a7ce489c21dd7b4a467f8062', '2018-12-02 22:32:30'),
(180232, NULL, 'fb0843d08da00d8f11878c1a59ac4404', '2018-12-02 22:32:38'),
(180233, NULL, '493afacbfb829b4067377ed339a96b31', '2018-12-02 22:32:46'),
(180234, NULL, '52a00e06645cb84bb2d31a656122e295', '2018-12-02 22:32:45'),
(180235, NULL, 'd8955bc84cd42254f5504db6750b20ee', '2018-12-02 22:32:50'),
(180236, NULL, '1a7b4d664d695af563350e7b81f5ff59', '2018-12-02 22:33:03'),
(180237, NULL, 'cd03c04fb4aef93c06c0a05679be34c1', '2018-12-02 22:33:27'),
(180238, NULL, 'af94fec3a4c52c0fa927312dbf271264', '2018-12-02 22:33:29'),
(180239, NULL, 'd0fc5df4d54dfb538dfc1ef8b31d9b8c', '2018-12-02 22:33:31'),
(180240, NULL, '356a8bb887eccdab14a230354fce9f02', '2018-12-02 22:33:59'),
(180241, NULL, 'f6ac9cf98341c282e8361867f268b31d', '2018-12-02 22:34:02'),
(180242, NULL, '164145e0c7f4e937ac0ffb5f7b77782b', '2018-12-02 22:34:10'),
(180243, NULL, '2c5dfbc85223966202826a2185106389', '2018-12-02 22:34:24'),
(180244, NULL, 'd45d3c7fb1d4baeb7914100b4781b131', '2018-12-02 22:35:24'),
(180245, NULL, '7da84de99ba2f0ded65876d60042cfc9', '2018-12-02 22:35:35'),
(180246, NULL, 'df2b0234f3136762bd6eb58767cc318b', '2018-12-02 22:35:39'),
(180247, NULL, '78703cf32ad7ee6de8486743178e74f4', '2018-12-02 22:35:43'),
(180248, NULL, 'a5095dbd92dd1009f4f054904fc16286', '2018-12-02 22:35:53'),
(180249, NULL, '1d21822eff14d9121d0d77c31987a53d', '2018-12-02 22:35:57'),
(180250, NULL, '9b36c4ab9250cdb91917e886c2441a30', '2018-12-02 22:36:20'),
(180251, NULL, 'cfeb2d407aba90d726d5054829570644', '2018-12-02 22:36:27'),
(180252, NULL, '99cc5a5e637f7fa4c82bf5a3e25bc62e', '2018-12-02 22:36:34'),
(180253, NULL, 'ab2573f662c913064125c0e6d68aa7ef', '2018-12-02 22:36:51'),
(180254, NULL, '36461a5d296b7f8b822ed51d59e308b4', '2018-12-02 22:37:08'),
(180255, NULL, '48d0105fbadf9b77d3dbd30e549b65ea', '2018-12-02 22:37:14'),
(180256, NULL, 'ffa4366fa115152f90da7d148a96228f', '2018-12-02 22:37:29'),
(180257, NULL, '1c00f095c255d0f2d88314b639f2f8b3', '2018-12-02 22:37:59'),
(180258, NULL, '497e59a7be4862d1f2273e2776a6769f', '2018-12-02 22:38:00'),
(180259, NULL, '3b33a21f51c6209042db2fe1a5cc0468', '2018-12-02 22:38:06'),
(180260, NULL, '424bf13c0a6b004c6dd57488fcc949bc', '2018-12-02 22:38:12'),
(180261, NULL, '5221b1945e87489d3c62f557ee823989', '2018-12-02 22:38:15'),
(180262, NULL, '541818c995781451c162048e189f97c1', '2018-12-02 22:38:21'),
(180263, NULL, 'b94a4ab3e72c8055657ef4e3feaa594e', '2018-12-02 22:38:26'),
(180264, NULL, '40d593ae1217e089a8f094965d0713c7', '2018-12-02 22:38:28'),
(180265, NULL, '78e2f27713b08bfbb3b9560cd6a0bb94', '2018-12-02 22:38:42'),
(180266, NULL, 'fd26e88b14fac090538b9835e22d2523', '2018-12-02 22:39:11'),
(180267, NULL, 'dc4126eb234c5430fda974dd5c46054b', '2018-12-02 22:39:22'),
(180268, NULL, 'e01b4939a383859b3f94e09adad7a56f', '2018-12-02 22:39:36'),
(180269, NULL, 'b3c95e536b23c13faa01d6554d0df9e5', '2018-12-02 22:39:37'),
(180270, NULL, 'dc3a3daf276c7464234ddcf06e99190e', '2018-12-02 22:39:38'),
(180271, NULL, 'dbe48c302aebeda991a555675b1d725a', '2018-12-02 22:39:45'),
(180272, NULL, 'b8600d220deb7344d96f55e8341a4003', '2018-12-02 22:39:57'),
(180273, NULL, '072b1ced8f6908f102c246e9e011a92f', '2018-12-02 22:40:10'),
(180274, NULL, 'fa8edeee0ae2f39f14df3dccf5c4faec', '2018-12-02 22:40:14'),
(180275, NULL, 'c95b2dae36183fe121bfe4f6106e2da4', '2018-12-02 22:40:17'),
(180276, NULL, 'c248e14a6b63dccdf68c09362b3767a9', '2018-12-02 22:40:29'),
(180277, NULL, 'cccb6e926d74f2d1ec5d912c4aac3081', '2018-12-02 22:40:36'),
(180278, NULL, '14b2b719b3f8236c2dea979386132cc7', '2018-12-02 22:40:41'),
(180279, NULL, 'bf730dfb314490271941314ba538cf2c', '2018-12-02 22:40:44'),
(180280, NULL, '2816918f481becc847f3af97341632a5', '2018-12-02 22:40:51'),
(180281, NULL, '8aef5d65d95411549d50107030a3bc22', '2018-12-02 22:40:55'),
(180282, NULL, '4305dd7b4be2a26aa599593cbe683e1d', '2018-12-02 22:41:17'),
(180283, NULL, '536a84686d4edce0cfa572d353156810', '2018-12-02 22:41:23'),
(180284, NULL, '799b37e24963b48d06c5acdd28fd0c56', '2018-12-02 22:41:25'),
(180285, NULL, '4c7f4d57aa958b1ebd5416497bed5cf5', '2018-12-02 22:41:41'),
(180286, NULL, 'd29c0a0b6880ce7ea5349289f61f2cd3', '2018-12-02 22:41:49'),
(180287, NULL, '20cc7073394a72bd9b9cabce78cb4a95', '2018-12-02 22:41:54'),
(180288, NULL, 'e8f7ec58cebf3e1837f3c2a6f13735a7', '2018-12-02 22:41:59'),
(180289, NULL, '5779979ce5a08a47fdfdf59457aa7881', '2018-12-02 22:42:07'),
(180290, NULL, '929c69b2aad5017f8dafeba7804ce9af', '2018-12-02 22:42:13'),
(180291, NULL, '829de40ca8e36b1d289236a191b6f58b', '2018-12-02 22:42:29'),
(180292, NULL, '52ec2eec142412d2478cf820f9555dc8', '2018-12-02 22:42:44'),
(180293, NULL, 'b02decbbde2fcef61062e7cd307a2d18', '2018-12-02 22:42:46'),
(180294, NULL, '115c215d0d82612a5729e20d1db76cc6', '2018-12-02 22:42:47'),
(180295, NULL, '33bb394a315210d3ec86ae382476ffef', '2018-12-02 22:42:58'),
(180296, NULL, '85e7e654eca36c10afb4ada5e017a047', '2018-12-02 22:43:04'),
(180297, NULL, 'fb37617250ed0a7040c4f2692fe8ca2b', '2018-12-02 22:43:22'),
(180298, NULL, 'be692b70fa3007a628b7d22f0cf1c625', '2018-12-02 22:43:24'),
(180299, NULL, 'e6628cbcbf8d63111241c1c079f37fd9', '2018-12-02 22:43:40'),
(180300, NULL, '18311673eca20f7001629bfcbeff3437', '2018-12-02 22:43:46'),
(180301, NULL, '2368dbe3e6b0f1be473fc1f7ce43f58e', '2018-12-02 22:44:16'),
(180302, NULL, 'c84e3dc77995f72ac0b11345a7ee3957', '2018-12-02 22:44:36'),
(180303, NULL, '58f5effc4255f70fb7f04612e6c0cb24', '2018-12-02 22:44:41'),
(180304, NULL, 'c3f10030bb7f22003d0e66d719e4239e', '2018-12-02 22:44:48'),
(180305, NULL, 'f66e2ca07f1410381f61c7c6609b67c1', '2018-12-02 22:45:11'),
(180306, NULL, '1ef42e5358ec58f5934e4fd29da2ebeb', '2018-12-02 22:45:35'),
(180307, NULL, '8b0255d6f3e4fb334ecbbe05a0489cee', '2018-12-02 22:45:43'),
(180308, NULL, '46bff227189ba91b5438b86fda774aee', '2018-12-02 22:45:45'),
(180309, NULL, 'c4b2da5d7345a00dff82a63f5422689a', '2018-12-02 22:46:01'),
(180310, NULL, 'a6d5323ff501b82ddbd3fab86496db91', '2018-12-02 22:46:18'),
(180311, NULL, 'dc92d5d461305185a336719d8754d650', '2018-12-02 22:46:23'),
(180312, NULL, '02b6769db62b7c13beb3aa3e2782d127', '2018-12-02 22:46:37'),
(180313, NULL, 'a9380451bf2ace5229e0ae9b15556079', '2018-12-02 22:46:39'),
(180314, NULL, 'a719b8f5ba67ec571f0bd0d3a8e87b84', '2018-12-02 22:46:48'),
(180315, NULL, 'f4823bf7b20fae6894b082b43a633b53', '2018-12-02 22:46:56'),
(180316, NULL, '5c1e191cf3a1daeaadc0863f7dfe3017', '2018-12-02 22:47:33'),
(180317, NULL, '4f852169159e733228a00fbbc161c21e', '2018-12-02 22:47:49'),
(180318, NULL, '64280c36cb83ab1c45b8c3c5eb68fa12', '2018-12-02 22:47:51'),
(180319, NULL, 'c2551a2bb52eaf7706e60b7bb7631cae', '2018-12-02 22:48:08'),
(180320, NULL, '21ce51d00972cb379b07c6fc01889fa5', '2018-12-02 22:48:11'),
(180321, NULL, 'e8643c2f1e5bb766e842e4aa76b9e86d', '2018-12-02 22:48:16'),
(180322, NULL, '8667e6747267ccfa1431ef96e6b9be88', '2018-12-02 22:48:24'),
(180323, NULL, '65ba6e3edc56790b7344b57d3256759c', '2018-12-02 22:48:35'),
(180324, NULL, '80fdb028ed1fb3cc07be04793e9b5a97', '2018-12-02 22:48:46'),
(180325, NULL, '40bd1dbd695e6002d03a355819983299', '2018-12-02 22:49:01'),
(180326, NULL, '9294be4c568daefc13831ce2e1886cbb', '2018-12-02 22:49:04'),
(180327, NULL, 'dd09ae4b604b70bf3180c9ac6c9d7c67', '2018-12-02 22:49:22'),
(180328, NULL, '5c24b7e1f499bb3bd908d1e8a4e64b21', '2018-12-02 22:49:50'),
(180329, NULL, '7f1ddaf361a024b63f96e8bcadaba1be', '2018-12-02 22:49:51'),
(180330, NULL, 'ccf974e732900e4fd0f369e107799677', '2018-12-02 22:50:05'),
(180331, NULL, '20c69ecdb3a278c9f15eedb761af45f9', '2018-12-02 22:50:10'),
(180332, NULL, '3a12b493fd20b4514a222bc1247c5969', '2018-12-02 22:50:13'),
(180333, NULL, 'b7fb29249a9b0d787d116db5cc33306b', '2018-12-02 22:50:29'),
(180334, NULL, 'da2373e4c7124060a7ffaa1f3a37fda1', '2018-12-02 22:50:34'),
(180335, NULL, 'caa9c0c4348776be0b528921fade9ff4', '2018-12-02 22:50:41'),
(180336, NULL, '9ef1390a19d5de6ae42f69e4e2039e3e', '2018-12-02 22:50:57'),
(180337, NULL, '5eb8aa9087edfec7533ffce598dcf970', '2018-12-02 22:51:17'),
(180338, NULL, '469fa1da582f3148485b31f523a3e567', '2018-12-02 22:51:35'),
(180339, NULL, 'cd7836961a0d92f7a0ad0270c229c23f', '2018-12-02 22:51:38'),
(180340, NULL, '129c0fa7036ddbfd832ef0fc523125db', '2018-12-02 22:52:05'),
(180341, NULL, '8567b1270daef4b69fa46a340112d995', '2018-12-02 22:52:26'),
(180342, NULL, 'd78f7e5a55f01ae5e54ce1ae34261ce9', '2018-12-02 22:52:29'),
(180343, NULL, 'a202c335b5c6181ff0081c9b699bcfc8', '2018-12-02 22:52:37'),
(180344, NULL, 'd557bde06ac85e0335506cd8507bff12', '2018-12-02 22:52:41'),
(180345, NULL, '7fc002a1db1e62d20a420f9ea9d7728f', '2018-12-02 22:52:47'),
(180346, NULL, '3f06ce2b34e274c2698635af654c9a86', '2018-12-02 22:52:49'),
(180347, NULL, '035b3c9cc07766615c6a0a678e4c8fc0', '2018-12-02 22:53:04'),
(180348, NULL, 'ec6f86dde828a0918a278c94b770ff27', '2018-12-02 22:53:17'),
(180349, NULL, 'a05032892807f20cb81b2e923c1ad6d8', '2018-12-02 22:53:10'),
(180350, NULL, '48f9de9840c87632df111955d9982bc9', '2018-12-02 22:53:11'),
(180351, NULL, 'bedecab0ff380d1ab4c0432f83376fdd', '2018-12-02 22:53:45'),
(180352, NULL, '7d7fabd09dcf9bc56873749f069684b4', '2018-12-02 22:53:49'),
(180353, NULL, 'be8b2908164fefb81fe63a1ad286fcca', '2018-12-02 22:53:57'),
(180354, NULL, '839bb71701c84857601a04fd5c6fc59c', '2018-12-02 22:54:03'),
(180355, NULL, 'd8932ebda51311b26e0fa2672bcc1d2e', '2018-12-02 22:54:30'),
(180356, NULL, 'a64ec9c577f602a6e80449a674561a25', '2018-12-02 22:54:46'),
(180357, NULL, '0bc2f96277a932dc7de8131be251a1f7', '2018-12-02 22:54:46'),
(180358, NULL, '790f5f3c482b36e3214d4ae3fecd1847', '2018-12-02 22:54:49'),
(180359, NULL, 'a32c8beccfc34a529d48c8b5bb369009', '2018-12-02 22:55:21'),
(180360, NULL, 'b1abcdd5298805a645081255bc940fee', '2018-12-02 22:55:23'),
(180361, NULL, '8c31b128710748935f0e2488a6a7d9c8', '2018-12-02 22:55:59'),
(180362, NULL, 'dd2a8ec790612b4f257240a84880e5bc', '2018-12-02 22:56:04'),
(180363, NULL, '0dd4c1fe69674aed7a1e1f0603116cbb', '2018-12-02 22:56:13'),
(180364, NULL, '409949681f253d14d8e1f904ef6128cf', '2018-12-02 22:56:18'),
(180365, NULL, '440328259679575ddfb0e82ae596a258', '2018-12-02 22:56:21'),
(180366, NULL, 'd8b56b47b2208c322446100942718308', '2018-12-02 22:56:30'),
(180367, NULL, '7c5100be255736debfcee414d5c1b8a7', '2018-12-02 22:56:36'),
(180368, NULL, 'd964f473d7d3ad72a96127b4ff5e6db5', '2018-12-02 22:56:37'),
(180369, NULL, '5eba32df08eba1fee628544ed24a84fb', '2018-12-02 22:56:39'),
(180370, NULL, 'f01ac9c90288325f3091a31d9e202b3e', '2018-12-02 22:56:39'),
(180371, NULL, '0225a9f28a0732f8d1aec808aa958f04', '2018-12-02 22:56:54'),
(180372, NULL, '280a757ad80c8043223b59a7fd5b027c', '2018-12-02 22:57:11'),
(180373, NULL, 'ba7e182a89497fa58de32ebb607efcd4', '2018-12-02 22:57:15'),
(180374, NULL, '2e75ee02bd5469ee069fd8c94720fc79', '2018-12-02 22:57:24'),
(180375, NULL, '30f6c225a4fd7ea8d4e5da02f4b2d5c1', '2018-12-02 22:57:24'),
(180376, NULL, 'ee9bf53300fa1577808a141a0f32d2da', '2018-12-02 22:57:28'),
(180377, NULL, '4084bae928bfa4b11008b262faca63c6', '2018-12-02 22:57:35'),
(180378, NULL, 'f4fd716b1ec9e3a35f4e90075816fd7e', '2018-12-02 22:57:47'),
(180379, NULL, '71a796f01e8db7ba4647f0a9097611d9', '2018-12-02 22:57:49'),
(180380, NULL, 'a2daea879c0260d021c857769ef51ddc', '2018-12-02 22:57:51'),
(180381, NULL, 'fc1f92f5d13eb5b899e4d339fa6e52d3', '2018-12-02 22:57:52'),
(180382, NULL, 'c03cc4cb7c824fa9d52f110d00c83dbe', '2018-12-02 22:57:59'),
(180383, NULL, 'f8590b5f8ea9196289cd4d078ee69d42', '2018-12-02 22:58:23'),
(180384, NULL, '4b8b54da0f49fc7eabcb92164d9ebdad', '2018-12-02 22:58:26'),
(180385, NULL, 'da7c85708b8695840c123ee2ba25c0e1', '2018-12-02 22:58:29'),
(180386, NULL, 'dc93c3a9801c468c8aaa26d3e8404973', '2018-12-02 22:58:31'),
(180387, NULL, 'e034cf9703f45e50e956f8eda46e667a', '2018-12-02 22:58:48'),
(180388, NULL, '067b97e08e7fa96e30bd63bda4a02c06', '2018-12-02 22:58:52'),
(180389, NULL, '9baa9e4448fa1b8c64c683b95f420c5b', '2018-12-02 22:59:15'),
(180390, NULL, '66ff6b93d77d215e45fe2c33f4c0ffc1', '2018-12-02 22:59:17'),
(180391, NULL, '6086fad10c2b1897c8edd4a026ea49d0', '2018-12-02 22:59:20'),
(180392, NULL, '04ff3b579fc9c711293e6288a7734b92', '2018-12-02 22:59:22'),
(180393, NULL, '81ee0d2a4efe90ecb7266416d47ff036', '2018-12-02 22:59:28'),
(180394, NULL, 'bbbcca3a33e30557d5d33ef2e33abf74', '2018-12-02 22:59:33'),
(180395, NULL, 'e6cc4d8c7211e74b7e3991cccf611201', '2018-12-02 22:59:33'),
(180396, NULL, '4ffd6fc9ba3b63c793c166596e4ca7db', '2018-12-02 22:59:35'),
(180397, NULL, 'dad7d97961db7a923a07feaa889ad4e9', '2018-12-02 23:00:21'),
(180398, NULL, 'fc508157a2becc7fcb8fc37efd41e9ee', '2018-12-02 23:00:41'),
(180399, NULL, '56fef123e783069a360d92577ecb6645', '2018-12-02 23:01:27'),
(180400, NULL, 'ba8bec56cf6395a066fea114d62f1a95', '2018-12-02 23:01:38'),
(180401, NULL, '0552e65dd910c71fe0dabafe2840f25e', '2018-12-02 23:01:40'),
(180402, NULL, '45eabb5ba13ab31ff4da8c5a6550de62', '2018-12-02 23:01:54'),
(180403, NULL, '2062ac0c1e07618bcadf70b51ed7857f', '2018-12-02 23:01:56'),
(180404, NULL, '7b3b7815c5150fb1bb4a10ad9672f936', '2018-12-02 23:02:05'),
(180405, NULL, '98ab90f0c6b8d972998a7d0956984d2c', '2018-12-02 23:02:15'),
(180406, NULL, '9df00ff1d1c6778e09d3e24ccf78aec8', '2018-12-02 23:02:38'),
(180407, NULL, '5a9c9b601aeaab3c4683b08de1f71260', '2018-12-02 23:02:42'),
(180408, NULL, 'af81cec3db7db7249db819eee05bdb91', '2018-12-02 23:02:46'),
(180409, NULL, '7dbdef93d6f3100117aebe11b9cacd2f', '2018-12-02 23:02:48'),
(180410, NULL, '91b49c5ecf50e8758bbf45cd082fcf1d', '2018-12-02 23:03:12'),
(180411, NULL, '3b81abb094a59ad117c02b9244a71f8f', '2018-12-02 23:03:46'),
(180412, NULL, '04c1bf089f6e0b7e9ef111211a9f0dcf', '2018-12-02 23:03:48'),
(180413, NULL, '630213ce4d74f15b89c0fd1e377ee992', '2018-12-02 23:03:53'),
(180414, NULL, '9529e12f46d244ca2e53e9541bd076f4', '2018-12-02 23:03:56'),
(180415, NULL, '710dde1e702d6449368aac0e81775573', '2018-12-02 23:04:00'),
(180416, NULL, '3d81872c6fc41022af950da8a4dbe46f', '2018-12-02 23:04:33'),
(180417, NULL, '501b56314b00a7b970fa00f5ec4a7b74', '2018-12-02 23:04:34'),
(180418, NULL, 'f567a43bfc26da9cf50534d585e56b20', '2018-12-02 23:04:39'),
(180419, NULL, '13dbb8cda8dc751ff839ab0c76671b06', '2018-12-02 23:04:44'),
(180420, NULL, '7d4ab044280525f85a046e041d4a7997', '2018-12-02 23:04:47'),
(180421, NULL, '0a04c0ce6f644c3ec03ba9772357981d', '2018-12-02 23:04:51'),
(180422, NULL, 'c78b5e4f92320d8443f1e0dba58c084a', '2018-12-02 23:04:54'),
(180423, NULL, '7b6491c198eeb5530a55414d54047a33', '2018-12-02 23:05:02'),
(180424, NULL, '088bda04d0c3e0c0e7a46161a6adc874', '2018-12-02 23:05:12'),
(180425, NULL, 'f85791b1132afb684efbbf35e1a01874', '2018-12-02 23:05:22'),
(180426, NULL, '358d685a83756085412ab8d608536b54', '2018-12-02 23:05:31'),
(180427, NULL, '12905e19525aff8abcc5dc2b5d436582', '2018-12-02 23:07:03'),
(180428, NULL, '37c16c7111b57881430875b55c9443e6', '2018-12-02 23:07:03'),
(180429, NULL, 'dfa6e6ad0d85d1c052bdeba37de5c5b6', '2018-12-02 23:07:04'),
(180430, NULL, '62086be3d1c5bd431aacf001cb58ebb2', '2018-12-02 23:07:05'),
(180431, NULL, '5f1ef4e9321955d40163bfefdf102e0a', '2018-12-02 23:07:09'),
(180432, NULL, '299642c15d8d5512b26095101456f561', '2018-12-02 23:07:11'),
(180433, NULL, 'a5e4b385aa860784631b4a3ce543d508', '2018-12-02 23:07:53'),
(180434, NULL, '62053d626504f56e98cac81fcaefc820', '2018-12-02 23:08:06'),
(180435, NULL, 'e9c49399d94c6c64b5b9947c92beba1b', '2018-12-02 23:08:08'),
(180436, NULL, 'b5acf67a40889f0f2d05c80c2d6b3cbe', '2018-12-02 23:08:11'),
(180437, NULL, 'd5d2c503e61718018a02f3332dabb7dd', '2018-12-02 23:08:14'),
(180438, NULL, 'b3c4883bd12c1e96141a479b2e409133', '2018-12-02 23:08:41'),
(180439, NULL, '47019e47ccbcd27773a06383fbc5925a', '2018-12-02 23:08:43'),
(180440, NULL, '71befb0c0a68aa6f39aa5731c1b11599', '2018-12-02 23:08:58'),
(180441, NULL, 'd3da07e7677dec4467030b246df16643', '2018-12-02 23:09:13'),
(180442, NULL, 'e8c57227ab13140f8c06f68408a81d3d', '2018-12-02 23:09:16'),
(180443, NULL, '1981296e6ef8862f5f8b8090e30dd45c', '2018-12-02 23:09:49'),
(180444, NULL, '0d8ef11e3df9468c2d1433b9f921c0da', '2018-12-02 23:09:53'),
(180445, NULL, 'c709d4cb8c933dfea5e2753f92a18ba1', '2018-12-02 23:10:11'),
(180446, NULL, '129a18e0e25f139f4e5e01550cb1abcf', '2018-12-02 23:10:19'),
(180447, NULL, 'f700e96d6ee3efdf18ad31737f1e6606', '2018-12-02 23:10:36'),
(180448, NULL, '2ca4a55984eaecfb9e847d082a99ccec', '2018-12-02 23:10:58'),
(180449, NULL, '1e89052c39a48985b95c6febd0c1516d', '2018-12-02 23:10:58'),
(180450, NULL, 'a476bfa8f767d18fed98bf6e368d0301', '2018-12-02 23:11:09'),
(180451, NULL, '8dcfca809f1261184e33ca049549e9ed', '2018-12-02 23:11:13'),
(180452, NULL, 'c609554cc1fda804d8efab33ddb05dcc', '2018-12-02 23:11:40'),
(180453, NULL, '4f14de916e7fb6bae52a9f0294a9f4f5', '2018-12-02 23:11:51'),
(180454, NULL, 'a89717b44bea230ed473801b08a8fd23', '2018-12-02 23:11:56'),
(180455, NULL, '5e5ee85b29f6d4c3f2b6e4de835f76b9', '2018-12-02 23:11:56'),
(180456, NULL, 'bb77bd6a2b145855ab88a641effc9a96', '2018-12-02 23:12:17'),
(180457, NULL, 'a4347c936c31933deaa5d241e85046bc', '2018-12-02 23:12:28'),
(180458, NULL, 'a9796fd93a2fc49a820f5ab9b17e4b51', '2018-12-02 23:12:46'),
(180459, NULL, '60342b3191c5e3a0d4ae19d8a16c0fce', '2018-12-02 23:12:57'),
(180460, NULL, '03f6f75d82b761b55c732beb83496282', '2018-12-02 23:13:23'),
(180461, NULL, '3c495d0b69f0a3417292bbea00bcdb8b', '2018-12-02 23:13:44'),
(180462, NULL, 'dc651c69f6826e7fd476337df18a975f', '2018-12-02 23:13:50'),
(180463, NULL, '0300a4df0db5c9afbffd2a393bdd7662', '2018-12-02 23:14:14'),
(180464, NULL, '3cc3045f7350d7f0d663e084a2761401', '2018-12-02 23:14:19'),
(180465, NULL, '0e3d4d5b3e25936a936fd02e89a7a346', '2018-12-02 23:14:43'),
(180466, NULL, 'fee94ab5e685c82b93448b3941d25ef5', '2018-12-02 23:14:54'),
(180467, NULL, 'dc85a4ba5540763958d1a0fc6f8c41c5', '2018-12-02 23:15:08'),
(180468, NULL, '6fe3d8890eab64a79bd86b698d51caae', '2018-12-02 23:15:09'),
(180469, NULL, '75baf00e4114279ae8590e387e4dba0d', '2018-12-02 23:15:14'),
(180470, NULL, '23efb23c64efba50b2e7c7432edcc45b', '2018-12-02 23:15:16'),
(180471, NULL, '0189775c248e7c20a4a2ae4e5278d354', '2018-12-02 23:15:50'),
(180472, NULL, '9bfdda5d910ecb2b15324efcb0e87862', '2018-12-02 23:15:55'),
(180473, NULL, '2eb88d4f7578cc5e1d34c5fc16110650', '2018-12-02 23:15:59'),
(180474, NULL, '60c441431bca127e0109fadf22ba62f7', '2018-12-02 23:16:30'),
(180475, NULL, '576295e136b6f3fbcd0a7e3018602e7e', '2018-12-02 23:16:33'),
(180476, NULL, 'ab989da11284f02060db8a1a4fc7853b', '2018-12-02 23:16:41'),
(180477, NULL, 'b22e9a0bdb62e24112f329abe43bb340', '2018-12-02 23:16:55'),
(180478, NULL, 'e3f4bd9a607b1923d2956119bf45de1a', '2018-12-02 23:17:16'),
(180479, NULL, '962579a0111a9bb2531d6956b72bed49', '2018-12-02 23:17:21'),
(180480, NULL, '99c97c074198b277d2cffb08c1578a6f', '2018-12-02 23:17:24'),
(180481, NULL, 'ed78c44033dd73e632be3a75a666616b', '2018-12-02 23:17:30'),
(180482, NULL, '4f2249ddf797e7835e4210d7a2d7913c', '2018-12-02 23:17:47'),
(180483, NULL, '9741423f6b1f6d111e3349bb14039847', '2018-12-02 23:17:59'),
(180484, NULL, 'fdec8c559a6a823b1bd311ed1b5f8ea4', '2018-12-02 23:18:02'),
(180485, NULL, '0a5de7fcd783eb1f7043d142bb195390', '2018-12-02 23:18:04'),
(180486, NULL, 'd0bd2f670286a7071a645f307a0e3b76', '2018-12-02 23:18:08'),
(180487, NULL, 'f4c600bef2b8d7931a308e39b8311e7c', '2018-12-02 23:18:25'),
(180488, NULL, 'af2710231d560f272b3d0587d86dedf0', '2018-12-02 23:18:30'),
(180489, NULL, '3121fc872dbfcdb7d3e3a8ec47d2de8e', '2018-12-02 23:18:43'),
(180490, NULL, 'fc3fb57627b3daa3169d1d567fd87177', '2018-12-02 23:18:46'),
(180491, NULL, '35f0d4ca32684b01f45e130f587d95c5', '2018-12-02 23:18:50'),
(180492, NULL, '11d55c6aee429dfea8245928b69ea778', '2018-12-02 23:19:27'),
(180493, NULL, '27c25d3e0e7b3a2d265f111163e95555', '2018-12-02 23:19:43'),
(180494, NULL, '345bf0489852886d258d7cc517740f71', '2018-12-02 23:19:45'),
(180495, NULL, '8b4c5af1d7f5086a32bed5d9ec9c3829', '2018-12-02 23:20:04'),
(180496, NULL, '33e5b9dc17ed6ba4f47914b049d12ae8', '2018-12-02 23:20:26'),
(180497, NULL, '21474443429327145ab80bf4e2f3f02d', '2018-12-02 23:20:28'),
(180498, NULL, '87b75b49dcc787af5debc1ce8ab26acc', '2018-12-02 23:20:40'),
(180499, NULL, '7ce8dfb14811ee2c7b2a1b47f3be5c80', '2018-12-02 23:20:43'),
(180500, NULL, 'd75fa7186f55ab90611d5a64908d7087', '2018-12-02 23:21:11'),
(180501, NULL, 'fdd795c1581595b18cc7ff98744485ec', '2018-12-02 23:21:13'),
(180502, NULL, '6d329f5fed7b9c82540a3d240f1ea887', '2018-12-02 23:21:27'),
(180503, NULL, '49decdc9dedc6c5d808a86c374768e57', '2018-12-02 23:21:41'),
(180504, NULL, '6bc1cd226ca3f1940fb191331222beca', '2018-12-02 23:21:57'),
(180505, NULL, '5d180d45845e858fdb418cc90727919b', '2018-12-02 23:22:05'),
(180506, NULL, 'e117409798ddcb7a4d0faf2f1514ac53', '2018-12-02 23:22:08'),
(180507, NULL, '6ee613c005c97cd39e383f818bea74ed', '2018-12-02 23:22:27'),
(180508, NULL, '60d81d7a911c4a9460e1e7a7c2eae279', '2018-12-02 23:22:40'),
(180509, NULL, '0defc99b17e19e20cf060e73f42492b4', '2018-12-02 23:23:24'),
(180510, NULL, '13acfb0a58c1b8d68ceacf0115cd2947', '2018-12-02 23:23:27'),
(180511, NULL, '6a36a4a3f35667b8de071d21fb4207ab', '2018-12-02 23:23:27'),
(180512, NULL, 'b3c0c0d17adc5add42b04b61110d19aa', '2018-12-02 23:23:31'),
(180513, NULL, 'd647d5d860773066cafa0825a2199d58', '2018-12-02 23:23:47'),
(180514, NULL, '9a133bf570511092bcae54d8fbb1613b', '2018-12-02 23:23:57'),
(180515, NULL, '11b8635c4572555ee66b4482831c632f', '2018-12-02 23:24:13'),
(180516, NULL, 'b2a0cd90f96b77564d8d0e925c9fb6ef', '2018-12-02 23:24:21'),
(180517, NULL, 'ce88012ad842115389dfad48e09de617', '2018-12-02 23:24:24'),
(180518, NULL, 'a5fe1d4db136673f5f3a5f43b94df291', '2018-12-02 23:24:26'),
(180519, NULL, '99b2f246905b91500588f76378dcb098', '2018-12-02 23:24:29'),
(180520, NULL, 'a7e97b7b164f546820093550500b3ef8', '2018-12-02 23:24:41'),
(180521, NULL, 'a875daa24dfc9ee5b2800365ae715a3b', '2018-12-02 23:24:48'),
(180522, NULL, '96ee82cb6a7619041b9d0611d00f2868', '2018-12-02 23:25:07'),
(180523, NULL, 'cdf4cefb4b4cba72c33420a03bb1f5a3', '2018-12-02 23:25:11'),
(180524, NULL, 'f78d8bade19e75e4bdd9b86ef710479b', '2018-12-02 23:25:13'),
(180525, NULL, 'aaeb4e242dd4ba44393e03367fd55223', '2018-12-02 23:25:15'),
(180526, NULL, '7af86d8a3021cb978ce70a15d213bb5c', '2018-12-02 23:25:20'),
(180527, NULL, '03cf7d374048b88072faf048e929a353', '2018-12-02 23:25:25'),
(180528, NULL, '2e99656ce3947c7b83210e84bb24bd26', '2018-12-02 23:25:34'),
(180529, NULL, 'c3a06b1519950ea6738bac8420b7091d', '2018-12-02 23:25:43'),
(180530, NULL, '0c183275aa3c65cae7850a415181b26b', '2018-12-02 23:25:51'),
(180531, NULL, 'b12c4ec0e3b7d712e2530b9633c48029', '2018-12-02 23:26:03'),
(180532, NULL, 'de03206281f4a46b1ceaa659e43ed4f1', '2018-12-02 23:26:15'),
(180533, NULL, 'de5dd3fcb9479664e35e954e52d08632', '2018-12-02 23:26:23'),
(180534, NULL, '3e557bf9052391b345da0d663d9d42ed', '2018-12-02 23:26:25'),
(180535, NULL, '83b7b2d02ebb7d21eda976b26db2827e', '2018-12-02 23:26:31'),
(180536, NULL, 'fa24918e4a799502cbb3627e412ab758', '2018-12-02 23:26:33'),
(180537, NULL, '227389d49a96b75f5e38cd4018bb074d', '2018-12-02 23:26:50'),
(180538, NULL, '4fce3865119c461a447e938279b4e176', '2018-12-02 23:26:52'),
(180539, NULL, '27658467c74d009e6714f9f0d253bda4', '2018-12-02 23:27:27'),
(180540, NULL, '81073bb65ccea06eaa43945825bb63b2', '2018-12-02 23:27:45'),
(180541, NULL, '9fd892a41ec15b9e4d3c5f87bfb71c5d', '2018-12-02 23:27:47'),
(180542, NULL, '595107c561d4160d4ff59cc37978bc0e', '2018-12-02 23:28:11'),
(180543, NULL, '233073db273ececbb364534bdf28bb29', '2018-12-02 23:28:25'),
(180544, NULL, 'b172db4f43916f2f225796a0fca0dc6e', '2018-12-02 23:28:25'),
(180545, NULL, 'a0d480e2c8d957f66c76e7c9714b7047', '2018-12-02 23:28:54'),
(180546, NULL, 'e4718766278eab144d486d10fe7d4cce', '2018-12-02 23:28:56'),
(180547, NULL, '010d410f99251fe7305cbec3facca216', '2018-12-02 23:28:59'),
(180548, NULL, '7b5ceb55e949d2c174803290856a61c1', '2018-12-02 23:29:01'),
(180549, NULL, '290bece0169a0ba19dff463b78d039c8', '2018-12-02 23:29:07'),
(180550, NULL, '9faff88b7eccf56982db26138c6135ec', '2018-12-02 23:29:14'),
(180551, NULL, '1c34cf5f6c75ac5fd20cd89b339284b7', '2018-12-02 23:29:37'),
(180552, NULL, '2448b87cbe48c534441adf5031007167', '2018-12-02 23:29:59'),
(180553, NULL, 'decaa3a0e1b836152872444090c2c42a', '2018-12-02 23:30:07'),
(180554, NULL, '8a90338ca2b9c80716ec7e9e4e1901f7', '2018-12-02 23:30:22'),
(180555, NULL, '837789502ecb9ea5c50ea9481d7bf629', '2018-12-02 23:30:59'),
(180556, NULL, '11726bc7c616939ab6acc357e81d2b5b', '2018-12-02 23:31:01'),
(180557, NULL, '86b33fe0c1ec35bdcf7ca4a2dbd17b9d', '2018-12-02 23:31:01'),
(180558, NULL, '4d2d9d4d374c74bf9f90d4305119a3e2', '2018-12-02 23:31:05'),
(180559, NULL, 'ebe69f63d13328d0ffbdac781847bad8', '2018-12-02 23:32:16'),
(180560, NULL, '2e61ce6eb38402f78fda223d2e15f841', '2018-12-02 23:32:48'),
(180561, NULL, 'a2394fe4b81848e9e24efbbe0c2ce1cd', '2018-12-02 23:32:54'),
(180562, NULL, '18581fe2c3cb31d9f39ffb30a4df4347', '2018-12-02 23:33:06'),
(180563, NULL, '1a208bef0eaac4003f275e441224bd18', '2018-12-02 23:33:19'),
(180564, NULL, 'a3938a1cb199bd704634fc8a8facc777', '2018-12-02 23:33:38'),
(180565, NULL, '00a7f784abebb5cfc44fa94797e8581a', '2018-12-02 23:34:08'),
(180566, NULL, 'b0242246eb6d23c80a3fba34cfc003d8', '2018-12-02 23:34:11'),
(180567, NULL, '80cff9838adb22b187d51310366f6126', '2018-12-02 23:34:14'),
(180568, NULL, '433fc1c0bc39380273335ecde063d47c', '2018-12-02 23:34:26'),
(180569, NULL, 'bc89dc8835947b793e357b47924698e0', '2018-12-02 23:34:48'),
(180570, NULL, '61df7ffc308e14d10eb6ea8c7301f6a1', '2018-12-02 23:34:55'),
(180571, NULL, '2c76218594e29fd05ab4e2e7bb53482d', '2018-12-02 23:34:58'),
(180572, NULL, 'c990034ce9b454acda80cea0a1522e9d', '2018-12-02 23:35:21'),
(180573, NULL, 'b86318479eede06d97385a3a67a939f1', '2018-12-02 23:35:46'),
(180574, NULL, '8d49a4b81e48839167e020e4d49a52c9', '2018-12-02 23:35:47'),
(180575, NULL, 'e79cf65f925c5a0f0168d986411ab318', '2018-12-02 23:35:52'),
(180576, NULL, '70ac578b872a60cae38569caf06a31be', '2018-12-02 23:36:05'),
(180577, NULL, '34d798467ba59bdf2df34986a0d22f92', '2018-12-02 23:36:09'),
(180578, NULL, 'edbd0d80fb2ec11907eac971f6a88f54', '2018-12-02 23:36:17'),
(180579, NULL, '658329721189a72441edf64e50a19353', '2018-12-02 23:36:17'),
(180580, NULL, '52763559da1e4fdc0e6c407349bc00ab', '2018-12-02 23:36:26'),
(180581, NULL, '46342ebe0780cc7dd35141f05a95f6c9', '2018-12-02 23:36:29'),
(180582, NULL, 'a53dffa4ebd1a216751c4c2b47029223', '2018-12-02 23:36:33'),
(180583, NULL, '0bb2cac869993742ffaa9403422aeabc', '2018-12-02 23:36:53'),
(180584, NULL, 'b7f38a84fc70ed3fc9af691204e4073c', '2018-12-02 23:37:06'),
(180585, NULL, '5bf4ddc8264bb947e1482591ef7d916c', '2018-12-02 23:37:11'),
(180586, NULL, 'f2d532f7c29cf0fdf3991b5ef2c38d4c', '2018-12-02 23:37:25'),
(180587, NULL, 'b88b228add532d3480ca82581c31b8d3', '2018-12-02 23:37:57'),
(180588, NULL, 'a54bc082f62a97c63dd1a7538008efbe', '2018-12-02 23:38:15'),
(180589, NULL, '60b61ac0f92a0149d02572d275c37d73', '2018-12-02 23:38:17'),
(180590, NULL, '4f58a0d8da0d80d2d1ba57cccda82237', '2018-12-02 23:38:39'),
(180591, NULL, 'abd062b617f9940251fc0351c7b12a53', '2018-12-02 23:38:58'),
(180592, NULL, 'f08b1106a0c64a426aa9c8dddb295dc3', '2018-12-02 23:39:05'),
(180593, NULL, '5408320936cf9a944bcb94c0f2a46e93', '2018-12-02 23:39:11'),
(180594, NULL, '4f1ca6a0333d893f30f456c6e9ff1141', '2018-12-02 23:39:24'),
(180595, NULL, '2c09390ca43362af823c275e60709ec7', '2018-12-02 23:39:32'),
(180596, NULL, '6724295a0654d5a66c4a456caccac58c', '2018-12-02 23:39:34'),
(180597, NULL, '820142d6497dbe9b136c25c2709fcfa0', '2018-12-02 23:39:38'),
(180598, NULL, '054434dfaa8d32e6bfd3accac20127b2', '2018-12-02 23:39:56'),
(180599, NULL, '5f68d102988ea71a3ad5f50bc7c0d9ea', '2018-12-02 23:40:03'),
(180600, NULL, '66b5cc75c25d6adde6f84294ba980612', '2018-12-02 23:40:12'),
(180601, NULL, 'd0ece07e6a6e0b2465e128ca4370e9da', '2018-12-02 23:40:23'),
(180602, NULL, 'eb040a0a7428c48cc6b1008ad4b5e525', '2018-12-02 23:40:26'),
(180603, NULL, '00d6fd749eb3278ae79c905c7a49c257', '2018-12-02 23:40:31'),
(180604, NULL, 'b997c2dcfd5e7869681abebd4399136e', '2018-12-02 23:40:31'),
(180605, NULL, 'c84d52c4aaf3287caa4354b07304b672', '2018-12-02 23:40:33'),
(180606, NULL, 'a9d0060696aaf6521a8db6386bdf0ab9', '2018-12-02 23:40:41'),
(180607, NULL, 'ce4816422638067bb1b061d76dd5521b', '2018-12-02 23:41:06'),
(180608, NULL, 'f321a72df5315142e22d2d59c62e0ebf', '2018-12-02 23:41:14'),
(180609, NULL, '6ef79ad5505f20384f6e87d2b19157d8', '2018-12-02 23:41:21'),
(180610, NULL, 'c32463f28b3664921eabb04d0b9a555b', '2018-12-02 23:41:30'),
(180611, NULL, '5f7547416e8acdd3b3b9c88f0fa24231', '2018-12-02 23:41:35'),
(180612, NULL, '45c77b2ab59dd12132f48c15ebafedec', '2018-12-02 23:41:37'),
(180613, NULL, '868845124395f031c850065ec9690419', '2018-12-02 23:41:41'),
(180614, NULL, '18030a316687e5306824f8081dc4a384', '2018-12-02 23:41:56'),
(180615, NULL, 'bbb94ea9f4be14fd392957cf6a043e79', '2018-12-02 23:42:18'),
(180616, NULL, 'e0370bf9c3ae45abfe07065fa28f9cc0', '2018-12-02 23:42:25'),
(180617, NULL, '9786343ed873d69e1f51235ab3219bea', '2018-12-02 23:42:47'),
(180618, NULL, '9adeb1e01066ad13951528160c4bae09', '2018-12-02 23:43:06'),
(180619, NULL, 'a0c1e2e42ef98a6edfe606d8bc08ca7b', '2018-12-02 23:43:13'),
(180620, NULL, '434f843e37c363d9aa49713ae67522ce', '2018-12-02 23:43:17'),
(180621, NULL, '62a97ed223e77d7f4fd52e7e644150fe', '2018-12-02 23:43:47'),
(180622, NULL, 'ee5c826ba6472e58e5eeafc0f0303394', '2018-12-02 23:43:54'),
(180623, NULL, '3dac104d97bfd10d4edb3e8042da2c15', '2018-12-02 23:44:00'),
(180624, NULL, '259062c1e7fb1e89cdad5f550806ffee', '2018-12-02 23:44:03'),
(180625, NULL, '12bbfd8b1cc96dd681c13dcdd030bdba', '2018-12-02 23:44:12'),
(180626, NULL, '31af323fcfc6a9597ec5241efb0051e6', '2018-12-02 23:44:14'),
(180627, NULL, '6f277d711bca0495bc40c7f58c11de43', '2018-12-02 23:44:14'),
(180628, NULL, '68ecd60f895ee1c0530ade21b7252bc0', '2018-12-02 23:44:33'),
(180629, NULL, 'd52d16e2f2fdba08e8da43bf7e242898', '2018-12-02 23:44:34'),
(180630, NULL, '2608d0e138277072169f1f8ddd97f2f2', '2018-12-02 23:44:57'),
(180631, NULL, '703b29bffc8f656d6ad3889e82ea4887', '2018-12-02 23:45:20'),
(180632, NULL, '7866d10bf33bfd86f51cd934e71b5426', '2018-12-02 23:45:30'),
(180633, NULL, 'e5619514b6d628cfc4e887d93afacaaa', '2018-12-02 23:46:29'),
(180634, NULL, 'd511d361bbf284ab01d85c1221f75126', '2018-12-02 23:46:33'),
(180635, NULL, 'edc4ded6b1d3c275742da0e87a98dfb6', '2018-12-02 23:46:47'),
(180636, NULL, 'a185df08f52a464e9602617cd7d7f4fb', '2018-12-02 23:46:50'),
(180637, NULL, 'c64c48506c892695193f89e9f58c838f', '2018-12-02 23:46:52'),
(180638, NULL, 'f47e20332c5571a024e0d09445ee283c', '2018-12-02 23:46:53'),
(180639, NULL, 'b987d9a08e87cd548e0a7ad2252a8c77', '2018-12-02 23:47:15'),
(180640, NULL, '02790d53cc2ec0ef9b5f309719f8af88', '2018-12-02 23:47:18'),
(180641, NULL, '960a22a9c473df34937b1c393b49fbe8', '2018-12-02 23:47:23'),
(180642, NULL, '7b5e36632a3c8275a17ebce9128a015e', '2018-12-02 23:47:26'),
(180643, NULL, '528f360ace0ef56b3b9bc7b0a8587da9', '2018-12-02 23:47:35'),
(180644, NULL, '3cec216524b2b4e7d370f32b49a6fbeb', '2018-12-02 23:48:05'),
(180645, NULL, '33cf4fabb21710d0202d852a1190a129', '2018-12-02 23:48:10'),
(180646, NULL, '19747dc2a99dcef78bab326059711f64', '2018-12-02 23:48:13'),
(180647, NULL, '021901e4a8245d197130562fcf571334', '2018-12-02 23:48:15'),
(180648, NULL, '7a4b47dcc1a5468a3c5c9c09654adecb', '2018-12-02 23:48:22'),
(180649, NULL, 'b8301fef7a160d2428f76560e09c7b38', '2018-12-02 23:48:25'),
(180650, NULL, '367606292464b970c1a0d74a4728b8d7', '2018-12-02 23:48:59'),
(180651, NULL, '4a4940f02f373e712b12feb9b8a897a8', '2018-12-02 23:49:09'),
(180652, NULL, '40aceeb4ac166e0e632117dd086826f3', '2018-12-02 23:49:20'),
(180653, NULL, '935b6ee0d1a32d3000ccb34c54b0a914', '2018-12-02 23:49:29'),
(180654, NULL, '3ee33dc4bb3fe9bb178e840f9d985a7e', '2018-12-02 23:49:31'),
(180655, NULL, 'b52b472dcc9072e2e427d53ff301e9ba', '2018-12-02 23:49:54'),
(180656, NULL, 'd51c5d653dea2cd01a618653d974808e', '2018-12-02 23:49:58'),
(180657, NULL, 'a9dea6d045c3f8626cdc251d59e1bb31', '2018-12-02 23:50:00'),
(180658, NULL, '0aac9d285c79db7f94a90d63da081150', '2018-12-02 23:50:03'),
(180659, NULL, 'a17a894f8a011832fc1c87d6280db0c1', '2018-12-02 23:50:03'),
(180660, NULL, '2c989fa23a19b2e136f7210b6aad9c2c', '2018-12-02 23:50:13'),
(180661, NULL, 'df32315d818f70f09da87febbd0fda77', '2018-12-02 23:50:15'),
(180662, NULL, 'f064e82edb31a83a947a17b37f5b53e4', '2018-12-02 23:50:27'),
(180663, NULL, 'a666749a67f28c3e74ef42d7c962b1ea', '2018-12-02 23:50:41'),
(180664, NULL, 'f43bc9d40e255ac890df76412f7bfac9', '2018-12-02 23:50:47'),
(180665, NULL, 'ccc3ec07ce4147a01fb5c1820c663eba', '2018-12-02 23:50:51'),
(180666, NULL, '314e62e43b46ecbe60c59c42f4758dd2', '2018-12-02 23:50:55'),
(180667, NULL, '099ef64614d0b2d29bec20613d6e4e5e', '2018-12-02 23:51:09'),
(180668, NULL, 'ce5dcfd6ad90f9a6de1136267a11bc19', '2018-12-02 23:51:13'),
(180669, NULL, '4f54d0db72acb7b4f6ca034e30834bba', '2018-12-02 23:51:23'),
(180670, NULL, '927288f663729f7df92be45705527451', '2018-12-02 23:51:28'),
(180671, NULL, 'fe2d4a48a1e2f5d8bd4e5ae00edd942d', '2018-12-02 23:51:31'),
(180672, NULL, '7b800d99784243eefc2debfac16facfa', '2018-12-02 23:51:38'),
(180673, NULL, '8db1796c78a9927e0af3405faf952a62', '2018-12-02 23:51:43'),
(180674, NULL, '383737f128abd4d688fd7248ab3a3b01', '2018-12-02 23:51:45'),
(180675, NULL, '0d7331b76f83ea4854355f39628afeb2', '2018-12-02 23:52:05'),
(180676, NULL, '0750c301e31c269df403a9f197681722', '2018-12-02 23:52:08'),
(180677, NULL, 'ea335c53c70ec9333227cb2523616285', '2018-12-02 23:52:11'),
(180678, NULL, 'b1f48d5dc9512fec499da0278e1d146a', '2018-12-02 23:52:12'),
(180679, NULL, 'b92a783f8f8180d92f74c4c9c51e89ec', '2018-12-02 23:52:14'),
(180680, NULL, 'a0d899fb646a04fc72ce51c8c0a2e871', '2018-12-02 23:52:20'),
(180681, NULL, '07c8f861509eac5907478d91ee3a1207', '2018-12-02 23:52:20'),
(180682, NULL, '64c0e1e1d981c76f75a7ac99fb9f6abb', '2018-12-02 23:52:23'),
(180683, NULL, '5bd16396924c4dcad075ba192b337403', '2018-12-02 23:52:54'),
(180684, NULL, 'ea13b9eb8c6928cac409217a5e78de23', '2018-12-02 23:52:58'),
(180685, NULL, 'e80164aa28b213544e0e928eb379862e', '2018-12-02 23:52:58'),
(180686, NULL, '5b63f61bd1a83ad91ae9ba3033b7c9c0', '2018-12-02 23:53:08'),
(180687, NULL, '468fb1f7e91e86f90d9ef79d627dc349', '2018-12-02 23:53:12'),
(180688, NULL, '3e147e30aa43befdeaf50a8e7b00bf22', '2018-12-02 23:53:30'),
(180689, NULL, 'a33a8f2bb732b88f8d823c105b93a68b', '2018-12-02 23:53:31'),
(180690, NULL, 'e2c1e38de81272ab06e5cda474a71526', '2018-12-02 23:53:55'),
(180691, NULL, '64c9720a6cb1cbf418469efffeab71c1', '2018-12-02 23:54:23'),
(180692, NULL, 'f95e831f720aab32846dd4ae9f813f35', '2018-12-02 23:54:45'),
(180693, NULL, 'f0aa513bf65b73849453029232825adc', '2018-12-02 23:54:49'),
(180694, NULL, '8ea4c0844488dc45bca65f815446ab39', '2018-12-02 23:54:50'),
(180695, NULL, '400c4e645e9e634bdee2198536417678', '2018-12-02 23:55:03'),
(180696, NULL, 'b2d9409443737791b009a213a1042fae', '2018-12-02 23:55:05'),
(180697, NULL, 'd7914b9711f430e4d64c193dd7336daf', '2018-12-02 23:55:32'),
(180698, NULL, 'a7a43c7e632080b36fa7f7e4c5fa1436', '2018-12-02 23:55:35'),
(180699, NULL, 'eb93d36f308e742d5c0e789776deb5f5', '2018-12-02 23:55:41'),
(180700, NULL, 'e76740ecce59b28752784d9efd7dab11', '2018-12-02 23:56:11'),
(180701, NULL, '64e92a1f3cb199448b98b5d14156df48', '2018-12-02 23:56:18'),
(180702, NULL, '8e3cd852c670c615c142de9810720148', '2018-12-02 23:56:34'),
(180703, NULL, '26f9bc282180c9c4102548e665679ae4', '2018-12-02 23:56:36'),
(180704, NULL, 'f606be0cc7e859ea61063abd3fb1722c', '2018-12-02 23:56:38'),
(180705, NULL, 'd367d7e1a07b8d7cd0f2e0461117c757', '2018-12-02 23:56:39'),
(180706, NULL, '3f063f67e6374dd19d46132b718bc502', '2018-12-02 23:56:43'),
(180707, NULL, '42b1ec4208dfc821845cd19e2475152e', '2018-12-02 23:56:53'),
(180708, NULL, '410735d2df0556d57770cdcd396f1dcb', '2018-12-02 23:57:02'),
(180709, NULL, '54c657c8073aeb98372282f5f19984a8', '2018-12-02 23:57:30'),
(180710, NULL, '738155b171f270a73f7bba4cb872e782', '2018-12-02 23:57:35'),
(180711, NULL, '02f737da0e5ebe428db02ee478e5ae5a', '2018-12-02 23:57:48'),
(180712, NULL, 'ffc3477adf5b13dd741575887a234c78', '2018-12-02 23:58:05'),
(180713, NULL, 'b7904064835e16832f143577b9d0ee04', '2018-12-02 23:58:12'),
(180714, NULL, '60338181d48289cf182bc652e960550d', '2018-12-02 23:58:16'),
(180715, NULL, 'c017ce0c2518bed86f7048b768a34123', '2018-12-02 23:58:19'),
(180716, NULL, 'cd5aca241c815d1873294be94f661241', '2018-12-02 23:58:25'),
(180717, NULL, 'c4ce06fefdb68208cdaf420bbaf663b0', '2018-12-02 23:58:37'),
(180718, NULL, '01f5468dfe2c14eb71746167ada722a4', '2018-12-02 23:59:05'),
(180719, NULL, '924e4649472b38266b5fce1efd6d4039', '2018-12-02 23:59:07'),
(180720, NULL, '2332e9934a0436ed6789703eb1294ded', '2018-12-02 23:59:10'),
(180721, NULL, '16588b3b1ee27d1fb6093aee5651e97c', '2018-12-02 23:59:12'),
(180722, NULL, '95a956c22b8ba3ddf164c762c06559c0', '2018-12-02 23:59:30'),
(180723, NULL, '40a2d05fcae850bd0b3867f29c9b8f0c', '2018-12-02 23:59:32'),
(180724, NULL, '42dcae2526e7547acedba8285f6df9f1', '2018-12-02 23:59:41'),
(180725, NULL, 'cdadad3c7116a698e64829332ba5c870', '2018-12-02 23:59:53'),
(180726, NULL, 'c555d244d6041f76c7b1bec14f354430', '2018-12-03 00:00:00'),
(180727, NULL, '0bf1d12580ce38955a3f76ebd2d0d21c', '2018-12-03 00:00:03'),
(180728, NULL, '50b6ab473b2a79d4d4c416bb341cf9ef', '2018-12-03 00:00:17'),
(180729, NULL, 'cabd0bda89c90026e81f081dcb7f6104', '2018-12-03 00:00:18'),
(180730, NULL, '01ab2b47c97ab0661f32976e99d1d910', '2018-12-03 00:00:39'),
(180731, NULL, '014259f300a9b91105828b35e06f26e3', '2018-12-03 00:00:40'),
(180732, NULL, 'f13d360a9f1fd43bfa3b7f505fee01ad', '2018-12-03 00:00:53'),
(180733, NULL, '543f3092873ba9eaaafd6f33d41003c1', '2018-12-03 00:01:12'),
(180734, NULL, 'ef6a3306b2ebe2d953cf466e5e718b55', '2018-12-03 00:01:28'),
(180735, NULL, '33b86a1d90c9139ab7b0abb2c125c3ff', '2018-12-03 00:01:29'),
(180736, NULL, '12da2df86fd4bfdc3891ed3937d0c99c', '2018-12-03 00:01:32'),
(180737, NULL, '320b5d7a057e2b1903a42d7127cc65f2', '2018-12-03 00:01:33'),
(180738, NULL, '984588e961d143aafa2d54fa5d79cdc0', '2018-12-03 00:02:12'),
(180739, NULL, '673d1bceee98f82afea84beda9e573d8', '2018-12-03 00:02:20'),
(180740, NULL, 'a5fdbee8fb753f19bd74199ed94a72af', '2018-12-03 00:02:25'),
(180741, NULL, '22fd4d5d32feb55a265ae8011bc20166', '2018-12-03 00:02:27'),
(180742, NULL, '3e719221f783a53c801b6e75822e6b95', '2018-12-03 00:02:27'),
(180743, NULL, '2b04ba82519d6dcfe1a912a2e1fbdede', '2018-12-03 00:02:29'),
(180744, NULL, '7ae3acc12d964b74508353651477392c', '2018-12-03 00:02:33'),
(180745, NULL, '7c2db9eaca14549b70f24cc71b500813', '2018-12-03 00:02:42'),
(180746, NULL, '40012a28a72fce71ea92215aa96b84a8', '2018-12-03 00:02:43'),
(180747, NULL, '60bdb0d322fa0b0229c3b919103db871', '2018-12-03 00:02:45'),
(180748, NULL, '16b458efa3709a4e89b1818507faa331', '2018-12-03 00:03:09'),
(180749, NULL, '931a8d17e7f5b97c96da807c47b98fe1', '2018-12-03 00:03:13'),
(180750, NULL, 'f7c08595d76921a5877f73603fad5b7f', '2018-12-03 00:03:20'),
(180751, NULL, 'f88c61e3a0e3500e1805b9785a4c2de2', '2018-12-03 00:03:22'),
(180752, NULL, 'fcd87e105adf7789662ae18e192095f0', '2018-12-03 00:03:49'),
(180753, NULL, 'aed5fd1ce0541d066cdca66968f29393', '2018-12-03 00:03:51'),
(180754, NULL, 'd142c3dbb0b8e2a20e16e66911f91438', '2018-12-03 00:03:55'),
(180755, NULL, '507dcfcb1dc185d84ada3f16eb4ed00e', '2018-12-03 00:04:06'),
(180756, NULL, 'dfe33169908550a45c6f876dd6ab8c7e', '2018-12-03 00:04:10'),
(180757, NULL, '155e24819f78acbb625592a7e26bfee3', '2018-12-03 00:04:15'),
(180758, NULL, '5794fc8991f614373fb7d29320c67e79', '2018-12-03 00:04:35'),
(180759, NULL, '8ff829c8dfa348d9208d5de5f7427871', '2018-12-03 00:04:40'),
(180760, NULL, '753f67e35a9ab0be192c973acd58e8ca', '2018-12-03 00:04:40'),
(180761, NULL, 'c4d617279013890da7b3889c1ad32975', '2018-12-03 00:05:07'),
(180762, NULL, '3485e8f9f2d18dff63082b6ea149a7db', '2018-12-03 00:05:07'),
(180763, NULL, '4e4a4af28007a8a0f229c4b99c934024', '2018-12-03 00:05:24'),
(180764, NULL, 'e32662835fe9d0403191071ba43605c5', '2018-12-03 00:05:24'),
(180765, NULL, '4833c56827d06bcd9668987977a3b8d2', '2018-12-03 00:05:26'),
(180766, NULL, '2944fe4ca93bddb051dd3c3653ed9406', '2018-12-03 00:05:36'),
(180767, NULL, '48d5cb4b83feb2bb0e4be2b21d0f7375', '2018-12-03 00:05:57'),
(180768, NULL, 'cd07b085e62d1b1a5fffed89e2a52bb9', '2018-12-03 00:05:59'),
(180769, NULL, '420f6cc0cd536949bb51f01e728f7748', '2018-12-03 00:06:15'),
(180770, NULL, '32bf137e498dff010aae7149c64c576d', '2018-12-03 00:06:17'),
(180771, NULL, '86af7fc0c393422c53e5ee5d95e08e6e', '2018-12-03 00:06:22'),
(180772, NULL, '9dac03b1cd0a6537ff6cd53a598aea71', '2018-12-03 00:06:34'),
(180773, NULL, 'aecb933d31b9b786a665e54dc3d9e2ec', '2018-12-03 00:06:39'),
(180774, NULL, '0065026a5893a4df96f49277c13f40a7', '2018-12-03 00:06:43'),
(180775, NULL, '245c15f35048ac4ec3ca024a458ff006', '2018-12-03 00:06:53'),
(180776, NULL, '5d2149953eabc72b95e4d0903f23a20c', '2018-12-03 00:06:55'),
(180777, NULL, '5a4edfc1c9a6a8bdc15e09fe548ce5bb', '2018-12-03 00:06:56'),
(180778, NULL, '22faedc3130eddc1095c082b041ac2dc', '2018-12-03 00:07:00'),
(180779, NULL, '283cc7bc226a4fc0792f9bb038999deb', '2018-12-03 00:07:03'),
(180780, NULL, 'd82589435f108dfc6b01bf8aca703b64', '2018-12-03 00:07:08'),
(180781, NULL, '7ec527ea563b9454a31fb37c8dc5c8d8', '2018-12-03 00:07:13'),
(180782, NULL, '282248b6ee130dcc5a4c7ec24ac1e783', '2018-12-03 00:07:14'),
(180783, NULL, '3b3e15eb417a3e124bc4d4db51753aab', '2018-12-03 00:07:15'),
(180784, NULL, '63073e2dcfdb76f5b04cbfc3f6b655c5', '2018-12-03 00:07:29'),
(180785, NULL, 'bcf1c9bc53046182dba47c42d6a1c100', '2018-12-03 00:07:32'),
(180786, NULL, 'e82f285f1145da7ded4520f361f9b44b', '2018-12-03 00:07:34'),
(180787, NULL, 'bf8c039d48a1e0d4010cc1d70322525b', '2018-12-03 00:07:35'),
(180788, NULL, 'bc54c3a1e711d1397add4b53160cfb02', '2018-12-03 00:08:05'),
(180789, NULL, '65983c0a2c20629bf1db042744246f89', '2018-12-03 00:08:46'),
(180790, NULL, '3ce6e21a7258c661bd42b4af23025142', '2018-12-03 00:08:52'),
(180791, NULL, '558dbbc7bc4046da87a7eccb5dbcc6c8', '2018-12-03 00:09:05'),
(180792, NULL, 'c6fb2c99bf8447a0c35e55165a76baed', '2018-12-03 00:09:29'),
(180793, NULL, '91184a19d424415657b5d846c28649eb', '2018-12-03 00:09:37'),
(180794, NULL, '4d3734a7fde4d5a4fc870b26d789549d', '2018-12-03 00:09:43'),
(180795, NULL, '6586fd132392551836b4c4e62640c0ad', '2018-12-03 00:09:58'),
(180796, NULL, '71e91702f408720e91bbd36ef5345c92', '2018-12-03 00:10:07'),
(180797, NULL, '1aac3c66fa9d18f4ba22a58a62f16e9a', '2018-12-03 00:10:12'),
(180798, NULL, 'ee0ec9b1cc082c5c377f714797ec05b2', '2018-12-03 00:10:14'),
(180799, NULL, 'b4d29133944055595c79ca6c8ee9d9e5', '2018-12-03 00:10:34'),
(180800, NULL, 'd94af3e13b92ff5e80b740d933a0d9b0', '2018-12-03 00:10:35'),
(180801, NULL, '3a48706601c59b28ec52e20bc2394f82', '2018-12-03 00:10:36'),
(180802, NULL, '33b0ac744026653f55d9117ea888de28', '2018-12-03 00:10:44'),
(180803, NULL, '290949a12cd14e1566f33b0fcfe9a519', '2018-12-03 00:11:06'),
(180804, NULL, '48cccac0cc31677397182abdb296c974', '2018-12-03 00:11:41'),
(180805, NULL, '450ff63cb25b0c6cc0908cdd5b62e568', '2018-12-03 00:11:48'),
(180806, NULL, '8a73e82ec24f0af8f71987362ec4720f', '2018-12-03 00:12:05'),
(180807, NULL, '5e41cf9ae9edf04075c81b0a9db5c17c', '2018-12-03 00:12:08'),
(180808, NULL, '31a833b2e9e6fc8ca6228163ac4ee219', '2018-12-03 00:12:28'),
(180809, NULL, 'b4355d410b226223de77764557bd9673', '2018-12-03 00:12:31'),
(180810, NULL, '7047b381d028d6ec8d49e5c081165d90', '2018-12-03 00:13:22'),
(180811, NULL, '2322cc9d59a5f631bd7b9331997f0580', '2018-12-03 00:13:31'),
(180812, NULL, '9b22fc782be0abbf38db73da658504dd', '2018-12-03 00:13:39'),
(180813, NULL, 'd964407798e232fb532f850321097ac5', '2018-12-03 00:13:55'),
(180814, NULL, 'eb7946d9b1e23cb6cf7894ed5e7bc021', '2018-12-03 00:14:04'),
(180815, NULL, '7855f4ce68051565fccd7702f3cdb341', '2018-12-03 00:14:12'),
(180816, NULL, '9b2fa1d113c13dbef59ed7591bdebc64', '2018-12-03 00:14:16'),
(180817, NULL, '7ece8160f2af218395db362b46620bac', '2018-12-03 00:14:30'),
(180818, NULL, '1b211f8744d15e5a3421be3b7b55af2d', '2018-12-03 00:14:58'),
(180819, NULL, '5a4bf07c4e47c1b0c11be16bc8b26267', '2018-12-03 00:15:01'),
(180820, NULL, '4cca51ddab681ce3a719261688c68064', '2018-12-03 00:15:24'),
(180821, NULL, '9ff37213b5423cd6a84cddee01a3c993', '2018-12-03 00:15:38'),
(180822, NULL, '0598783884dfd335728ba042f3c668de', '2018-12-03 00:15:42'),
(180823, NULL, '127bb7e0315e671cc520cfe0ef9d47da', '2018-12-03 00:15:45'),
(180824, NULL, 'e853a60ed4267e21630f91eeedab2a56', '2018-12-03 00:15:47'),
(180825, NULL, 'e4e13e9d32386b3fe1248dd43422aa1b', '2018-12-03 00:16:01'),
(180826, NULL, '5d8160b7a1237dc16a18bae5d40c01a0', '2018-12-03 00:16:03'),
(180827, NULL, '08e579c23f123d8b643937769e2a587f', '2018-12-03 00:16:05'),
(180828, NULL, '7a99baa881311a08269c8d98ef9a0724', '2018-12-03 00:16:07'),
(180829, NULL, '62ffa82bf64000f22b20b86be5b92be1', '2018-12-03 00:16:22'),
(180830, NULL, '58ba62dc47e2cb4c07abfe99ce190b8f', '2018-12-03 00:16:28'),
(180831, NULL, '74be68f14e3bad119f3e583e3e973c5d', '2018-12-03 00:16:38'),
(180832, NULL, '35d7c26c1531f6251583fd2bf50e6b09', '2018-12-03 00:16:40'),
(180833, NULL, '49e001fac688512ecb1b95faead2c149', '2018-12-03 00:16:42'),
(180834, NULL, '3f5a058a46689493dcfc08f7d1ca56b3', '2018-12-03 00:16:46'),
(180835, NULL, '6155d16f1cc87866324b3e9b089c7878', '2018-12-03 00:17:24'),
(180836, NULL, '11e498b6dffd1acf1b1b7fa88e703a57', '2018-12-03 00:17:27'),
(180837, NULL, 'c15a6a75e2a8b6518fb3193f06362dd0', '2018-12-03 00:17:47'),
(180838, NULL, '57bea7eacaffe82094505e82b092a273', '2018-12-03 00:17:54'),
(180839, NULL, '97d8ee166a677a2cb1f74718189c7fb6', '2018-12-03 00:17:57'),
(180840, NULL, 'a71a166b5cda3cf830c567f930c2bc66', '2018-12-03 00:18:17'),
(180841, NULL, 'f8338b10b01195e22039484c40e7a63e', '2018-12-03 00:18:39'),
(180842, NULL, '330d3a9ea9e7ce5c812e05d6b469a95f', '2018-12-03 00:19:05'),
(180843, NULL, '1dbb8eaece9839fbbe11e4fbea44a1fb', '2018-12-03 00:19:05'),
(180844, NULL, 'a3e4d1bac68e8ffdada4783a02d620d3', '2018-12-03 00:19:46'),
(180845, NULL, 'b18f9ae18def803b62320e12ad88736a', '2018-12-03 00:19:48'),
(180846, NULL, '8db21f214f0b1e60ae0ef5ef482b8d01', '2018-12-03 00:20:22'),
(180847, NULL, '5f284fd4358d34921e6d158838fa5961', '2018-12-03 00:20:36'),
(180848, NULL, '91d01859b660d032a8e731f94d4fa692', '2018-12-03 00:20:42'),
(180849, NULL, '7895986992a75f1b469617b82878bbee', '2018-12-03 00:20:46'),
(180850, NULL, '2e484e45d6ea4d44a45cd5de6e2dbcd3', '2018-12-03 00:20:48'),
(180851, NULL, '8981b2be505ccf63bb7cc11c4fb54df4', '2018-12-03 00:20:53'),
(180852, NULL, '19189ebea70732e91a27ce8c14977f5f', '2018-12-03 00:21:10'),
(180853, NULL, '55e18fc637fb7150d508419549e7e4e1', '2018-12-03 00:21:15'),
(180854, NULL, 'd2ac57a994decdb2262342faa44f1aca', '2018-12-03 00:21:19'),
(180855, NULL, '1ecc973c759f13e4d3bb47000ee216fb', '2018-12-03 00:21:43'),
(180856, NULL, '84b91057a9edf2137207694fbfb0dc40', '2018-12-03 00:22:01'),
(180857, NULL, '98ef789919381ce6aaf59d32b0365572', '2018-12-03 00:22:09'),
(180858, NULL, '3b47b0a0bb7c1608a35bb29c40e20f0b', '2018-12-03 00:22:11'),
(180859, NULL, '1abd04ca8583dc09c57eb1aebe6b6068', '2018-12-03 00:22:19'),
(180860, NULL, '79a66546b0619e2f7f4fb8c079d31492', '2018-12-03 00:22:28'),
(180861, NULL, '4eb29e3532466bd3aed2c3d346febc73', '2018-12-03 00:22:30'),
(180862, NULL, '48c69219a790a8c5c0ebdda1ea70bec2', '2018-12-03 00:22:42'),
(180863, NULL, '7075b2c8200d1c77fafd1f613f589e60', '2018-12-03 00:22:44'),
(180864, NULL, '95476e3f5336f159c7f40da77bc5995c', '2018-12-03 00:22:47'),
(180865, NULL, '33ebccdc2a26506bc522c26697376cf0', '2018-12-03 00:22:51'),
(180866, NULL, '56788e0806e33726cec81ec5edbf2596', '2018-12-03 00:22:51'),
(180867, NULL, '348749f8bcff7e5cf905a7622a2eae15', '2018-12-03 00:22:56'),
(180868, NULL, 'bb8e61c7a295fe157527b8bb34c7e2c5', '2018-12-03 00:23:08'),
(180869, NULL, 'b0bc8a4ceba385b6d07b38bd01cfd79b', '2018-12-03 00:23:17'),
(180870, NULL, '94ce7e05122caabc17de37b71fa47d9d', '2018-12-03 00:23:24'),
(180871, NULL, 'd9a04bfcbfbda10576b87dca0a011ad9', '2018-12-03 00:23:48'),
(180872, NULL, '81d74dad4da0088eec9b92b050151fb2', '2018-12-03 00:23:51'),
(180873, NULL, 'e0dcb0eafbc46f1cdea2d407ca47a2ba', '2018-12-03 00:23:52'),
(180874, NULL, 'e0a1311d0c90b1322e03406c887917e4', '2018-12-03 00:23:58'),
(180875, NULL, 'c943a8390e35ffd2fff81f67317bd4fb', '2018-12-03 00:24:21'),
(180876, NULL, '8323ad2d94ccfed64afef9ffccdbec8e', '2018-12-03 00:24:34');
INSERT INTO `customer_visitor` (`visitor_id`, `customer_id`, `session_id`, `last_visit_at`) VALUES
(180877, NULL, 'acdff109802242c64c6bddc40b32a5c0', '2018-12-03 00:24:40'),
(180878, NULL, '48fd375b97982e3a346e6b5b26f4e74b', '2018-12-03 00:24:43'),
(180879, NULL, 'e73189546c6322fb7c10be10237621ef', '2018-12-03 00:25:38'),
(180880, NULL, 'fb0d96ff21f11d6535e70cc3afb8743c', '2018-12-03 00:25:40'),
(180881, NULL, '3eee2fcffbcde3a90c203d45abd0dd99', '2018-12-03 00:25:43'),
(180882, NULL, 'd52aa067f3f7c7c44ef257c7cf585314', '2018-12-03 00:25:46'),
(180883, NULL, '78d87af9fa9488bd76f149b53d0dc5d5', '2018-12-03 00:25:58'),
(180884, NULL, 'bf25c85305dc251a28b382f16b768374', '2018-12-03 00:26:03'),
(180885, NULL, '7dd25c02e697401bfb3c837568808592', '2018-12-03 00:26:26'),
(180886, NULL, '49119167a4191e229b226aac0eee9a56', '2018-12-03 00:26:35'),
(180887, NULL, '4523e091a39700f0167313a6316269f7', '2018-12-03 00:26:39'),
(180888, NULL, '08c46f4de289dfec1bc9b50fec897298', '2018-12-03 00:26:42'),
(180889, NULL, 'b3af8a8ca21a4d5d0745bf1740baad53', '2018-12-03 00:27:06'),
(180890, NULL, 'd76135764f66dd2ac2aeecaab61b443e', '2018-12-03 00:27:09'),
(180891, NULL, 'f243d7b97855d8b539e222c937964a81', '2018-12-03 00:27:12'),
(180892, NULL, '05e65c67635a77081e9d0c977ce8719c', '2018-12-03 00:27:23'),
(180893, NULL, '4dd3a83cd215dd49286b2fa5520ec82f', '2018-12-03 00:27:26'),
(180894, NULL, '984eaa8675720b624d621dcf31ca7ec5', '2018-12-03 00:28:33'),
(180895, NULL, '0552aabef72987538b08ffce29499857', '2018-12-03 00:28:40'),
(180896, NULL, '9b254c037665c7e7ea384e870abadf78', '2018-12-03 00:28:43'),
(180897, NULL, '28898bf2d18de6296a4f29f8f3391a4b', '2018-12-03 00:29:05'),
(180898, NULL, '5e6b8c1b189240087b6c15510d2cfae4', '2018-12-03 00:29:09'),
(180899, NULL, '912b217b908265b7eb0afaddf9ce44bb', '2018-12-03 00:29:12'),
(180900, NULL, '3f150f9ba70505613e6bd71ccbad3054', '2018-12-03 00:29:14'),
(180901, NULL, '3af935f5ec4d2d0cdf1fdc025b8a1f30', '2018-12-03 00:30:04'),
(180902, NULL, '4f199757773435639526432fd9c482d3', '2018-12-03 00:30:06'),
(180903, NULL, '76ca774e825e877cd3bf2a80caba143e', '2018-12-03 00:30:06'),
(180904, NULL, 'abe76ace0123247d14f714661eaf5917', '2018-12-03 00:30:09'),
(180905, NULL, '0ce91907d22d55a26eac7357f6c748ab', '2018-12-03 00:30:16'),
(180906, NULL, 'c72f75bbe9500a3d342763a93b41884b', '2018-12-03 00:30:46'),
(180907, NULL, 'd01623b8aaa288876703525cae1c5aba', '2018-12-03 00:30:47'),
(180908, NULL, 'a86551c2625ec8c4cdf579e3021aaa9f', '2018-12-03 00:30:48'),
(180909, NULL, 'f325a29ee8155553968fa0cbf9b38f38', '2018-12-03 00:30:49'),
(180910, NULL, '245c7f2f9bbb72e1b09873f020dd96d6', '2018-12-03 00:30:54'),
(180911, NULL, '16cf2d7a83ead6e1aa56bf39d596e4ae', '2018-12-03 00:30:55'),
(180912, NULL, '58fde20f8c1ce28e248300ac706bb755', '2018-12-03 00:31:15'),
(180913, NULL, '3ef0e896dbd66fc966431444308c941b', '2018-12-03 00:31:22'),
(180914, NULL, '885317d8a1c0e321421e387069f7ff79', '2018-12-03 00:31:25'),
(180915, NULL, '5bbd326d0b794de856adc25785a6d978', '2018-12-03 00:31:32'),
(180916, NULL, '7f83a830011f7dba8ad94b852531151d', '2018-12-03 00:31:42'),
(180917, NULL, '6c963576500669a346669d4d51f1d79f', '2018-12-03 00:31:45'),
(180918, NULL, '7a347016e27cbb0facca32b26abc0832', '2018-12-03 00:31:48'),
(180919, NULL, '5cbe3c780f4228cdbc7defe3ee64ea19', '2018-12-03 00:31:52'),
(180920, NULL, '973b4068212aaaad488417ac8c7b028f', '2018-12-03 00:31:53'),
(180921, NULL, '7f64aa7f86e94f5f62e0c29eb2e4f14c', '2018-12-03 00:31:55'),
(180922, NULL, '47de8bbfd250282355c5cda386f24b84', '2018-12-03 00:32:09'),
(180923, NULL, 'c0d7ecf57785b7a4b2681a4272a08806', '2018-12-03 00:32:22'),
(180924, NULL, '001ae012e7f47eeac5ba775cc4917957', '2018-12-03 00:32:28'),
(180925, NULL, '4e70a96f5dfe91126b71befc20124997', '2018-12-03 00:32:35'),
(180926, NULL, '5e6af3fb55c0770a64ecb4f182d358a1', '2018-12-03 00:32:40'),
(180927, NULL, 'e64ea15be410939d342e3982cabc6176', '2018-12-03 00:32:45'),
(180928, NULL, 'bc98ffcad175f7ba926c62fa1b69d903', '2018-12-03 00:32:46'),
(180929, NULL, 'f3993521bbc20bdd1a8f28edb8006df9', '2018-12-03 00:32:48'),
(180930, NULL, '43c8cd51d7247be38b5947d238d0153d', '2018-12-03 00:32:51'),
(180931, NULL, '6f650884a082a6a47b4c535e3fb43ce1', '2018-12-03 00:33:01'),
(180932, NULL, 'b1f5ae50ef8e0280e5c0f5fccd687392', '2018-12-03 00:33:07'),
(180933, NULL, 'ce2c2840239084c90fc0e0573feea81e', '2018-12-03 00:33:24'),
(180934, NULL, '4f8d89a1cf9920476aa824ccd3819061', '2018-12-03 00:33:28'),
(180935, NULL, '0f5bc5d14eb0c1d5bf27e8891cbf3b0c', '2018-12-03 00:33:39'),
(180936, NULL, '1e674c52626575420c4a47723e29ed6d', '2018-12-03 00:33:41'),
(180937, NULL, 'f0f6460063625f912548051b239c642d', '2018-12-03 00:33:58'),
(180938, NULL, '85ed2aedf45cb06236c1620a67914a6b', '2018-12-03 00:34:00'),
(180939, NULL, 'bce9e25ec6de675c0f9f1431b01aa90a', '2018-12-03 00:34:13'),
(180940, NULL, 'c6a353f47ff5abb4a11025bbbaa2c492', '2018-12-03 00:34:16'),
(180941, NULL, '52f3b4114fb086ed0a17b7e85729b51b', '2018-12-03 00:34:18'),
(180942, NULL, '7d3d91fa42e2a567316cfa806ac7074d', '2018-12-03 00:34:31'),
(180943, NULL, '56ed356f6fd9e6ba42d2179426394509', '2018-12-03 00:34:37'),
(180944, NULL, 'de37466fbb5723bdafed779c3d30fe43', '2018-12-03 00:34:42'),
(180945, NULL, '982fc4c4d6982bba6a34b69353fe0c74', '2018-12-03 00:34:52'),
(180946, NULL, '7e191e31ca49b1ec66467b8041be3412', '2018-12-03 00:35:03'),
(180947, NULL, '4a2e7ef7bcd34346c05068c9b4843cff', '2018-12-03 00:35:14'),
(180948, NULL, 'ace8e5fe5da2ac89e6fcfaee14ff71c9', '2018-12-03 00:35:32'),
(180949, NULL, '718398281ff9f308953ccbb6d4c20219', '2018-12-03 00:35:36'),
(180950, NULL, '2fd02353bec997506dd6ab5cbb70e3d4', '2018-12-03 00:35:42'),
(180951, NULL, 'f51700240a82fd71eee61b685aca539e', '2018-12-03 00:35:39'),
(180952, NULL, 'e0b5795283ef128f63cd4970e3cf89a2', '2018-12-03 00:35:55'),
(180953, NULL, '3c20e59aadc82480b217f1d6d3f4cd21', '2018-12-03 00:35:59'),
(180954, NULL, 'f799dfba43e5a3a5b815f0894ecd7c14', '2018-12-03 00:36:35'),
(180955, NULL, '4050a5081edd3b202c291cca7aea49f9', '2018-12-03 00:36:39'),
(180956, NULL, '6ff3187a25e5f0083bc117834b8da209', '2018-12-03 00:36:44'),
(180957, NULL, '0883ab3973180a4b41c36b5e7e4e2e85', '2018-12-03 00:36:52'),
(180958, NULL, 'b69559b0fe3c899c64962b649b87e513', '2018-12-03 00:36:54'),
(180959, NULL, '07ac6588e4b9dbaa6dbc28005dd59e2f', '2018-12-03 00:36:55'),
(180960, NULL, 'a07ceb2903c7886367f9f509ea20071f', '2018-12-03 00:36:57'),
(180961, NULL, '2bbf83bcbabe1343938b06dc2fa0bd00', '2018-12-03 00:37:10'),
(180962, NULL, '618a76abf70bf675273802777c208956', '2018-12-03 00:37:20'),
(180963, NULL, 'a573a0eb8a2bf7c7de1aba8ce90bd19c', '2018-12-03 00:37:35'),
(180964, NULL, '542c2643431f7c64fd87de45719766d2', '2018-12-03 00:38:05'),
(180965, NULL, 'a2eb43b3e4cf554b4fe84827f5fcec3d', '2018-12-03 00:38:08'),
(180966, NULL, '682abbb69c49807cf346b2f6f8aa3909', '2018-12-03 00:38:12'),
(180967, NULL, 'b72879ae136f4d7442800af9a0c14c34', '2018-12-03 00:38:15'),
(180968, NULL, 'dcf98d52ec707f363ba6d21df417b788', '2018-12-03 00:38:17'),
(180969, NULL, '58c56119bcec25f4c4b2435f8da54ac7', '2018-12-03 00:38:27'),
(180970, NULL, '58e89f465cbeea4852ac6dc63ac05973', '2018-12-03 00:39:01'),
(180971, NULL, '8a1b9739c2d516e09eb04ba92a1d570c', '2018-12-03 00:39:05'),
(180972, NULL, 'a491e2e3b081e1a47b03fc4aa2599c4d', '2018-12-03 00:39:06'),
(180973, NULL, '081a8bb099bd7f407d37ba11cc9b029d', '2018-12-03 00:39:20'),
(180974, NULL, '31981dd3df0b1ace02986016750a769c', '2018-12-03 00:39:56'),
(180975, NULL, '63f796e836ba36e138a9d794f844b9ad', '2018-12-03 00:40:00'),
(180976, NULL, '0f078e1fb9af2a74b705215d124239bc', '2018-12-03 00:40:07'),
(180977, NULL, '3b0136b90ceedbc95a2d4a3bbe76c083', '2018-12-03 00:40:11'),
(180978, NULL, '160a1f6212faeb6a8e9e30378c25b9f0', '2018-12-03 00:40:25'),
(180979, NULL, '470e8bbc1f049f6583e92f70bb04a43e', '2018-12-03 00:40:36'),
(180980, NULL, '4ff963ec72f22b10714835f84be1d907', '2018-12-03 00:40:47'),
(180981, NULL, '80e9adbb580d17a4c1dced7b870c6eb8', '2018-12-03 00:41:00'),
(180982, NULL, '212b02a3102f5e2818776a8e5d3ad178', '2018-12-03 00:41:02'),
(180983, NULL, '54daed73d97366b2b66eb07f3a5789a8', '2018-12-03 00:41:13'),
(180984, NULL, '59f27820ce791f70bbc285052bdfc8d2', '2018-12-03 00:41:14'),
(180985, NULL, 'ce08ee9e402fc47611cbb2d1c025cc98', '2018-12-03 00:41:30'),
(180986, NULL, '23d55b8ded62c07443fce2801ed3c206', '2018-12-03 00:41:32'),
(180987, NULL, 'e1cdd620d099a3e14d27b67d0e652748', '2018-12-03 00:42:05'),
(180988, NULL, 'e1fe620ba6a4bb4161db4f061babacc0', '2018-12-03 00:42:29'),
(180989, NULL, 'acb78270f37bc8c24b04f4c77c13b591', '2018-12-03 00:42:31'),
(180990, NULL, '4f5f9f13594642e62c1463df3aa2718e', '2018-12-03 00:42:35'),
(180991, NULL, '72b865af396bd3fcd92dbe21a57e3913', '2018-12-03 00:42:36'),
(180992, NULL, '56b3af6f29213c3ec38ad2346ce4b462', '2018-12-03 00:42:37'),
(180993, NULL, 'e159fdacd86d0049445841dc5a16dff2', '2018-12-03 00:42:39'),
(180994, NULL, '0b7b628118e5ea0ee0a8a6e55defb129', '2018-12-03 00:43:00'),
(180995, NULL, '907457effc728833a3a0e1d9a701ecad', '2018-12-03 00:43:04'),
(180996, NULL, '2dd524b781e5bb1bd5cf5c0580b2e244', '2018-12-03 00:43:35'),
(180997, NULL, '885431c30fc0337b00e01bc85160ca13', '2018-12-03 00:44:29'),
(180998, NULL, '7078fef7fa41213f61e7e6497cab3b65', '2018-12-03 00:44:33'),
(180999, NULL, 'da0587146bef2da70573561c4b40f02f', '2018-12-03 00:44:36'),
(181000, NULL, 'fdf2c884b438a3dfd420a0cbdcf05618', '2018-12-03 00:45:07'),
(181001, NULL, '5d7d91c62311f077c831a8233e6d94af', '2018-12-03 00:45:08'),
(181002, NULL, '2206bd52a1c4921364ffddd4800bbe7d', '2018-12-03 00:45:21'),
(181003, NULL, '6b68f70a0db6029e45681013e82bcfd2', '2018-12-03 00:45:24'),
(181004, NULL, 'dd0b2a6006cc8830a8b1208d14badd95', '2018-12-03 00:45:37'),
(181005, NULL, '540dec66fb0bf41c904b2e9ae86e8194', '2018-12-03 00:45:41'),
(181006, NULL, '65324fb27427facf69e948ba8faa8162', '2018-12-03 00:45:58'),
(181007, NULL, 'fdf86a3797d9c06f8b8fcb49e9367ff1', '2018-12-03 00:46:02'),
(181008, NULL, '4e6a26f305868759c4e399203ead8f6a', '2018-12-03 00:46:12'),
(181009, NULL, 'cb1ff7e2e8d78e8aa4d29ddc3e70189e', '2018-12-03 00:46:13'),
(181010, NULL, '0e3fb61ef11c2acfddacfc089d388bcc', '2018-12-03 00:46:16'),
(181011, NULL, '52d67d9a1e8eec06755a622af9e70e0f', '2018-12-03 00:46:20'),
(181012, NULL, '12280e9a3b3d9c16a7e61271e56f8693', '2018-12-03 00:46:26'),
(181013, NULL, '0d7d7b58c180c9462d4f22367f134691', '2018-12-03 00:46:47'),
(181014, NULL, 'fd1a1963365afbc4cf2b8ca856b79fb4', '2018-12-03 00:47:03'),
(181015, NULL, 'bbb1d6b53bbd4b621bc381b7db4a3605', '2018-12-03 00:47:17'),
(181016, NULL, '6e104a984a343491e2ec1afb26d16341', '2018-12-03 00:47:27'),
(181017, NULL, '44b4f96dfd987a4143cd7f047ec54760', '2018-12-03 00:47:41'),
(181018, NULL, 'f608654d58a1f2928bced5f67816aa60', '2018-12-03 00:47:42'),
(181019, NULL, '265beffd659f1daee3c8f30e4fe45d6d', '2018-12-03 00:47:46'),
(181020, NULL, '445c6db3b304b770df53deab8b1f95c8', '2018-12-03 00:47:47'),
(181021, NULL, '57d66db4e40c303865b1ffead0fd2109', '2018-12-03 00:47:49'),
(181022, NULL, 'd22beadd70a99550b87effce40cf3c64', '2018-12-03 00:47:51'),
(181023, NULL, '932ebfc880475350975f031e72a85f99', '2018-12-03 00:48:18'),
(181024, NULL, '9160fe68fa25400e95069dbedb3373fd', '2018-12-03 00:48:21'),
(181025, NULL, 'ede23eb61180dfe0e7caf976cd33fed2', '2018-12-03 00:48:37'),
(181026, NULL, 'cf7a06d30a7af8c53b71775a0165a102', '2018-12-03 00:48:57'),
(181027, NULL, 'dd18d096e656fed03c322c9584518ae1', '2018-12-03 00:49:01'),
(181028, NULL, '8f8e2eaced2752d90d3aed7eaf64da9b', '2018-12-03 00:49:16'),
(181029, NULL, '157d526ae0956b9a613ec68db44d68f2', '2018-12-03 00:49:26'),
(181030, NULL, '7f986fe9b792fc799ecca7e0f60f6ee6', '2018-12-03 00:49:29'),
(181031, NULL, '7c0b32cc8c9f684a995f30beb9719e40', '2018-12-03 00:49:33'),
(181032, NULL, '1de828e3a230a656cc6ca5b7bb17b43a', '2018-12-03 00:49:42'),
(181033, NULL, '67c25d16dd8826271bc966734243af5e', '2018-12-03 00:49:47'),
(181034, NULL, 'ac2545fafd367fa867d3ca89f1f395a7', '2018-12-03 00:49:51'),
(181035, NULL, 'a2e8e3562952ed9125a63b61091e581e', '2018-12-03 00:49:51'),
(181036, NULL, '33a3de56fed9fb616ba6d69c143a03ed', '2018-12-03 00:49:54'),
(181037, NULL, 'd4ec4bcae81299dc1681a48730113972', '2018-12-03 00:49:58'),
(181038, NULL, '020fc4db1092a8f80f5fff2d5556f546', '2018-12-03 00:50:00'),
(181039, NULL, '4a8ff14830b40027f9c88c1c656424b1', '2018-12-03 00:50:06'),
(181040, NULL, '27eb7ea702a5ff5fb4ad3a84f02b79c4', '2018-12-03 00:50:08'),
(181041, NULL, 'c84d33b2f4cf5827fa9d3a1e93c743e9', '2018-12-03 00:50:13'),
(181042, NULL, '1921b4a122afa2cffbfed36f9a236c3a', '2018-12-03 00:50:21'),
(181043, NULL, '817c1cadd4fe7920cc168cbd7bb135c0', '2018-12-03 00:50:24'),
(181044, NULL, '002d5911de4d482cb0b3d5b439941924', '2018-12-03 00:50:43'),
(181045, NULL, 'bacf10e4ce38e8d88c86de113e24961e', '2018-12-03 00:50:47'),
(181046, NULL, 'd850b061a2fecbe0c4e69f6f798588fa', '2018-12-03 00:50:49'),
(181047, NULL, 'ada128a0b7acaa917e9936bbb8960846', '2018-12-03 00:50:53'),
(181048, NULL, '58827ec393bf150eb58359c9085baaf2', '2018-12-03 00:51:01'),
(181049, NULL, '44189b779c5dd2ca85fc7444c2ff81cf', '2018-12-03 00:51:11'),
(181050, NULL, '1cae6a0e74d9ddf2391bb4c25dd60637', '2018-12-03 00:51:26'),
(181051, NULL, '68c880a2645ef34352864c542939abb3', '2018-12-03 00:51:29'),
(181052, NULL, '8a957848a8a37101af7f82efe2664772', '2018-12-03 00:51:59'),
(181053, NULL, '6063d9a66e64a1fa28a41abde358a6c6', '2018-12-03 00:52:07'),
(181054, NULL, 'efd8982de08142f582b5e3fbc8e3781f', '2018-12-03 00:52:12'),
(181055, NULL, '9676b13af3cc8f8bfb390f8c6d2afdb3', '2018-12-03 00:52:16'),
(181056, NULL, 'e167608da50d4d4166b25cfba2cd5a46', '2018-12-03 00:52:28'),
(181057, NULL, 'ae35597a31a988cad5e2ff8b1a9f4b5d', '2018-12-03 00:52:28'),
(181058, NULL, '5fb1d9a2f64790ba454d7dcd6937270d', '2018-12-03 00:52:33'),
(181059, NULL, '00d14fb10111ecdecab45259b247b2a3', '2018-12-03 00:52:33'),
(181060, NULL, 'adea05098b438ab75d1705887b2dc7e2', '2018-12-03 00:52:36'),
(181061, NULL, 'd6aa45b03cc7641a3ec6131944b062c5', '2018-12-03 00:52:39'),
(181062, NULL, 'd10021e3ff4d8a444a5a804c159e06de', '2018-12-03 00:52:51'),
(181063, NULL, '804798d8a3d20905aae89d3fb3048d00', '2018-12-03 00:52:58'),
(181064, NULL, '8e1d9e2347c0b9596ce047cf0fcff79f', '2018-12-03 00:53:01'),
(181065, NULL, '97d8c83384e0302721db45af32970fdf', '2018-12-03 00:53:03'),
(181066, NULL, '5e1ef7e783747c760c826fc6035ebcb1', '2018-12-03 00:53:08'),
(181067, NULL, '7163c0150b556eeb69e2f258ba12d94d', '2018-12-03 00:53:11'),
(181068, NULL, '08a649c274959ac382cc30cacc06ba35', '2018-12-03 00:53:17'),
(181069, NULL, '85337fe3a2d995cd925a8d21f36bcab7', '2018-12-03 00:53:20'),
(181070, NULL, '26b8f76138cb60977d4708b19f5ae7a7', '2018-12-03 00:53:44'),
(181071, NULL, 'c60944ab73c158a01fe92096c82a25cb', '2018-12-03 00:53:46'),
(181072, NULL, '0d2cb21f609aa78910238b204a86f4bd', '2018-12-03 00:53:56'),
(181073, NULL, '7eba9c93798b75840f13770a05b80921', '2018-12-03 00:54:14'),
(181074, NULL, '8ee38277a06321208cf3946227a35b5e', '2018-12-03 00:54:23'),
(181075, NULL, '36da4ff56438f10f6cfa1ea95a1b601b', '2018-12-03 00:54:28'),
(181076, NULL, '7263a391e7331d10460f8bb96153ae35', '2018-12-03 00:54:37'),
(181077, NULL, 'bdfcab7b2975c49493712a9f0e53ff64', '2018-12-03 00:54:39'),
(181078, NULL, 'b887c7835524ea43daa6b82f365c1aa9', '2018-12-03 00:54:59'),
(181079, NULL, '7efd68079b74636e05036c7a38c73d9e', '2018-12-03 00:55:25'),
(181080, NULL, 'd8808d1fec030e5700a1586620c53e40', '2018-12-03 00:55:29'),
(181081, NULL, '9fb6d0bcbae738d64bf3dde380c8b637', '2018-12-03 00:55:42'),
(181082, NULL, '773f10a3e2564c7a98eaee4a26fa6227', '2018-12-03 00:55:59'),
(181083, NULL, 'a7dc4300bf6a6f3eb03f6107400bbc18', '2018-12-03 00:56:15'),
(181084, NULL, '196c148797d41a8f118c18d9335c4f64', '2018-12-03 00:56:31'),
(181085, NULL, 'da756f147e670a0307e58c1270fad1a7', '2018-12-03 00:56:48'),
(181086, NULL, 'd62f2f71a9397bf4f3261aa76d4eb303', '2018-12-03 00:56:54'),
(181087, NULL, '9320757925f9ec57d12f3b4f678f514e', '2018-12-03 00:57:27'),
(181088, NULL, '5eb373a646a828fbc69c044a86bad2d3', '2018-12-03 00:57:31'),
(181089, NULL, '0f119bd58baa6566b8ead3bc70449b47', '2018-12-03 00:57:38'),
(181090, NULL, 'bde3f198d8b8d24301bdcf455761335e', '2018-12-03 00:57:42'),
(181091, NULL, '76c73160e0b6dc00bb166b96f756e7d8', '2018-12-03 00:57:46'),
(181092, NULL, '9ca66be49d24835318894a40f9cbb6f6', '2018-12-03 00:57:53'),
(181093, NULL, '61323b502c5021bfe0f52480d6d52350', '2018-12-03 00:58:21'),
(181094, NULL, '16f9a83d9691744493fde0294495e35d', '2018-12-03 00:58:27'),
(181095, NULL, 'e1870122ada2c35115617a5519ec561b', '2018-12-03 00:58:35'),
(181096, NULL, 'e497d4a6b3e4130f85d111522f27b075', '2018-12-03 00:58:36'),
(181097, NULL, '502b6c8efcd294cb858d0ff251fd5229', '2018-12-03 00:59:02'),
(181098, NULL, '7a46dd0ee12303de6bff85615016bc73', '2018-12-03 00:59:17'),
(181099, NULL, 'd3ccd820020fc58e9a44182501b7140e', '2018-12-03 00:59:53'),
(181100, NULL, '486a946b876d2a108e0cb044c7d5f452', '2018-12-03 00:59:55'),
(181101, NULL, 'f8f79838349b51ae1e7f0a8cd91a7bad', '2018-12-03 01:00:11'),
(181102, NULL, 'fe6000a9533f76fc7710768bf12d3951', '2018-12-03 01:00:14'),
(181103, NULL, 'a0f0d1b23fb6abb9d23b0bb8bba7fd50', '2018-12-03 01:00:15'),
(181104, NULL, '01df0910a4c76d6e3a42ff7dd4eb0ded', '2018-12-03 01:00:21'),
(181105, NULL, 'dfe9a91ba50d803ebebb4e91a70b7599', '2018-12-03 01:00:24'),
(181106, NULL, '903ab4f08729bfc11d38075eda74bb4c', '2018-12-03 01:00:29'),
(181107, NULL, 'b92e860e586ffa3dc1378a22fe15200a', '2018-12-03 01:00:46'),
(181108, NULL, '22b91ad847dbcffc3cb8aee14401b303', '2018-12-03 01:01:00'),
(181109, NULL, '1df8219fbabe4197d510bf466b7b33ce', '2018-12-03 01:01:12'),
(181110, NULL, '63b1e8d2e893dab648840d8702c23938', '2018-12-03 01:01:18'),
(181111, NULL, '58296144cc08ff0ad64dc682b77db432', '2018-12-03 01:01:22'),
(181112, NULL, 'be31aef86a8236f2cb9a9a4efd590885', '2018-12-03 01:01:51'),
(181113, NULL, 'bd50572f8c0b1cee15b200a7d9339a55', '2018-12-03 01:01:58'),
(181114, NULL, '9611a3dae20733995e2ca7ca3bbf6d5f', '2018-12-03 01:02:02'),
(181115, NULL, '9d4e3071208eb3cd91fa6306e47f5878', '2018-12-03 01:02:06'),
(181116, NULL, '23b0882f0ea9d846ccebe6d58b156bf2', '2018-12-03 01:02:15'),
(181117, NULL, 'd6a2325a70f3d77ccb28a94396279504', '2018-12-03 01:02:16'),
(181118, NULL, '96b43dba844a045a87f3a16478af69b4', '2018-12-03 01:02:18'),
(181119, NULL, '9ac35d71f0857d4c2982fb985797f9ca', '2018-12-03 01:02:22'),
(181120, NULL, 'b0f8cb83d2f98b77552e2827bc9dde89', '2018-12-03 01:02:26'),
(181121, NULL, '85446933cec782a1c39ab910b8a3d5ff', '2018-12-03 01:02:49'),
(181122, NULL, 'ea01bdefed2e1aa683e026fcf73a0d12', '2018-12-03 01:02:55'),
(181123, NULL, '566c1880ff33b6da3d9e2a26aac34574', '2018-12-03 01:02:57'),
(181124, NULL, '4f1609005c2f6c6b1cefb3bccb5fec31', '2018-12-03 01:02:59'),
(181125, NULL, 'e4cd49f61412dd9eb318b201db83e3e8', '2018-12-03 01:03:02'),
(181126, NULL, 'c8c279878c1e0ef18441be8f89e5e4eb', '2018-12-03 01:03:06'),
(181127, NULL, '3acc254e7dd38fdd21891d10e2571962', '2018-12-03 01:03:09'),
(181128, NULL, 'c337cbb6e1cfe9d1d1d535e0468b8d5c', '2018-12-03 01:03:11'),
(181129, NULL, '61bdd3b48fbfe9697ab25bfaa4838ac3', '2018-12-03 01:03:40'),
(181130, NULL, '24de659a222253273bd9f5a6a558be7a', '2018-12-03 01:03:43'),
(181131, NULL, 'fe6e6b14a3b08859702fd42d59493f1e', '2018-12-03 01:03:57'),
(181132, NULL, 'ad2735c700e78335acdf3929532a93b2', '2018-12-03 01:03:58'),
(181133, NULL, '3dac8f0aa88275bb37d041f18cdbfc13', '2018-12-03 01:04:00'),
(181134, NULL, '000c458e938cf51aabe456571fa237f7', '2018-12-03 01:04:28'),
(181135, NULL, 'cf9d386d02299c594472238b905ebea1', '2018-12-03 01:04:37'),
(181136, NULL, '4aba9e4bcd0e362f290fa265005979c9', '2018-12-03 01:04:54'),
(181137, NULL, 'df137935b8777f1230d98a83ff2c8f8c', '2018-12-03 01:05:18'),
(181138, NULL, 'd435ea0821854cd7f994aecf15f0a59c', '2018-12-03 01:05:27'),
(181139, NULL, 'ade7288ecaa32ffba3d17c53c9cfd9cb', '2018-12-03 01:05:53'),
(181140, NULL, '3c9c1b03d06f656f5012d384d8c06d25', '2018-12-03 01:06:18'),
(181141, NULL, 'd3c2eb2ed2a948a0846aaf230980c635', '2018-12-03 01:06:24'),
(181142, NULL, '139aca901e9ac61d4bae3941e3db321b', '2018-12-03 01:06:28'),
(181143, NULL, '1c1ab858de82903be4bad4531887238e', '2018-12-03 01:06:36'),
(181144, NULL, '2295ee7360240c66eead26fb28eeb9e1', '2018-12-03 01:06:41'),
(181145, NULL, 'c07a41b4c798f23c636238c62d653df1', '2018-12-03 01:06:43'),
(181146, NULL, '102a6f6f07ded1864ef637d7c57ac742', '2018-12-03 01:07:03'),
(181147, NULL, '743d1b6298688166ce621c712a65121a', '2018-12-03 01:07:12'),
(181148, NULL, '12978842c23246c717ae3ab12fbff8d3', '2018-12-03 01:07:14'),
(181149, NULL, '94debba624a9b656b6f5c221cfb35133', '2018-12-03 01:07:18'),
(181150, NULL, 'aa35fc556daf5679d828cb036b84bc78', '2018-12-03 01:07:20'),
(181151, NULL, 'd98d7244de15c2c7f1a8643e8211bbb7', '2018-12-03 01:07:35'),
(181152, NULL, 'eb09a4d85a5f7882eb923e89ef6a4312', '2018-12-03 01:07:38'),
(181153, NULL, '6f58dc76c43fa323ec16f248b4c1e5a6', '2018-12-03 01:07:42'),
(181154, NULL, '64d4fbbafec665288e7774307a3a150e', '2018-12-03 01:08:01'),
(181155, NULL, 'ba17f633a290b734ed22471f2fa2a8a3', '2018-12-03 01:08:10'),
(181156, NULL, 'e08c6c1f08cd9dc88388a9b02a809c64', '2018-12-03 01:08:15'),
(181157, NULL, '05d35d743aaed4a2921c9c12ce54428d', '2018-12-03 01:08:18'),
(181158, NULL, '4b626242613c6f28decc226cf0a0c2e5', '2018-12-03 01:08:33'),
(181159, NULL, '2d56cc340b4c0825af3fb0e345386802', '2018-12-03 01:08:33'),
(181160, NULL, '31e2cbc4265bfd82b76432af56eb310f', '2018-12-03 01:08:53'),
(181161, NULL, '48494beaeea6a15872609694223f96ce', '2018-12-03 01:08:56'),
(181162, NULL, 'a32fca1fcd8c6beb4912be9e258a81e7', '2018-12-03 01:08:56'),
(181163, NULL, 'e8a2ec25dc3b05485bd48aa35690f5f0', '2018-12-03 01:08:58'),
(181164, NULL, 'b46369264ffbb748d4dcd2bc93b8d7e6', '2018-12-03 01:09:01'),
(181165, NULL, 'b19ebb7805a1eb16a427669fb08f0d01', '2018-12-03 01:09:05'),
(181166, NULL, 'dd9c7558a7486bd6ced21bf139729ca2', '2018-12-03 01:09:08'),
(181167, NULL, 'efee3ac5ecfac7f1f5c50efde55bd2c5', '2018-12-03 01:09:09'),
(181168, NULL, '041613787a6d5f09de396753198f3171', '2018-12-03 01:09:37'),
(181169, NULL, '3dedab01a925795add2b0c506ca93ee8', '2018-12-03 01:09:52'),
(181170, NULL, '5c9c4c103219c8ac70c816f285acbacf', '2018-12-03 01:09:56'),
(181171, NULL, '62ed75ba40a4405cb51cecb10a9a72ec', '2018-12-03 01:29:46'),
(181172, NULL, '59c9779722f90c7cc634471974bf117d', '2018-12-03 01:10:03'),
(181173, NULL, 'ebbe7fa0c3b24f59463a645de6ae2735', '2018-12-03 01:10:21'),
(181174, NULL, '733392f6188d92ca5b3634940ae671dc', '2018-12-03 01:10:28'),
(181175, NULL, '6981780a324d538224c1bf6b789aa3d4', '2018-12-03 01:10:50'),
(181176, NULL, '254ac968a26b219e0861308290cc53a0', '2018-12-03 01:10:52'),
(181177, NULL, 'df061ea784e2dbf83db9f3efedd7171b', '2018-12-03 01:10:56'),
(181178, NULL, '172c5e37e1a259a86cb05e3bfa9332cd', '2018-12-03 01:11:01'),
(181179, NULL, 'ba60955fcc6217cc73611b67ded3c28d', '2018-12-03 01:11:04'),
(181180, NULL, 'f4c29f704697e78d4471520c654c8cd6', '2018-12-03 01:11:10'),
(181181, NULL, '3cdf2b3ed81cbce209a3cca052a389d9', '2018-12-03 01:11:13'),
(181182, NULL, 'c91394e798e1f8b76d66d77d525892eb', '2018-12-03 01:11:52'),
(181183, NULL, '0f60657b3efe83a47776d23b2cb38008', '2018-12-03 01:12:09'),
(181184, NULL, 'f0e610830a5466acbb2f633d43379402', '2018-12-03 01:12:12'),
(181185, NULL, '6f3af4926a477199e5dd5662c95a8623', '2018-12-03 01:12:16'),
(181186, NULL, 'ab3c76334c8fd51ca27f1c2ad9b5481e', '2018-12-03 01:12:18'),
(181187, NULL, '13c574e092f89a4b21ba19df8e36b754', '2018-12-03 01:12:46'),
(181188, NULL, '34e8b032812781928e544089300558a5', '2018-12-03 01:13:02'),
(181189, NULL, '1f268efa39389b79ef789f29724aa524', '2018-12-03 01:13:07'),
(181190, NULL, '8071c2e27a0fed8ca40fcca5bdb231f9', '2018-12-03 01:13:07'),
(181191, NULL, '1f3f4732b8d0fae8b72976f9719365ac', '2018-12-03 01:13:09'),
(181192, NULL, '7a817ce8664f614d30edf469b16f6541', '2018-12-03 01:13:10'),
(181193, NULL, '76785740ae5fa2bd4f3dbdebc3e99bee', '2018-12-03 01:13:14'),
(181194, NULL, '2d0e60fc48fde01ca1e9a2cf0e9c83fc', '2018-12-03 01:13:17'),
(181195, NULL, '98e90b0277d9e4377d330b7071c47bab', '2018-12-03 01:13:38'),
(181196, NULL, 'cc762f166279e0d11eabf3e370db7154', '2018-12-03 01:13:58'),
(181197, NULL, '3d9e0a48b3b5f0ef70888f480f886ef8', '2018-12-03 01:14:06'),
(181198, NULL, '5a5570ae263d082931c3085bc59a9483', '2018-12-03 01:14:09'),
(181199, NULL, '22e70b2083e43daaf36db31d9c57d57a', '2018-12-03 01:14:15'),
(181200, NULL, '9713c8d23fd9e8dff19dbbb89b0e6177', '2018-12-03 01:14:28'),
(181201, NULL, 'dcc3b925d9e40635281d84f851406430', '2018-12-03 01:14:33'),
(181202, NULL, '5ce927b8f88e06cee77b497fe6b703cf', '2018-12-03 01:14:39'),
(181203, NULL, 'd41166c34f498059314f3c8c71727354', '2018-12-03 01:14:40'),
(181204, NULL, '27c10ef6b090cd1c3c289549d495d2e0', '2018-12-03 01:14:48'),
(181205, NULL, '30ebf365120e93c7f59a0a6cc3868d06', '2018-12-03 01:14:50'),
(181206, NULL, 'f3fb003502593cd96f742eee34bb00e9', '2018-12-03 01:14:59'),
(181207, NULL, 'b9c0f492c51e1efe8e9850ab0a41b3fb', '2018-12-03 01:15:04'),
(181208, NULL, '4d953ce7942d2b3c3d2ed2c4a858c14c', '2018-12-03 01:15:13'),
(181209, NULL, '1ab54105de71126077b308f7d37612ca', '2018-12-03 01:15:41'),
(181210, NULL, '05eaeb76a19f7664c8064b0496f620e6', '2018-12-03 01:15:45'),
(181211, NULL, '4967b05c2274dd77e7adfd942b068606', '2018-12-03 01:16:01'),
(181212, NULL, '02eab7e67f28dca5cfda665a5487041e', '2018-12-03 01:16:17'),
(181213, NULL, 'be9ae551067a6adc575721da57011e92', '2018-12-03 01:16:22'),
(181214, NULL, '81d3fb49cdfb0b5ba175674222f6446a', '2018-12-03 01:16:32'),
(181215, NULL, 'bb53bd0205060c905ee608e118c8895f', '2018-12-03 01:16:39'),
(181216, NULL, '3850da601d5674c9d271a0cc85b5c87c', '2018-12-03 01:16:54'),
(181217, NULL, '78b8fb4f2bbb8e6c2f5a0c1179eef156', '2018-12-03 01:17:01'),
(181218, NULL, 'd6bbfd022318b93d3f0ff24b1587bcd1', '2018-12-03 01:17:39'),
(181219, NULL, 'b02603e9b2af15371d713e4c21eade5d', '2018-12-03 01:18:50'),
(181220, NULL, '2deb911392d2c03e289c6b20eb182321', '2018-12-03 01:18:54'),
(181221, NULL, '8999e8bd80372355b27be1775a6d24be', '2018-12-03 01:19:36'),
(181222, NULL, '851859287274ce43c497a209d178e428', '2018-12-03 01:19:57'),
(181223, NULL, 'e10f061e3fd4fc5a8d505ae51ed65429', '2018-12-03 01:20:03'),
(181224, NULL, '6b7d9fc0b60a45ad60f66ce97076474f', '2018-12-03 01:20:06'),
(181225, NULL, '4b623b99a29447b5689138b31dcd3ad1', '2018-12-03 01:20:11'),
(181226, NULL, '45c34a204b2dce5281b5a04560c1234f', '2018-12-03 01:20:13'),
(181227, NULL, 'c670257201bc94ef9e8d4966d5d1db22', '2018-12-03 01:20:33'),
(181228, NULL, '37025a243d3d602110178705cadd0e8f', '2018-12-03 01:20:38'),
(181229, NULL, '44ab98e6a5353745a28e9bd538c663c2', '2018-12-03 01:20:41'),
(181230, NULL, '2a7ed5efd79997dbdc091788106383cc', '2018-12-03 01:21:24'),
(181231, NULL, 'e3398efe2142dd51bee375986c51e667', '2018-12-03 01:21:26'),
(181232, NULL, 'dfa0a7a23d4aa033a0856886b5ab0fcc', '2018-12-03 01:21:27'),
(181233, NULL, '40a5f0a0df5b5cd83e403f9d656b2931', '2018-12-03 01:21:29'),
(181234, NULL, '9e50ffc7b8aba9ccbc2a1c992a82bdb4', '2018-12-03 01:21:33'),
(181235, NULL, '752182de55fd529180664be69ce18c24', '2018-12-03 01:21:37'),
(181236, NULL, 'de56ae061fedef5287bfc88fd7eacee8', '2018-12-03 01:21:40'),
(181237, NULL, '8a3803c4c4cc82bfb5e004f7c7e76a91', '2018-12-03 01:22:04'),
(181238, NULL, '661bece5369469ff76cfe06b30b226e4', '2018-12-03 01:22:12'),
(181239, NULL, '5d02eaf1e547a08d6bac6503a8122738', '2018-12-03 01:22:20'),
(181240, NULL, '84a29ae7a3055bb1ff8a6d67478d324a', '2018-12-03 01:22:25'),
(181241, NULL, '58cb5e61aaff7dae7aed47405cb86b58', '2018-12-03 01:22:28'),
(181242, NULL, 'cbb819b97639ba62fb042a4df331dd07', '2018-12-03 01:22:37'),
(181243, NULL, '5c6a16008592edceab84b1c11a907fe7', '2018-12-03 01:22:53'),
(181244, NULL, 'ac1268e7737452a35a7f997d60b41397', '2018-12-03 01:23:04'),
(181245, NULL, 'b83b225f760a9eae9166768ea633c3aa', '2018-12-03 01:23:12'),
(181246, NULL, '65fd5c7194158adeb445fe23a7d582ea', '2018-12-03 01:23:14'),
(181247, NULL, 'cd1276fb890a97f938d616fcce2d777f', '2018-12-03 01:23:21'),
(181248, NULL, '29ac7074ec3dc9a70aa61c05ba58e195', '2018-12-03 01:23:58'),
(181249, NULL, '5389ef2a87095a7fa90ab7227c6e2df9', '2018-12-03 01:24:50'),
(181250, NULL, 'f3aeb06c0c9b1d1702a3fd27329cbd2f', '2018-12-03 01:25:08'),
(181251, NULL, '051a97249f01b41724deeb3d014bf12e', '2018-12-03 01:25:13'),
(181252, NULL, '6eab780ba0c7f24a239dc1bcbab161bc', '2018-12-03 01:25:32'),
(181253, NULL, 'c2dc18d8847e12be6a2cba70ce41b144', '2018-12-03 01:26:18'),
(181254, NULL, 'b4b2c2d77d0a46b73149bdfba40abfa7', '2018-12-03 01:26:32'),
(181255, NULL, 'cdabe1ab555aa3a3b588bf0b1a59715f', '2018-12-03 01:26:32'),
(181256, NULL, 'f835a244817e2165f334c265c9074bbb', '2018-12-03 01:26:39'),
(181257, NULL, '7b1b4c80970a2ad764cd4601aae49148', '2018-12-03 01:26:42'),
(181258, NULL, 'b0d078afeecfc6c2c39ac1a190e7870c', '2018-12-03 01:27:04'),
(181259, NULL, '70b927b35c4e96fc10d6dc413d477f88', '2018-12-03 01:27:08'),
(181260, NULL, 'c13f999ed62737fe4bcac717d9fa8cd3', '2018-12-03 01:27:13'),
(181261, NULL, '62ebc45a2a8fcf5b3c93aaf1ee12bc10', '2018-12-03 01:27:29'),
(181262, NULL, '2177d59a00f8fb31b3bb1ae2d8db7073', '2018-12-03 01:27:42'),
(181263, NULL, '76b22c39fe20ee18448ea7e8330194c8', '2018-12-03 01:27:44'),
(181264, NULL, '74a2921dc8302a3ca110f2320876792f', '2018-12-03 01:28:13'),
(181265, NULL, '7feea1b11bf7ffe0df150a40febd13f3', '2018-12-03 01:28:15'),
(181266, NULL, '26d643aedf8fa5d085d618cbc7199afb', '2018-12-03 01:28:38'),
(181267, NULL, '39b080e8e952558106be403136438ee4', '2018-12-03 01:28:42'),
(181268, NULL, 'cf9a9908e90b70ba53f9a8dc6e5279b0', '2018-12-03 01:28:46'),
(181269, NULL, '7e0a4ca7384971e5f4ae0dab02f9418e', '2018-12-03 01:29:09'),
(181270, NULL, 'f9f0f07b2fb5bc9581d6b07c80992d79', '2018-12-03 01:29:11'),
(181271, NULL, '2943dd8afe6dba61e2ce7984a4a78a38', '2018-12-03 01:29:36'),
(181272, NULL, '15e2b436fc56cbb2bce193371730b47d', '2018-12-03 01:30:08'),
(181273, NULL, 'd7fee8f6587b2d626d2bb813ae344693', '2018-12-03 01:30:16'),
(181274, NULL, '7a92f9866aefff688d82a643f99fe45c', '2018-12-03 01:30:31'),
(181275, NULL, 'e7593b8a6e945b774d32d629ff49b86c', '2018-12-03 01:30:33'),
(181276, NULL, '649aae56693f0dc3b29ba9386eb2bd4b', '2018-12-03 01:30:35'),
(181277, NULL, 'ca8a16727832d608192c501abd27a4ec', '2018-12-03 01:31:02'),
(181278, NULL, '0ca25eac1863824a3812055dc6e8a1b0', '2018-12-03 01:31:04'),
(181279, NULL, '507d0d2dfff429566e279671b1f6c2cf', '2018-12-03 01:31:19'),
(181280, NULL, '0ee1f25bbac4573a9ee116795a987c59', '2018-12-03 01:31:20'),
(181281, NULL, '92a5dee666afa9fa61f1696918482a23', '2018-12-03 01:31:26'),
(181282, NULL, '7656f35fc5f7133dbaecf17602f10b60', '2018-12-03 01:31:27'),
(181283, NULL, '6f645debb7c02bb5117d96582b538ea3', '2018-12-03 01:31:33'),
(181284, NULL, '7b9459703e5ceaa671a7115465ef2a18', '2018-12-03 01:31:35'),
(181285, NULL, '639e78824d915f12b29dc6904b6670dd', '2018-12-03 01:31:40'),
(181286, NULL, 'ab3277e37d2152c01e0ab2dc6983043f', '2018-12-03 01:31:42'),
(181287, NULL, 'eafc6b32f97785327a53b93e32b5c486', '2018-12-03 01:32:08'),
(181288, NULL, '56ce24b6c75197abc6feacde55028f69', '2018-12-03 01:32:28'),
(181289, NULL, '6df97ad3184c55d5b2adfcb5bf3b8ce9', '2018-12-03 01:32:35'),
(181290, NULL, '50a3feec8ccd2f48e804cda7713a1cd3', '2018-12-03 01:32:37'),
(181291, NULL, '18ed29cf285dc45d5010234e8877552f', '2018-12-03 01:32:43'),
(181292, NULL, '213443d71e28182f6bb8fb478e54bd6f', '2018-12-03 01:32:46'),
(181293, NULL, '1a81259a9b5b5dcf962065f0ef675552', '2018-12-03 01:32:47'),
(181294, NULL, '688552261d6671edea8a9f68bf45845a', '2018-12-03 01:32:49'),
(181295, NULL, '0e0e6430469775c47d3b278476d48258', '2018-12-03 01:32:51'),
(181296, NULL, '46df9e5ba86f8b764b22a50c6a486c44', '2018-12-03 01:32:53'),
(181297, NULL, '06c5d70150f9f3f83782a607f6850686', '2018-12-03 01:32:53'),
(181298, NULL, '34be668484e04da28db41967a03e539e', '2018-12-03 01:32:58'),
(181299, NULL, 'd9bd617cd2b26850b51a93b0efe0ae9e', '2018-12-03 01:33:52'),
(181300, NULL, '007c1c6147d7bbd6c7dddfc75a9f02fa', '2018-12-03 01:34:02'),
(181301, NULL, '3b763ac3269b4b01e03627e977842620', '2018-12-03 01:34:03'),
(181302, NULL, 'b8f8e19fe50f05918fa7b4fa6e90f252', '2018-12-03 01:34:07'),
(181303, NULL, '0a61ba9db7a6a41a319efb44848630ec', '2018-12-03 01:34:49'),
(181304, NULL, '9368a28a97156911dc46b8b639f9ddca', '2018-12-03 01:34:56'),
(181305, NULL, '6eadf45f484f1b69751908c1e02ae26d', '2018-12-03 01:35:25'),
(181306, NULL, '0ea3b0f7a9cc91f6e4fc9e772df0bf81', '2018-12-03 01:35:27'),
(181307, NULL, '162380ba324402b1edafb5935dedca57', '2018-12-03 01:35:34'),
(181308, NULL, '0fd43a32578e7cab4b32cf010fc3dda7', '2018-12-03 01:35:38'),
(181309, NULL, '0b18cdf2a018f5d52a61edc345f34828', '2018-12-03 01:35:46'),
(181310, NULL, '53d0e1e87ae0ea1ea01d18f886fd2fc5', '2018-12-03 01:35:51'),
(181311, NULL, '98b5ad3b28ef546357eeb8dda027915c', '2018-12-03 01:35:52'),
(181312, NULL, '37905226cde983364bba6a8c89c52371', '2018-12-03 01:36:18'),
(181313, NULL, '6ced73377071c6a3754beaa3290239f3', '2018-12-03 01:36:40'),
(181314, NULL, '5840f261480d5dc7779013666246f7f1', '2018-12-03 01:36:43'),
(181315, NULL, '66d86badc201653c2576f132e5526961', '2018-12-03 01:37:17'),
(181316, NULL, 'd4780352c2f86b569edd0c0c4e6104f1', '2018-12-03 01:37:21'),
(181317, NULL, 'c60d77dd138d2a8bac2074eb7373b678', '2018-12-03 01:38:03'),
(181318, NULL, '170da684f41c24cfbdb37657c0fb6517', '2018-12-03 01:38:06'),
(181319, NULL, 'c53d29cfb4a0e8269056cdd1d6e2b00f', '2018-12-03 01:38:08'),
(181320, NULL, '700a885b13329660b914b6cc6b3f7c4d', '2018-12-03 01:38:12'),
(181321, NULL, 'aca103f5c211973744f8a0ef684e383f', '2018-12-03 01:38:15'),
(181322, NULL, '46af5bbf739d4818fb936a4c1cda5a23', '2018-12-03 01:38:18'),
(181323, NULL, '10e8153b7dfd21a15a7e917b68aed28f', '2018-12-03 01:38:55'),
(181324, NULL, 'd5c65e51a3bc53837460f81babc6fe5d', '2018-12-03 01:38:59'),
(181325, NULL, '9ca64e9e421362f23f93b578e6c0f310', '2018-12-03 01:39:02'),
(181326, NULL, 'f5650885f0e0f6ff7b1bc46d556f7384', '2018-12-03 01:39:05'),
(181327, NULL, '1d656ec594d30fc38e574a6617aac40e', '2018-12-03 01:39:16'),
(181328, NULL, 'c7ab3b80eec9aeba3f23cefb0e85cc6d', '2018-12-03 01:39:41'),
(181329, NULL, '9def40332c7ad3d2477205ed7520ceca', '2018-12-03 01:39:59'),
(181330, NULL, 'f475fb39b971ecf3e1fac7438939cc4c', '2018-12-03 01:40:02'),
(181331, NULL, '05c1ee6d0067a03c6bdf3f7b8ccf2704', '2018-12-03 01:40:18'),
(181332, NULL, 'f63514f631d1133d652f0be752e9a928', '2018-12-03 01:40:24'),
(181333, NULL, '945cc2b2ae114d29020d0ab27448af32', '2018-12-03 01:40:24'),
(181334, NULL, 'eb6c250d996e2ce462c6e31fb16cffc3', '2018-12-03 01:40:25'),
(181335, NULL, '633a0c265455da86741f1d3dc2889428', '2018-12-03 01:40:34'),
(181336, NULL, 'bac996586ab38fe2470b1bd4ccf32846', '2018-12-03 01:40:39'),
(181337, NULL, '7e8723660aecedcc23bb92547b6374b4', '2018-12-03 01:40:44'),
(181338, NULL, '1a7645f6d11f5289d1ca238a46aac32f', '2018-12-03 01:41:01'),
(181339, NULL, '8a04495549722aec13037e09d9af35a7', '2018-12-03 01:41:08'),
(181340, NULL, '154db61c018ea4538978518817f57008', '2018-12-03 01:41:11'),
(181341, NULL, '9e4712510a5d2e561e961553b0ee1364', '2018-12-03 01:41:19'),
(181342, NULL, 'f1928f976c0db83a357dcb99fd9af79e', '2018-12-03 01:41:37'),
(181343, NULL, 'f01e606b9d19e3709a44ca49c03c1646', '2018-12-03 01:41:40'),
(181344, NULL, '2ec4fe6176847ffbf9c690ccf0e6b1ce', '2018-12-03 01:41:51'),
(181345, NULL, 'b402b7e4d6953d10c85ba4832644107f', '2018-12-03 01:41:56'),
(181346, NULL, 'c90eba31dac1002c78187e308453e797', '2018-12-03 01:42:13'),
(181347, NULL, 'ea168d14900ce96c3dcbeeec072d8f50', '2018-12-03 01:42:13'),
(181348, NULL, '35a278e25a16de5ab89f98219a1035ff', '2018-12-03 01:42:16'),
(181349, NULL, 'b57d8b605e340126919b62a8337a5075', '2018-12-03 01:42:34'),
(181350, NULL, '6f577a98467894868e76cb9c9185b337', '2018-12-03 01:42:55'),
(181351, NULL, 'ad42598f968cdd44c0bc02428cc65722', '2018-12-03 01:43:25'),
(181352, NULL, 'c026d7aef1c13c97c0fcb486074f2baa', '2018-12-03 01:43:28'),
(181353, NULL, 'a80bd55102721e60465a91861c73d095', '2018-12-03 01:43:28'),
(181354, NULL, '25c5924db9a1a749ca089002269b3591', '2018-12-03 01:43:35'),
(181355, NULL, '3d4b57f59b60d454c630cfade8be3d88', '2018-12-03 01:43:50'),
(181356, NULL, 'c9041b77783d1c13081985068f53149d', '2018-12-03 01:43:58'),
(181357, NULL, '5baf16363925f95f434b6ae4a4a70bc7', '2018-12-03 01:44:00'),
(181358, NULL, '51f014c6c5dd1e69b961135b922eb2ba', '2018-12-03 01:44:02'),
(181359, NULL, '23125b69cc1371cdec15ceeeb14e2bdf', '2018-12-03 01:44:10'),
(181360, NULL, 'b826b4d58b64952f2da315e9a6d36db9', '2018-12-03 01:44:26'),
(181361, NULL, '4ae3c79f183270ed8606d054935c84ca', '2018-12-03 01:44:45'),
(181362, NULL, '71909064145041e7e2fd74d7936cb67d', '2018-12-03 01:45:16'),
(181363, NULL, '8a62bf17cde88abf124de250ebae92ac', '2018-12-03 01:45:29'),
(181364, NULL, 'b4945cd6a4c2da6c4105fb9485ce06d6', '2018-12-03 01:45:36'),
(181365, NULL, '5f4175ae8912604c0fbb6cf26ab67aa5', '2018-12-03 01:45:44'),
(181366, NULL, '3168784961af97a2c33eb5019f2ed7e1', '2018-12-03 01:45:53'),
(181367, NULL, '7a4f9c13737f9a769cc065885a51163b', '2018-12-03 01:45:55'),
(181368, NULL, '6ae6f1128ae74b2b9eaa404df29354df', '2018-12-03 01:46:02'),
(181369, NULL, '07114ed1f51f07f9729f9744bfb9a8ae', '2018-12-03 01:46:10'),
(181370, NULL, '9c6d563e78a5b0107cafade89c150ad5', '2018-12-03 01:46:11'),
(181371, NULL, 'd1c34366f6de9e23dab5814418b15bab', '2018-12-03 01:46:11'),
(181372, NULL, '7d55924672effd8e35cef7d49b48f8d4', '2018-12-03 01:46:48'),
(181373, NULL, 'f166af58c58631236b48f2045b10c5db', '2018-12-03 01:47:00'),
(181374, NULL, 'bf2d7ef355d1cae975273ba82d3a69e4', '2018-12-03 01:47:03'),
(181375, NULL, '2f084df9894696984d66d2cc31436683', '2018-12-03 01:47:25'),
(181376, NULL, '77a6a88ae56cf7eba5a481b005f822cd', '2018-12-03 01:47:56'),
(181377, NULL, '832223387fbdcab95dfb0609cdcd0f3b', '2018-12-03 01:48:00'),
(181378, NULL, '3949e924e9a2e42e54e35abb84e35980', '2018-12-03 01:48:11'),
(181379, NULL, '918315de03e226e49befb689931b529e', '2018-12-03 01:48:14'),
(181380, NULL, '269add30445c3746226ad37074d25d76', '2018-12-03 01:48:28'),
(181381, NULL, '136a09b026ea6f62b7f87e011bf9b7dc', '2018-12-03 01:49:02'),
(181382, NULL, 'e18a676e0562d0681b715ec932768d95', '2018-12-03 01:50:11'),
(181383, NULL, 'b23d3ec30c8b3f73ab33bbf3cca76e0a', '2018-12-03 01:50:16'),
(181384, NULL, 'b314e35e452e048107555b1aec99c89a', '2018-12-03 01:50:17'),
(181385, NULL, 'bc3e23624615cfe2f823edcf86923871', '2018-12-03 01:50:29'),
(181386, NULL, '4d5dcbc383357ece572faf289e49a06e', '2018-12-03 01:50:29'),
(181387, NULL, '9db2c89b259d71f4c74c1f0fc92d7f55', '2018-12-03 01:50:41'),
(181388, NULL, '577321b327c5bd4284868fa692e5fb86', '2018-12-03 01:51:03'),
(181389, NULL, '8d97e356b76097f5b0a968bb5b928a3b', '2018-12-03 01:51:05'),
(181390, NULL, '280221072f40a3fdf55a54aef68e7eb2', '2018-12-03 01:51:21'),
(181391, NULL, '3aeb6512a220ed9f739432f28bc32602', '2018-12-03 01:51:27'),
(181392, NULL, 'ce440dc7428b9e3647e4e4dbec254574', '2018-12-03 01:51:30'),
(181393, NULL, '45fe0eabbdd3f43c079716c010e58f1c', '2018-12-03 01:51:34'),
(181394, NULL, '9723dd2eb4222841408ac71659de1b80', '2018-12-03 01:51:36'),
(181395, NULL, '777839e2268e9edcb628bd7435e00079', '2018-12-03 01:51:50'),
(181396, NULL, 'c834d2aa4e0af7e5dc0bf265f314b559', '2018-12-03 01:52:23'),
(181397, NULL, '6fd69823e84f9c265c75f165cec2c57e', '2018-12-03 01:52:25'),
(181398, NULL, '38d9ffaca1b1d6be32c2d8afe3ad202f', '2018-12-03 01:52:57'),
(181399, NULL, 'e67dc435db424de8a2e77e8bd812914b', '2018-12-03 01:53:04'),
(181400, NULL, '78b4f580c25d8610bd0ffc910cd61ca8', '2018-12-03 01:53:09'),
(181401, NULL, '1a4d561baa1e74ac32e185b5596995e9', '2018-12-03 01:53:20'),
(181402, NULL, '7afbf5bf5cc6fee887eb3adc424d5cc5', '2018-12-03 01:53:36'),
(181403, NULL, '37c5763dd9e8c437cbedd2b5428e4a03', '2018-12-03 01:53:58'),
(181404, NULL, '397f0a7195cda6e918b393e247708cf2', '2018-12-03 01:54:17'),
(181405, NULL, '24cd6f8738c6cf7a0a677b11d6e9cc63', '2018-12-03 01:54:30'),
(181406, NULL, 'c5fac2dd4ee03d7bfdd18350c9631ae2', '2018-12-03 01:54:34'),
(181407, NULL, '1900498af763e3896cc25a588ab4c569', '2018-12-03 01:55:06'),
(181408, NULL, 'ac5154232f6d1d48e00a04b54dd5c8fd', '2018-12-03 01:55:11'),
(181409, NULL, '52302c9e1d1c69b4dc5b14ddd13946f4', '2018-12-03 01:55:14'),
(181410, NULL, '4b4d444e01c88e313cdbc678791e09f0', '2018-12-03 01:55:19'),
(181411, NULL, 'c5cc9df003399173fb23f8e467d9f5d6', '2018-12-03 01:55:23'),
(181412, NULL, '4c7339534262a070b788c157d0c2a246', '2018-12-03 01:55:28'),
(181413, NULL, '826528f14b549838f6596f01a451fb43', '2018-12-03 01:55:47'),
(181414, NULL, '0bddc468750094ff801ba1d836858442', '2018-12-03 01:55:59'),
(181415, NULL, '22bfbf2da77151bdbcf6f4ae1f533faf', '2018-12-03 01:56:07'),
(181416, NULL, '9bb93df7892dbcf0c3c50aa3031b6c05', '2018-12-03 01:56:31'),
(181417, NULL, '722242c4a535467d640dd4145b48768d', '2018-12-03 01:56:33'),
(181418, NULL, '7dd018cee47437d67a5c37f015477403', '2018-12-03 01:56:37'),
(181419, NULL, '34e91e3c93c362244c7c2ca0122b5834', '2018-12-03 01:56:41'),
(181420, NULL, '1568412cbbd7c433d93ffb7fef04b278', '2018-12-03 01:56:43'),
(181421, NULL, 'b8454b274b8319921cecacdcfe44a929', '2018-12-03 01:56:45'),
(181422, NULL, '70e48758caf0988958ea3a5928b04e20', '2018-12-03 01:56:46'),
(181423, NULL, '3c40f362ca88038f108320c027546c42', '2018-12-03 01:56:46'),
(181424, NULL, 'bde412e223cbebcb7d206feb21ecc350', '2018-12-03 01:56:48'),
(181425, NULL, '7c801d229931585b2481e6a52e665d4a', '2018-12-03 01:56:50'),
(181426, NULL, '1056afb5b1a16c416d78c441db2ec948', '2018-12-03 01:56:53'),
(181427, NULL, '71256dba752eb8e12b5c295395b3bd5d', '2018-12-03 01:56:57'),
(181428, NULL, 'e92211d3c52a71ef709e9e305309e69d', '2018-12-03 01:57:03'),
(181429, NULL, '275a518546f90edead30a658d60ba907', '2018-12-03 01:57:07'),
(181430, NULL, '0ba6483e1e47888213685b4df58d973e', '2018-12-03 01:57:14'),
(181431, NULL, '5bb3b3d7a5f82b78fb5805211f14e86b', '2018-12-03 01:57:36'),
(181432, NULL, '8eb427e51cbf1d1063ef908e6a1db4f4', '2018-12-03 01:57:50'),
(181433, NULL, 'fd733bf9890b4977faadc16a4bd0469b', '2018-12-03 01:58:09'),
(181434, NULL, '212e96db7ff1c3c5d9585199d23c6858', '2018-12-03 01:58:19'),
(181435, NULL, '9ab450292a9cbf1e66cf1de7479d15bb', '2018-12-03 01:58:26'),
(181436, NULL, '1c570e32345d50d449f13f10545fa732', '2018-12-03 01:58:42'),
(181437, NULL, '61811e473a2705a9db0a8852ca9ef503', '2018-12-03 01:58:47'),
(181438, NULL, '137e882746197da6d7ccbe91c927b040', '2018-12-03 01:58:49'),
(181439, NULL, 'c0925fb84c0c83a3abf72d02cc9b34e1', '2018-12-03 01:58:52'),
(181440, NULL, '7760a0816451a63eba678af58c5c70b9', '2018-12-03 01:58:56'),
(181441, NULL, '264c55f9697ba7d2587f97a710d1c02c', '2018-12-03 01:59:15'),
(181442, NULL, '58211916ed948964c1a77bcff73bf0a6', '2018-12-03 01:59:30'),
(181443, NULL, '62f9471d345a1b830aecf302fdfaf926', '2018-12-03 01:59:42'),
(181444, NULL, '11f560bdbcb03b4676f7e5cfad05dad5', '2018-12-03 01:59:43'),
(181445, NULL, 'e929c1aa97505a138abe1a9e7c3500b1', '2018-12-03 01:59:52'),
(181446, NULL, '4a3ce4e945d8b1fefa9b1433a04ccb42', '2018-12-03 02:00:12'),
(181447, NULL, '2bf5be7fd0b2e0c9800e1837c3cbf82e', '2018-12-03 02:00:16'),
(181448, NULL, 'ef0cd7ce8e0102d2a0c168a4d8b24f42', '2018-12-03 02:00:19'),
(181449, NULL, '104757a8f231e40e5affc7fff99e7476', '2018-12-03 02:00:30'),
(181450, NULL, '825f7720ee94bc5a617c4f1f090dce4d', '2018-12-03 02:00:32'),
(181451, NULL, '81e3affc9fdc1be4827db8c764840a8a', '2018-12-03 02:00:36'),
(181452, NULL, '2de176d0e19b9cf18acd8d259317a603', '2018-12-03 02:00:37'),
(181453, NULL, 'f5d7393882c425f05228d4bc0e633312', '2018-12-03 02:00:39'),
(181454, NULL, 'fa5f7a3af0eb15d5be0c2b6c54dee69a', '2018-12-03 02:00:43'),
(181455, NULL, '90b8a29c08dd5a2a9bea9bcf1fbda6c9', '2018-12-03 02:00:46'),
(181456, NULL, 'bcc6c775e622a4f8062e65f8e2bdf6dc', '2018-12-03 02:01:11'),
(181457, NULL, '640b692b2b1f6c155c97fd775b449761', '2018-12-03 02:01:13'),
(181458, NULL, 'ae2e40f58b2dfccdf9327bbc91cddf27', '2018-12-03 02:01:17'),
(181459, NULL, 'd3732b94f13c6d419e2ca98a6f0ae55a', '2018-12-03 02:01:18'),
(181460, NULL, '5ced07aa54ea1aca44d71d8dd69528e0', '2018-12-03 02:01:26'),
(181461, NULL, '8db60c8b6e5fba828b6641857e282b02', '2018-12-03 02:01:40'),
(181462, NULL, 'fb8da00385008b51034f9a7887a680d3', '2018-12-03 02:01:54'),
(181463, NULL, '9e59b9fdc5988ffee9c43e0e51def84e', '2018-12-03 02:02:07'),
(181464, NULL, '0b3c25bb7429c5c337dfb6c03359ca11', '2018-12-03 02:02:13'),
(181465, NULL, '3787e8d2aad8e002bdac65b7a09bcef2', '2018-12-03 02:02:16'),
(181466, NULL, 'e6d9bb89a3dcc50bff62739efbc8f40f', '2018-12-03 02:02:20'),
(181467, NULL, 'e0f9b83393d16d8dca707aef8f484c21', '2018-12-03 02:02:24'),
(181468, NULL, 'e765d912b4a0a1f7d7e48350e4c111cc', '2018-12-03 02:02:50'),
(181469, NULL, 'be7be2d9480fa12e9c5726fe166a064b', '2018-12-03 02:03:02'),
(181470, NULL, '42a83fd11938f198110aafcb910ff1d7', '2018-12-03 02:03:07'),
(181471, NULL, '942d4a576ca5e04e47b8ba44f34d901a', '2018-12-03 02:03:16'),
(181472, NULL, '4e35627ddb3f5741e4052a553fc4c607', '2018-12-03 02:03:17'),
(181473, NULL, '00f8354b77605f20ec8b1ebd54c1a961', '2018-12-03 02:03:22'),
(181474, NULL, 'b1990a13a9a45f57e2c8ba65c15ca5cc', '2018-12-03 02:03:57'),
(181475, NULL, '1c38b81bfc0130c8a5014320480efc40', '2018-12-03 02:04:02'),
(181476, NULL, '040141944d5a353ece81fa5115843b7c', '2018-12-03 02:04:05'),
(181477, NULL, '9205ec32460df9c22c0d99814e06f7e9', '2018-12-03 02:04:08'),
(181478, NULL, '6b6bf08f667348f90db0a3901898c397', '2018-12-03 02:04:13'),
(181479, NULL, 'c17a578a469939576e207ae9b15d6649', '2018-12-03 02:04:17'),
(181480, NULL, '69275c39399a901b66a06a978cd777a7', '2018-12-03 02:04:33'),
(181481, NULL, '066c67dcc5f098d9774d705bab1f4674', '2018-12-03 02:04:33'),
(181482, NULL, '7e0a8315910a87c4322f4c25ca0b10b5', '2018-12-03 02:04:42'),
(181483, NULL, '5f3f58289d2f36cc18a2047497c27328', '2018-12-03 02:05:03'),
(181484, NULL, '776845c8640dacfd4313ae5b6b95c873', '2018-12-03 02:05:06'),
(181485, NULL, '42c5039bf36c636d7230cce46d0f4394', '2018-12-03 02:05:12'),
(181486, NULL, '375f9700c5761f32038da156f4f91174', '2018-12-03 02:05:19'),
(181487, NULL, '46863e6cd6cb49f89835a7ffb5346f14', '2018-12-03 02:05:21'),
(181488, NULL, 'e5df22d29164dcb57eda6b32d42c820c', '2018-12-03 02:05:25'),
(181489, NULL, '26f94370d5558f824dbf4cffb90daf84', '2018-12-03 02:05:56'),
(181490, NULL, '57e7770fcc32e09cb1e69f4bddd2201b', '2018-12-03 02:06:49'),
(181491, NULL, 'f520dd9e2710d5492ac4b99354a6baff', '2018-12-03 02:07:05'),
(181492, NULL, '4d82c359f33d0eaf6559bd8816202fae', '2018-12-03 02:07:10'),
(181493, NULL, 'c602e8bd5e8b152274eac8164e5d4981', '2018-12-03 02:07:18'),
(181494, NULL, '5f42786cd2919ac13b80dc7d3f25e1e8', '2018-12-03 02:07:32'),
(181495, NULL, '435b24bced40e843b914c9b2e55cc684', '2018-12-03 02:07:41'),
(181496, NULL, '8294e795a68af8c765d95f856a23a819', '2018-12-03 02:07:43'),
(181497, NULL, '1248ad09bf4ac156a259b5bf4c295c8b', '2018-12-03 02:07:53'),
(181498, NULL, '24fc69def3248c718f55da746cefd24f', '2018-12-03 02:07:56'),
(181499, NULL, 'c83c58ee06ff9e0bad9ffa396844be4e', '2018-12-03 02:08:03'),
(181500, NULL, '0f39dbe6bc93d4c5af6732e86faff058', '2018-12-03 02:08:12'),
(181501, NULL, '6425b118292605dfd00a32a0cda10763', '2018-12-03 02:08:32'),
(181502, NULL, '6c2492950b52de6796748a5dedfa4912', '2018-12-03 02:08:44'),
(181503, NULL, '599d08448e69edb5468a7f40d3f6dcfe', '2018-12-03 02:08:52'),
(181504, NULL, 'ceb8943ad42c888e80c1cbbe5849cf55', '2018-12-03 02:08:54'),
(181505, NULL, 'dd35b24bf59e4937f68024bf01f8c9f8', '2018-12-03 02:09:08'),
(181506, NULL, 'a4828e09f64fc9e92e64f9c988ff4470', '2018-12-03 02:09:12'),
(181507, NULL, '6d54db9ea0ddd1d6cd33f62df2a32e89', '2018-12-03 02:09:29'),
(181508, NULL, '38573c1a8acb0ea246ed0b8988ef2e5d', '2018-12-03 02:09:40'),
(181509, NULL, '7631119ce00593c687fe4fb62514b1dd', '2018-12-03 02:09:49'),
(181510, NULL, '02a959f3167bb98e1c223d7f390d5fd7', '2018-12-03 02:10:08'),
(181511, NULL, '7651de0a6865f32fccf0b33a06c6953f', '2018-12-03 02:10:14'),
(181512, NULL, 'dee715efe30bac29e630955a0748ca71', '2018-12-03 02:10:24'),
(181513, NULL, 'fd58b66183f4b39a33648344bbb5d0eb', '2018-12-03 02:10:39'),
(181514, NULL, '849dd3a08322baedcad9f2010deb7147', '2018-12-03 02:10:43'),
(181515, NULL, '24b86bbec9c9fdea7192388e8b6d4675', '2018-12-03 02:10:45'),
(181516, NULL, '384695042af51f490cef0d234e284969', '2018-12-03 02:11:35'),
(181517, NULL, 'c0b48c26982af14e28b66a380561ae3a', '2018-12-03 02:11:38'),
(181518, NULL, '6a49f89a2f00a3c420d0e7de99ba4639', '2018-12-03 02:11:46'),
(181519, NULL, '9e6b1fda0a0535edf0d5c902c36554c1', '2018-12-03 02:11:47'),
(181520, NULL, 'f5a9b7e8a370959eead0c307625c6df5', '2018-12-03 02:11:54'),
(181521, NULL, 'd228a1465a498f4dce8c571042efe080', '2018-12-03 02:11:59'),
(181522, NULL, 'bcaadc23c871659dc56421056248680f', '2018-12-03 02:12:04'),
(181523, NULL, 'f29522e74397a6dab1c612793a8e30b1', '2018-12-03 02:12:09'),
(181524, NULL, '9bac463df40bdd7276dc7d76342fb5d2', '2018-12-03 02:12:28'),
(181525, NULL, '8d31f693a02d04dfc60f7d9484b6909b', '2018-12-03 02:12:57'),
(181526, NULL, '5eb289832f47442d3f7dafa4be73b3c8', '2018-12-03 02:12:58'),
(181527, NULL, 'bf3fd4351790d2d4127976de51942b2e', '2018-12-03 02:13:00'),
(181528, NULL, 'f500ba814e235aa805259cb96f3ae398', '2018-12-03 02:13:28'),
(181529, NULL, '0f89505e53bd2a460699d9a6e50f753b', '2018-12-03 02:13:38'),
(181530, NULL, '374a55ed7649e61d3010c1f39488e6c9', '2018-12-03 02:13:50'),
(181531, NULL, 'f194a6534fff4f603031a13ffdeb9d6e', '2018-12-03 02:14:03'),
(181532, NULL, '71d252502a3b30f2293a569dfa9f89f6', '2018-12-03 02:14:10'),
(181533, NULL, '22d01281b70b431c13d65d932635721f', '2018-12-03 02:14:18'),
(181534, NULL, '5589d543b3cf7351af19c8fdc40cfdce', '2018-12-03 02:14:38'),
(181535, NULL, '7088956b3720dd94d492d4b3976cca99', '2018-12-03 02:14:42'),
(181536, NULL, '74e0c409cfc9f02890fa96faf002505a', '2018-12-03 02:14:44'),
(181537, NULL, '92314d68286ef7ceb6224a658a2f8c18', '2018-12-03 02:15:07'),
(181538, NULL, '110ebd3176dd56d721e126bf79d2be77', '2018-12-03 02:15:31'),
(181539, NULL, '437ace755b031eabb70ecc79a223e408', '2018-12-03 02:15:34'),
(181540, NULL, '3a1bce8077e8d3bd48e1487aacf3aeba', '2018-12-03 02:15:38'),
(181541, NULL, '6762cd5e55ec482075f22e270a4fa6bf', '2018-12-03 02:15:42'),
(181542, NULL, 'd9e05a18f6a46ed19ea2e7d59cd0c9bd', '2018-12-03 02:16:00'),
(181543, NULL, 'ba1bc7a521310ca3c874e9895b02ecea', '2018-12-03 02:16:46'),
(181544, NULL, '58db8b53640f078c0086f26709623507', '2018-12-03 02:17:24'),
(181545, NULL, 'b73f398e37de4e8fb16793f689cd539a', '2018-12-03 02:17:25'),
(181546, NULL, '3ea0839d1507a7112281aaeeca8e581d', '2018-12-03 02:17:46'),
(181547, NULL, '2a10ac66a48f6052a5f299f9be8e2f5d', '2018-12-03 02:17:48'),
(181548, NULL, '4ca5604d7e27f6ed409619d8ffee78d6', '2018-12-03 02:18:01'),
(181549, NULL, '373ea755c89cf2cd180cce67daaaf11f', '2018-12-03 02:18:20'),
(181550, NULL, '6bc081918501f012dca5e9e1b61c03fa', '2018-12-03 02:18:25'),
(181551, NULL, 'e0488cb70c95bb71d44007d30838aadb', '2018-12-03 02:18:26'),
(181552, NULL, '0a049b74e8921a916abb37c3d7e3035f', '2018-12-03 02:18:28'),
(181553, NULL, '24922b6707b3001942efc350c56c9b19', '2018-12-03 02:18:32'),
(181554, NULL, '0954f7c5c6b6b7badd726b18f4b03caa', '2018-12-03 02:18:35'),
(181555, NULL, 'bfcbf38923372d0d1193746694276b46', '2018-12-03 02:18:37'),
(181556, NULL, 'fd50aa69ed8ae080b4be47ec49c3c361', '2018-12-03 02:18:40'),
(181557, NULL, '9970fc6b0f3e5da736e8ef254f98f0d3', '2018-12-03 02:18:58'),
(181558, NULL, 'bbc0d10db7bd8be4560bc84805a49df8', '2018-12-03 02:19:04'),
(181559, NULL, '1fd389f525416ab77cbfd5c207f8d08a', '2018-12-03 02:19:06');
INSERT INTO `customer_visitor` (`visitor_id`, `customer_id`, `session_id`, `last_visit_at`) VALUES
(181560, NULL, 'decb089cbe1fc88392faefcb26f5ce4a', '2018-12-03 02:19:23'),
(181561, NULL, 'b3deafa77e5b1df2959b0341809915ef', '2018-12-03 02:19:47'),
(181562, NULL, 'a802f7aee8de0e67b53c3f01a9e7f951', '2018-12-03 02:19:57'),
(181563, NULL, '4c8275ec34326647dbf88c40c02f2fc5', '2018-12-03 02:20:03'),
(181564, NULL, 'a8a77f80e558cee590735734ec934fc0', '2018-12-03 02:20:05'),
(181565, NULL, 'f7aa66e2ed7af98339fc5d0823a4f6aa', '2018-12-03 02:20:21'),
(181566, NULL, 'ec79977810c917c7971720d68be1afeb', '2018-12-03 02:20:25'),
(181567, NULL, 'c6da64c95aa0722bb86558a24499f2b1', '2018-12-03 02:20:46'),
(181568, NULL, '1e52d82882f11ef1eabf1ae55512fb49', '2018-12-03 02:21:06'),
(181569, NULL, 'ba34453b5f5b1e5eadb0e39607ad7c76', '2018-12-03 02:21:12'),
(181570, NULL, '19bb1fdeff359b6fd0e6406292025116', '2018-12-03 02:21:30'),
(181571, NULL, 'ac7a005c0b68636296ff919f5a10a514', '2018-12-03 02:21:50'),
(181572, NULL, 'af8b771d844eeb3cca126c49a5758627', '2018-12-03 02:22:17'),
(181573, NULL, 'ac7bc6688004da48a6984049ccd05aee', '2018-12-03 02:22:22'),
(181574, NULL, '1ab6bc9b2846499d2784d6b1962adf90', '2018-12-03 02:22:29'),
(181575, NULL, '0391e0a3ec4b5ea5b56389ce93773312', '2018-12-03 02:22:31'),
(181576, NULL, '55875c2144a356a0605c13d01b0fed59', '2018-12-03 02:23:02'),
(181577, NULL, '540afd38ad65af69faf306cfd836edce', '2018-12-03 02:23:14'),
(181578, NULL, '9954662cfebf0171df3bee56f853ecc5', '2018-12-03 02:23:49'),
(181579, NULL, 'ffce5bb1c7f010de448278eba9f413ba', '2018-12-03 02:23:49'),
(181580, NULL, '0838bf13e128dad813b78793804e4ea4', '2018-12-03 02:23:52'),
(181581, NULL, 'b85415609463fb949f9b3184c15d1413', '2018-12-03 02:23:53'),
(181582, NULL, 'b87feb966fce78080cb26789ffd5f929', '2018-12-03 02:23:56'),
(181583, NULL, '90cb30c82636152bb8616690fd7e73ab', '2018-12-03 02:24:08'),
(181584, NULL, 'b58e014dbf276f9b451aaf868aaaf3da', '2018-12-03 02:24:09'),
(181585, NULL, '5c6b51cb6dc4f646751ac91f1bf30380', '2018-12-03 02:24:13'),
(181586, NULL, '38aa40fdcaefb799a3da84c5ac2f7ed0', '2018-12-03 02:24:27'),
(181587, NULL, '804ca19ea363ef5968e92fa36e35282f', '2018-12-03 02:24:29'),
(181588, NULL, '40a70867d79acf28b98ab9880d00405a', '2018-12-03 02:24:34'),
(181589, NULL, '75f661015adaf417585d7e4a366e9782', '2018-12-03 02:24:39'),
(181590, NULL, '2a42b4e7a3d558e9ec0216f8f1d47ed9', '2018-12-03 02:24:42'),
(181591, NULL, 'fe6aee650eb6b804b2b6b3b18024f8ae', '2018-12-03 02:25:19'),
(181592, NULL, '5b9a81067fe1225583b67f5458598399', '2018-12-03 02:25:39'),
(181593, NULL, '5110665469475949d606c40d9d28bc57', '2018-12-03 02:25:43'),
(181594, NULL, 'd5fdeb22745ecb2fbd513f1c6f84d332', '2018-12-03 02:25:47'),
(181595, NULL, '9ac31ee7559d8095183ea7be69e0a639', '2018-12-03 02:25:50'),
(181596, NULL, '2b4a984dacd45c2acc57adcb77929c7b', '2018-12-03 02:25:50'),
(181597, NULL, '9e768750e91497107a2d17c60766733f', '2018-12-03 02:26:04'),
(181598, NULL, 'edd8da94b881a604c4e30a1ddb34d7d0', '2018-12-03 02:26:21'),
(181599, NULL, '68f4f10523cdcbca97232932daff7396', '2018-12-03 02:26:31'),
(181600, NULL, 'ca14c8fa26ed0df674063a625e1ca376', '2018-12-03 02:26:47'),
(181601, NULL, '933c666b93cd4558420c5a93cd5d0ae6', '2018-12-03 02:26:49'),
(181602, NULL, '742a96bf0ade1acecf2818ac714a1135', '2018-12-03 02:26:53'),
(181603, NULL, 'd64ef2ead300e8f7afb667df4d17c961', '2018-12-03 02:26:56'),
(181604, NULL, '20935aa401ecb5179f19d5fe744855e8', '2018-12-03 02:27:23'),
(181605, NULL, 'f1804c9d730204905fd6f84b05d14b22', '2018-12-03 02:27:28'),
(181606, NULL, 'd34a2820382d5017e2d85e48741909cb', '2018-12-03 02:27:31'),
(181607, NULL, 'ead174d3df6e74ab6d11fe176398a9c6', '2018-12-03 02:28:21'),
(181608, NULL, 'b533f148b4684ca7f31de0ec5edf6531', '2018-12-03 02:28:37'),
(181609, NULL, 'b77ebfc00cb16be6ebd8d0a7441fa4e8', '2018-12-03 02:28:41'),
(181610, NULL, '4f34f531ceb90d25aafbebe0426dc9a5', '2018-12-03 02:29:04'),
(181611, NULL, 'a43fb226b6677a9817fcc95c3826d19b', '2018-12-03 02:29:09'),
(181612, NULL, '66b1fb469a42f7abce5a043c7ca237ee', '2018-12-03 02:29:19'),
(181613, NULL, 'ee9ebbb8810148d29d8aa2feffe8b2ff', '2018-12-03 02:29:32'),
(181614, NULL, 'b6326957c0be30f02049b3fe0932dda7', '2018-12-03 02:29:39'),
(181615, NULL, 'eabc51b26669d69f517cec1ee7bc4b42', '2018-12-03 02:29:42'),
(181616, NULL, '2cadc06c8c5a761dc386269d8263319a', '2018-12-03 02:29:49'),
(181617, NULL, '9272830d119f72e5095390b46228e3dd', '2018-12-03 02:29:50'),
(181618, NULL, 'c9da5b9a8958daa5022ae9c1721a261a', '2018-12-03 02:29:58'),
(181619, NULL, '45ed53d52df46a816042a6eb3cccce0c', '2018-12-03 02:30:04'),
(181620, NULL, '056a914bc9e3c19f6d25189f3ca626c7', '2018-12-03 02:30:09'),
(181621, NULL, '341e6373ab2ebeea0c1f1649be6625d5', '2018-12-03 02:30:13'),
(181622, NULL, '68809844596ba102e706562abd8fa40d', '2018-12-03 02:30:41'),
(181623, NULL, '882feccc27f82669476ba3123035e628', '2018-12-03 02:30:42'),
(181624, NULL, 'd373fc32e78072c341447d176db7967a', '2018-12-03 02:30:43'),
(181625, NULL, '85dba81a12e25938963e14b52faeb942', '2018-12-03 02:30:45'),
(181626, NULL, '59161362c1ab5d7bb4761b5d0f93be9e', '2018-12-03 02:30:50'),
(181627, NULL, 'a42267c1b8398f196ecb43eed48c6304', '2018-12-03 02:30:52'),
(181628, NULL, 'c9f513afa742fd92138e85382b2a3c2b', '2018-12-03 02:31:00'),
(181629, NULL, '70415710eb342e1215be26d60cbf9a47', '2018-12-03 02:31:35'),
(181630, NULL, 'a64a3c3bb5ac0d041cf119b9483c9300', '2018-12-03 02:31:55'),
(181631, NULL, '0b68765407abf976f7d8745f76aaf900', '2018-12-03 02:32:06'),
(181632, NULL, '077035ef14dbfa0a272e1be1103cd085', '2018-12-03 02:32:08'),
(181633, NULL, 'ea7fd9ec52e5c0272dd6efa4873ea589', '2018-12-03 02:32:42'),
(181634, NULL, '08cac67500180687a622e9e8d27c46c9', '2018-12-03 02:32:45'),
(181635, NULL, '03d8e8ee56d86b9a04ef96dc4a46ef4e', '2018-12-03 02:32:56'),
(181636, NULL, 'b69e40d80ae049089452cbe8f48f14c1', '2018-12-03 02:33:17'),
(181637, NULL, 'afa91a6de3d2852950e5ab0c7365fceb', '2018-12-03 02:33:21'),
(181638, NULL, 'b556eb85a2f00ae019ea7eb08ca53bdc', '2018-12-03 02:33:28'),
(181639, NULL, '64a1b9071ab27e759e01ee9bc7bfc1da', '2018-12-03 02:33:35'),
(181640, NULL, 'd2492a02332b212842323156a291a5d9', '2018-12-03 02:33:50'),
(181641, NULL, '9f221ad35a9d0fe21eeff486bd46d2b1', '2018-12-03 02:34:16'),
(181642, NULL, 'aac393f87cfbc451811df5f1087dcc7b', '2018-12-03 02:34:34'),
(181643, NULL, '78d3513b4d4ff47bae082ad86a869dce', '2018-12-03 02:34:40'),
(181644, NULL, '83e5f76a22e135194abd68e1c37c56f2', '2018-12-03 02:34:47'),
(181645, NULL, 'cb80652f365c5bcec5763f9ea97ec20c', '2018-12-03 02:35:44'),
(181646, NULL, '251f4e08765b2344b3e27111894bc47c', '2018-12-03 02:36:18'),
(181647, NULL, '0ef77f567e748e7ab40218e47255bc3c', '2018-12-03 02:36:19'),
(181648, NULL, '79b71c0cf8b8c97a4083c78a5ba308b6', '2018-12-03 02:36:56'),
(181649, NULL, '96be90f83e4ce27c98b1c099b866b8cd', '2018-12-03 02:36:58'),
(181650, NULL, '159f1d6442e9c00ac568bf6d89baf719', '2018-12-03 02:37:00'),
(181651, NULL, 'f5498f7e4d4d5b51aec2402427a1e80e', '2018-12-03 02:37:04'),
(181652, NULL, 'd822772e967bb6f3abac4b5a255daa4a', '2018-12-03 02:37:05'),
(181653, NULL, '6d4741afd31d21a538c09a84b0edd465', '2018-12-03 02:37:29'),
(181654, NULL, '44adb54e8fa3d56a77683e38a137ec8a', '2018-12-03 02:37:32'),
(181655, NULL, 'bbc2842877cbb4a86a70f7a2e222527a', '2018-12-03 02:37:35'),
(181656, NULL, '6af93c841b5180d1471b5409628b9a50', '2018-12-03 02:38:04'),
(181657, NULL, 'e64046827be5dae81c9ab4a4ab0c3029', '2018-12-03 02:38:08'),
(181658, NULL, '8d7d00e1ddf24a73be81bbb4cdd4331d', '2018-12-03 02:38:15'),
(181659, NULL, 'caaea9178dbd3c98096796f1a669c3d6', '2018-12-03 02:38:38'),
(181660, NULL, '495887bbec9afdec9a74f3fa027bb75a', '2018-12-03 02:38:49'),
(181661, NULL, '74d674d69fcd77be3eae3c90c7487e8d', '2018-12-03 02:38:52'),
(181662, NULL, 'cab7b233105b4d1132dce11660675697', '2018-12-03 02:38:52'),
(181663, NULL, '97407c91e85d6a4c1e9b53ef87ebac88', '2018-12-03 02:38:55'),
(181664, NULL, '924cc586f6fe93cb9641b8c674244b0f', '2018-12-03 02:38:56'),
(181665, NULL, '3dbceaef4fb444444ab21775bf49b1a9', '2018-12-03 02:38:59'),
(181666, NULL, 'cc0cf6e7a553dba5f799884611c7e00e', '2018-12-03 02:39:03'),
(181667, NULL, 'd5e599df5982420de5c0bfacc1b08576', '2018-12-03 02:39:05'),
(181668, NULL, '2f2f66c8aaad7d872fe72443f0f45d5a', '2018-12-03 02:39:09'),
(181669, NULL, '764de2b4778e8f1b9a44cfc927494a9e', '2018-12-03 02:39:13'),
(181670, NULL, 'af4b9f46394af58cfaaf8a7755a1351e', '2018-12-03 02:39:15'),
(181671, NULL, '8892596dad243a1d89a0f4d36035498c', '2018-12-03 02:39:16'),
(181672, NULL, '435f89071344bd5e698c65f9e86e9543', '2018-12-03 02:39:47'),
(181673, NULL, '592980546f4422eeb564e9580e23431c', '2018-12-03 02:39:49'),
(181674, NULL, '2a314e44558aaccc006716a7175539e6', '2018-12-03 02:39:54'),
(181675, NULL, 'c70deb6dd2a6a97d664f9ba6da17f77d', '2018-12-03 02:39:57'),
(181676, NULL, 'cae2a54accf6715f3434624f039ab9df', '2018-12-03 02:40:33'),
(181677, NULL, 'fc02d7ae597cfbc890bafe225ca1b2fd', '2018-12-03 02:40:35'),
(181678, NULL, '4db210061e68db9a198c142396d5f1a1', '2018-12-03 02:40:40'),
(181679, NULL, 'acfb022545a7f6b50f55bf5138541ff9', '2018-12-03 02:40:44'),
(181680, NULL, '7c383f16d3648dfb693f20e39d1177b6', '2018-12-03 02:40:52'),
(181681, NULL, '1a3a650c284e79021fb8c451ac034e4e', '2018-12-03 02:41:27'),
(181682, NULL, '4ed18b22afe9efbc2ba2d6fc259f39e5', '2018-12-03 02:41:35'),
(181683, NULL, '562913f692916fac2cf9900b21433247', '2018-12-03 02:41:37'),
(181684, NULL, '01c52e26d855ef9142ccc3a07114dc66', '2018-12-03 02:41:37'),
(181685, NULL, '381bb834eadde781b7c47d07087e61d9', '2018-12-03 02:42:06'),
(181686, NULL, '39a27566f7dc2170a2e21c674ccd578e', '2018-12-03 02:42:10'),
(181687, NULL, '49a50f21a1d95042612e1acc5240f08b', '2018-12-03 02:42:52'),
(181688, NULL, '2f0746bfcd59e2ccb65a1e888ecf69b4', '2018-12-03 02:42:57'),
(181689, NULL, '134f9df41d8786ec19dc10c4ccd05eb7', '2018-12-03 02:42:58'),
(181690, NULL, '1a0d06355691af5aeb6dcca175a966ee', '2018-12-03 02:42:59'),
(181691, NULL, '709fd2f22e6a4cc5ccc08029e86b3703', '2018-12-03 02:43:02'),
(181692, NULL, 'f3b07f7ab4c66c8f5237f76f28083a3d', '2018-12-03 02:43:04'),
(181693, NULL, '9ed2a4f44eb239a3857bc32bcfe41bda', '2018-12-03 02:43:04'),
(181694, NULL, '24cd7a1b6674a1731994bdb0bfe84832', '2018-12-03 02:43:08'),
(181695, NULL, '7a46544c79d90e152ddf7f3362026d6a', '2018-12-03 02:43:48'),
(181696, NULL, '6c4fda005c619a5333406f955898b0ce', '2018-12-03 02:44:00'),
(181697, NULL, 'b3d1058b2602c01f8198c36ab14e3772', '2018-12-03 02:44:06'),
(181698, NULL, 'd2c5c3a840e891d0bdc37d91bf3c567f', '2018-12-03 02:44:09'),
(181699, NULL, '6437dab0bb1b287f9bad7fe642779696', '2018-12-03 02:44:22'),
(181700, NULL, 'e20445efffca9cd85ef5c9f1054f2fe2', '2018-12-03 02:44:30'),
(181701, NULL, 'aba989ac11438950fd9560c5c6e4497c', '2018-12-03 02:44:48'),
(181702, NULL, 'debf9657d4089e05491bc0977d50bf42', '2018-12-03 02:44:53'),
(181703, NULL, '08ad7a83bd77e5b69eb52c9ee69a2a8d', '2018-12-03 02:44:55'),
(181704, NULL, '1696bf02c44948ae4788c343375e309a', '2018-12-03 02:44:58'),
(181705, NULL, 'bc4d7713f0b5c029ae6d54c8ee744313', '2018-12-03 02:45:16'),
(181706, NULL, 'caa6f19c0477d771f6b8afbbfda17925', '2018-12-03 02:45:18'),
(181707, NULL, '16f00c7497e513b1ce907c405567c68c', '2018-12-03 02:45:20'),
(181708, NULL, '9a3053a70801633a68d4db68e0652da6', '2018-12-03 02:46:17'),
(181709, NULL, '991eefd9b6b40bc575fb661c518ea7de', '2018-12-03 02:46:21'),
(181710, NULL, '6ad68bc58b0f77e48c31cc6d2d6cd8d4', '2018-12-03 02:46:28'),
(181711, NULL, 'bb938b0e91519d3023e1b3463b010c03', '2018-12-03 02:46:39'),
(181712, NULL, '433e9341758cc7699356ee8a19d33621', '2018-12-03 02:46:40'),
(181713, NULL, 'a8393082e8acdbddaa1b9922925f9001', '2018-12-03 02:46:45'),
(181714, NULL, 'b2c0ec1b50cc4c35cea298f8aa10bf3b', '2018-12-03 02:46:55'),
(181715, NULL, 'b68613b8d3d4e6f853395b5ecf3b2b71', '2018-12-03 02:47:07'),
(181716, NULL, 'ac20884d75cba2138853856138151b27', '2018-12-03 02:47:12'),
(181717, NULL, '51827e9dff9ec9aeffcf7f8b4b41c8ec', '2018-12-03 02:47:43'),
(181718, NULL, 'e3f67d7f050eb1226d493aef077042f2', '2018-12-03 02:47:54'),
(181719, NULL, '7217d28fbde0c210ce8f691133314244', '2018-12-03 02:48:19'),
(181720, NULL, 'b087f012b97e9bf8e289c01c67c83001', '2018-12-03 02:48:41'),
(181721, NULL, 'a09a0eadc85b97abc7d165ba16d3f2a2', '2018-12-03 02:49:20'),
(181722, NULL, '00a0fa8f07961dddb5c55b4f1261e26b', '2018-12-03 02:49:22'),
(181723, NULL, 'bb6d344cbc8e7c9e8d27d99b0fa57f58', '2018-12-03 02:49:33'),
(181724, NULL, '521eeeac108ea3fbed0accc83e0c8a20', '2018-12-03 02:49:47'),
(181725, NULL, '789e86000564bef7fbca6e99c52ec54f', '2018-12-03 02:49:49'),
(181726, NULL, 'b7780594b3584d2d18970f3c17ac4aac', '2018-12-03 02:49:50'),
(181727, NULL, '3b7b503977a224751e5554409cd61fde', '2018-12-03 02:49:50'),
(181728, NULL, 'fe61151318152766a7998d43aa65405e', '2018-12-03 02:50:20'),
(181729, NULL, 'd558741f49c94f1f8a2b322dc5f9cedf', '2018-12-03 02:50:30'),
(181730, NULL, 'cc4ff8dbcda893638e67dfb36213f421', '2018-12-03 02:50:32'),
(181731, NULL, '73f1c20570d7ace2ead2776b6f06d595', '2018-12-03 02:50:42'),
(181732, NULL, 'a06abbb2374140eefd427ba6ef15b336', '2018-12-03 02:50:49'),
(181733, NULL, 'e1f48697355d86adb9ee309bc49aa5c7', '2018-12-03 02:50:58'),
(181734, NULL, 'af1f45fed7deb13c47d54be5f04ddddc', '2018-12-03 02:50:58'),
(181735, NULL, 'b77d62676cea9e85840984c2ad8c4590', '2018-12-03 02:51:13'),
(181736, NULL, '5a2dbaeb0a50c0cda116d42dba94bcaf', '2018-12-03 02:51:15'),
(181737, NULL, '2ee0600ffc1e9e1222630241aecb758c', '2018-12-03 02:51:16'),
(181738, NULL, 'd6ac4b8a58170bafb683494351b6cef7', '2018-12-03 02:51:53'),
(181739, NULL, 'be2d704a4045b37062777ed9f5004ad0', '2018-12-03 02:52:07'),
(181740, NULL, 'f95f68fdac0ba6c239716a948365ed3d', '2018-12-03 02:52:12'),
(181741, NULL, 'a8a49c9c7ef3f78136ee33057e85596f', '2018-12-03 02:52:39'),
(181742, NULL, 'f2e05f2f35821fdcd667a1e1b70af0fc', '2018-12-03 02:52:39'),
(181743, NULL, '1d9a47ece9aa4cbdf16df23019de6376', '2018-12-03 02:52:41'),
(181744, NULL, 'beab84535a10ae45c8fedd55503106d1', '2018-12-03 02:52:54'),
(181745, NULL, '61975a720f1384206fdf3e99f481d634', '2018-12-03 02:52:55'),
(181746, NULL, '6916d2288bb042596ac56d35fc6f7ab5', '2018-12-03 02:53:09'),
(181747, NULL, 'cf102670801686d667fad6899f21d145', '2018-12-03 02:53:35'),
(181748, NULL, 'dd2364122bc2ecfba3ab646a93882d3f', '2018-12-03 02:53:37'),
(181749, NULL, '5f2429fc4e90a4e0a0dc5db5d88a4d77', '2018-12-03 02:54:22'),
(181750, NULL, '21093d888692b59d3cbfd3ec187de4bb', '2018-12-03 02:54:26'),
(181751, NULL, 'd6b27c126b97a2101dfe43d8f957a1ab', '2018-12-03 02:54:29'),
(181752, NULL, '25ee64e129a5687a26d7ee4f6d032fde', '2018-12-03 02:54:35'),
(181753, NULL, 'de3d27154b1bae706e1241b52e885a67', '2018-12-03 02:54:37'),
(181754, NULL, '2e262d2ebdf488b31b59d65c0250b7dd', '2018-12-03 02:54:50'),
(181755, NULL, 'fcc1934f744552828ec643184bf368da', '2018-12-03 02:54:54'),
(181756, NULL, '6096b271bc92cbec131d13a3866f8ba4', '2018-12-03 02:55:11'),
(181757, NULL, '7c852afe3276dc9da93426436eaec9f5', '2018-12-03 02:55:20'),
(181758, NULL, 'b174a623dd60a70fddb0b03e18d92bf6', '2018-12-03 02:55:23'),
(181759, NULL, 'd15a40b4bfa85fc62b35c8678a3cf20a', '2018-12-03 02:55:35'),
(181760, NULL, 'c74b5d34806ced2ff7ede5b16d33590b', '2018-12-03 02:55:57'),
(181761, NULL, 'a24a22cf932a34973d8f0145f2c4095d', '2018-12-03 02:56:00'),
(181762, NULL, '0443df52a252dfa8f6ab4077847d5e37', '2018-12-03 02:56:15'),
(181763, NULL, 'ce302073c90ebdf4b369fce270d2c0a0', '2018-12-03 02:56:38'),
(181764, NULL, '932b81cdcb04f7d0ed2d8e8bffeb937d', '2018-12-03 02:56:47'),
(181765, NULL, '9c0d594ac6b3ee4dda97dfdd7b0b2f00', '2018-12-03 02:56:52'),
(181766, NULL, '84b0941a73655936ced3441d5f6d68e1', '2018-12-03 02:57:03'),
(181767, NULL, '305e7e7e720ef2e25404cc00b169e111', '2018-12-03 02:57:06'),
(181768, NULL, '9070f0db8f80a08f41224f281360c37b', '2018-12-03 02:57:16'),
(181769, NULL, '16b35459a9a27e896c9fb23ef0eca165', '2018-12-03 02:57:28'),
(181770, NULL, 'fb39ea8498b5edbd4a0374f98a1f31d6', '2018-12-03 02:57:30'),
(181771, NULL, '40306723f260efb6b14b9db6cd25d73e', '2018-12-03 02:57:53'),
(181772, NULL, '75a6b92466a9c4a0d303bca33a974eca', '2018-12-03 02:57:55'),
(181773, NULL, 'c1c5c2a707cb56c50c6e703356405054', '2018-12-03 02:58:07'),
(181774, NULL, '5360635ba1eb001f326ac1512a9f64f0', '2018-12-03 02:58:10'),
(181775, NULL, '176452077188028f7b958ddfee598abc', '2018-12-03 02:58:27'),
(181776, NULL, '7cad44e3c25980c99eda7922c9a976c2', '2018-12-03 02:58:29'),
(181777, NULL, 'ede2d35845d620f571f2b4c5338c00b5', '2018-12-03 02:58:56'),
(181778, NULL, '881dea6abfac210f5e87f6f741e69c6b', '2018-12-03 02:59:01'),
(181779, NULL, 'ac6fbf10940257a995f563c46e55b93d', '2018-12-03 02:59:18'),
(181780, NULL, '4dcfb4bb1597c669ec7012fc647e7ab1', '2018-12-03 02:59:30'),
(181781, NULL, '6f9623c71c4f298bcc994f6c8abba958', '2018-12-03 02:59:36'),
(181782, NULL, '79398a78cedc98132a4a9410323319b8', '2018-12-03 02:59:54'),
(181783, NULL, '74375c6cddbe835b0b87d5e660cfb192', '2018-12-03 03:00:07'),
(181784, NULL, '049a28a10cb631255547ba5fb1f9d6db', '2018-12-03 03:00:15'),
(181785, NULL, '96db5e096f72a4b6607a87050fd40965', '2018-12-03 03:00:19'),
(181786, NULL, '8f336b49196046a080c63f459be5e0c7', '2018-12-03 03:00:45'),
(181787, NULL, '1b36f1625652b67500e13e0271d3e978', '2018-12-03 03:00:47'),
(181788, NULL, 'f8619cf6421530596c98372af76608f8', '2018-12-03 03:01:05'),
(181789, NULL, 'eaea8caf54e0500b1bf3f7f9cd354daa', '2018-12-03 03:01:09'),
(181790, NULL, '3c22d4e48a307c9450a48e8adc0ac382', '2018-12-03 03:01:11'),
(181791, NULL, 'd4791fcbe31cd76a4c5dfe502bb8b6d8', '2018-12-03 03:01:25'),
(181792, NULL, '2c3db012ae1ef4fcb37ad50581f04252', '2018-12-03 03:01:35'),
(181793, NULL, 'fc5d8bea170b77b77aa642405273b0fa', '2018-12-03 03:01:39'),
(181794, NULL, '3c76e12ca93397397344b4956711c65d', '2018-12-03 03:01:41'),
(181795, NULL, 'effa6eeb413e8be68b49412a49d5d48a', '2018-12-03 03:01:44'),
(181796, NULL, '547d5e1bef3341bb793868509a73cc3c', '2018-12-03 03:02:05'),
(181797, NULL, '66343a8a2fa8b029d6d9b71b223ca252', '2018-12-03 03:02:08'),
(181798, NULL, 'a4eccb5b626c9f125aa6dfdd4ba6c2f9', '2018-12-03 03:02:15'),
(181799, NULL, '67bef063511d87046d6e2ba346d826f1', '2018-12-03 03:02:16'),
(181800, NULL, 'c6a91ebe486244710ec02a52435e53a9', '2018-12-03 03:02:17'),
(181801, NULL, '0eb29e4d4eeffe10144da6673e2bc60d', '2018-12-03 03:02:26'),
(181802, NULL, '5983c9acc031e52a385184e37f23f925', '2018-12-03 03:02:29'),
(181803, NULL, '42ccdf5f9ab8e65f2c404bc9bd429dc8', '2018-12-03 03:02:32'),
(181804, NULL, '28ad0687f0081a7d69b87423b1899978', '2018-12-03 03:02:36'),
(181805, NULL, '6b738bc4c56aff97bb47051b11edea30', '2018-12-03 03:02:44'),
(181806, NULL, '4ce5728b04f2695c4b9a22b8d6390be8', '2018-12-03 03:02:46'),
(181807, NULL, '65185f64d84327f454ff66a5a56ac451', '2018-12-03 03:02:49'),
(181808, NULL, 'f44fc241c3755aa3cdb575dcc2af7687', '2018-12-03 03:02:57'),
(181809, NULL, 'bb8b0d1540281d356743aad7cd415571', '2018-12-03 03:03:10'),
(181810, NULL, 'f300a133b052e2e4a72c787676c9c1cc', '2018-12-03 03:03:24'),
(181811, NULL, '4d976f8aa998f980f7c2b14609cf2758', '2018-12-03 03:03:46'),
(181812, NULL, 'ca6cb62b8c31014e1820dfcfe2d00a85', '2018-12-03 03:03:55'),
(181813, NULL, '91f7bc4195f8e118756e959abec6aadd', '2018-12-03 03:04:07'),
(181814, NULL, 'b755e5d3608e64fa6d183797c1e870d2', '2018-12-03 03:04:27'),
(181815, NULL, '511ba979c9aeae4b0b84280626251ed0', '2018-12-03 03:04:32'),
(181816, NULL, '9a4d8317072e2c4ef9013633fd10c0d6', '2018-12-03 03:04:51'),
(181817, NULL, 'f21efe28bf8262d18ed48dfe38b41e47', '2018-12-03 03:05:20'),
(181818, NULL, 'f8d7ef56b78c543c09a2c2c531fc721d', '2018-12-03 03:05:23'),
(181819, NULL, 'ca8b3a7caf52cd84bc2fdd5dd41e8017', '2018-12-03 03:05:24'),
(181820, NULL, 'fc55597e100d558c77e7457f697a013c', '2018-12-03 03:05:27'),
(181821, NULL, '636ed43cd24504dcd688b73cf11d3378', '2018-12-03 03:05:29'),
(181822, NULL, '1c7a18fac5eb3513a047daec7fd8311a', '2018-12-03 03:05:38'),
(181823, NULL, 'b8d8afe6efdc0aa704b018aef237b880', '2018-12-03 03:05:51'),
(181824, NULL, '51fb374752922eb6dae17984373fac11', '2018-12-03 03:06:15'),
(181825, NULL, 'd2f5010340be0a14b4f20382e9ef6a02', '2018-12-03 03:06:28'),
(181826, NULL, 'd18a13faec820f5d466831efa4931773', '2018-12-03 03:06:31'),
(181827, NULL, '13b1938e50c285178a5cc2c3fb9de89d', '2018-12-03 03:06:49'),
(181828, NULL, '36c29a52175c3de4636c78fe80f58dc9', '2018-12-03 03:06:51'),
(181829, NULL, '4dd68d40ddbba271ebbb111f23290fe2', '2018-12-03 03:06:54'),
(181830, NULL, 'b3d61d408a63d43be33902b4c3c90dc2', '2018-12-03 03:06:56'),
(181831, NULL, '8b5dae0cd4be5b42da223f41fa211555', '2018-12-03 03:07:04'),
(181832, NULL, 'c1edb911674802aa15f18b0519b73d4d', '2018-12-03 03:07:13'),
(181833, NULL, '9d20697e691da420df4f08f0773a2732', '2018-12-03 03:07:27'),
(181834, NULL, 'a9d1254d61525a77eb8e00017d5ad5bb', '2018-12-03 03:07:30'),
(181835, NULL, '53c7fda9a07d216217b5ea17a94fda80', '2018-12-03 03:07:33'),
(181836, NULL, 'e177a0635db4bb9fbb504b934613f2f8', '2018-12-03 03:07:35'),
(181837, NULL, '682514d7a1501ee35824479f25a50928', '2018-12-03 03:07:37'),
(181838, NULL, 'b2a160a731e70c7b7b368bfc599cd058', '2018-12-03 03:07:39'),
(181839, NULL, 'c96a0d2989656803c35d880e66c0c8aa', '2018-12-03 03:07:58'),
(181840, NULL, '366d985f17225c8d894c7be8ab9d59b5', '2018-12-03 03:08:00'),
(181841, NULL, 'ce32927d17245a2ddfa53c0d86603cc9', '2018-12-03 03:08:04'),
(181842, NULL, '518f398820a2ad0116ad14cc270f2ce4', '2018-12-03 03:08:15'),
(181843, NULL, 'ea052313c729eebe1fcee0d0e3f90fc4', '2018-12-03 03:08:18'),
(181844, NULL, '261208c8003fdbac499e6bbb39610014', '2018-12-03 03:08:22'),
(181845, NULL, '0e5173947f40c32ff44de77259841c4e', '2018-12-03 03:08:26'),
(181846, NULL, '3ffcbb969730d00d294fb869d3e91d4b', '2018-12-03 03:08:42'),
(181847, NULL, '2e97629a415ec3a1874120e076d6b7af', '2018-12-03 03:09:07'),
(181848, NULL, 'fbc8c6b1bec8dd3d6145e63cd5a1b8bb', '2018-12-03 03:09:26'),
(181849, NULL, '083d32f07de14ec6593f1394c0b701ec', '2018-12-03 03:09:29'),
(181850, NULL, 'a97a4c042ddd2ba8fc3e9463c8732fb6', '2018-12-03 03:09:32'),
(181851, NULL, 'fa07801dab2130f86943ae02fde383d0', '2018-12-03 03:09:46'),
(181852, NULL, '2dbe517ef91ee373dfcfe2ee18866e04', '2018-12-03 03:09:56'),
(181853, NULL, '07de65ed2a180c3fa029e30e087c58b8', '2018-12-03 03:09:57'),
(181854, NULL, '2027055835b07d61941241af9ef6c136', '2018-12-03 03:09:59'),
(181855, NULL, '338f837e7a043d2847ccf1a80c83181d', '2018-12-03 03:10:00'),
(181856, NULL, 'b3555c06d5aaf6367cbfb78d9c80608f', '2018-12-03 03:10:03'),
(181857, NULL, '1141088145bada6eb300c6fd5329ea2c', '2018-12-03 03:10:14'),
(181858, NULL, 'c1359959e400d2051cae475082b646a7', '2018-12-03 03:10:27'),
(181859, NULL, '977dc6dd7110ca029ee42595d054365a', '2018-12-03 03:10:21'),
(181860, NULL, '8e572300226170f2261ea56835e39e54', '2018-12-03 03:10:41'),
(181861, NULL, '64c3b51d3cc5bbd52b7c24301fa599d4', '2018-12-03 03:10:42'),
(181862, NULL, '0ff51cd11455ba22ac197ecc4983e255', '2018-12-03 03:11:08'),
(181863, NULL, '2f79bff36f741814096bd9070c90aebb', '2018-12-03 03:11:15'),
(181864, NULL, '15dbf5787169d11d5088e6fde6753441', '2018-12-03 03:11:18'),
(181865, NULL, '8b2c08652a1003235f9c554c5ff68f8a', '2018-12-03 03:11:22'),
(181866, NULL, '25c916212fa6dc5c0d2b26950d932814', '2018-12-03 03:11:34'),
(181867, NULL, '03ecaf7cb9a3609409600c0d9439761c', '2018-12-03 03:11:38'),
(181868, NULL, '99d4d7bab5095bee57c158a2586fd04e', '2018-12-03 03:11:44'),
(181869, NULL, 'b881e5ddaa2192c962e8e8723f89a417', '2018-12-03 03:11:51'),
(181870, NULL, 'bbfdf8072a0b3f6dd5754f6cb26f5e9d', '2018-12-03 03:11:55'),
(181871, NULL, '48623988da566dd5b4cab6352e2eb8f3', '2018-12-03 03:12:38'),
(181872, NULL, '0fbf625097e839c952d14bc621440c5f', '2018-12-03 03:12:43'),
(181873, NULL, 'c5699f60ac0899e20f6feb8572dfa71c', '2018-12-03 03:12:56'),
(181874, NULL, 'd4383c9a85a594a9396d595323bd1c65', '2018-12-03 03:13:01'),
(181875, NULL, '1466fc6c2c64e1a92eb3ece8811505fa', '2018-12-03 03:13:04'),
(181876, NULL, 'fe256895a7598464332b8ae336eaa274', '2018-12-03 03:13:06'),
(181877, NULL, '4f14ab21324b1d04c17a7db44aa2b12c', '2018-12-03 03:13:58'),
(181878, NULL, '654d12e95b99d513f40ba7634eab9f44', '2018-12-03 03:14:15'),
(181879, NULL, '54c0a696ee9bf99910726d75a473b617', '2018-12-03 03:14:20'),
(181880, NULL, '2925c78e7c664172521cc2f4c00d6da8', '2018-12-03 03:14:22'),
(181881, NULL, '8900dd0fcfd96476d4b860a3ca1fb175', '2018-12-03 03:14:57'),
(181882, NULL, '7cda4b1d1c9c9088cd3014b8725deb6a', '2018-12-03 03:15:18'),
(181883, NULL, '4eb5e7ce594a4617e7cbb513ab6a0b93', '2018-12-03 03:15:20'),
(181884, NULL, 'c20b54a153fd2cfe2ed2b2e0c5edb1e2', '2018-12-03 03:15:25'),
(181885, NULL, '88c2f3e791e6d7526b54cd6175e1326d', '2018-12-03 03:15:25'),
(181886, NULL, '2fd5a08f32718b260f922b1840bd604d', '2018-12-03 03:15:31'),
(181887, NULL, 'cad980a7ab83e62782f7429e790773b4', '2018-12-03 03:15:32'),
(181888, NULL, '014e808df97b65573cd543237690835c', '2018-12-03 03:16:02'),
(181889, NULL, 'b1fe367f851c27f6a5e720877a950ea8', '2018-12-03 03:16:21'),
(181890, NULL, '198c3cf32618780ed34e4d6c8bc42d55', '2018-12-03 03:16:39'),
(181891, NULL, 'e0c475ebc70601ee0b3849175bc83dd8', '2018-12-03 03:16:53'),
(181892, NULL, 'ea9f4a31260b6c15525fff44c715891f', '2018-12-03 03:16:56'),
(181893, NULL, '3d80e876807192c35cf38c50c0275114', '2018-12-03 03:17:35'),
(181894, NULL, '0ae2a93373da269d6bb5fdb30e9be4d1', '2018-12-03 03:17:42'),
(181895, NULL, '424b340ddfd67befa658220fd7a67a61', '2018-12-03 03:17:44'),
(181896, NULL, 'da2ff4bc918e960b5ac2fb326245adb7', '2018-12-03 03:18:22'),
(181897, NULL, '24718935283096bcc0f167d50bde48f5', '2018-12-03 03:18:28'),
(181898, NULL, 'b9d9aa430afe749ae9007cb85522babb', '2018-12-03 03:18:40'),
(181899, NULL, '88ee1f446f119ff36ec69337fa108e8d', '2018-12-03 03:18:53'),
(181900, NULL, 'cd80d7a2f5cdd25d656a9b355370525c', '2018-12-03 03:19:20'),
(181901, NULL, '616bf0ebe4877eb9785e1940c687a8cc', '2018-12-03 03:19:22'),
(181902, NULL, '1c7873ae25ceec4e12f41de1225c580f', '2018-12-03 03:19:25'),
(181903, NULL, '77b06cd7d522c923959e8deb7a6bcf4f', '2018-12-03 03:19:29'),
(181904, NULL, 'ca794dbd670c22812ad67558706fd7f5', '2018-12-03 03:19:33'),
(181905, NULL, 'cb2373d5e57baed76dc1e3857207f867', '2018-12-03 03:19:37'),
(181906, NULL, 'aa4df7c4ec964db2cc01f80d838056d8', '2018-12-03 03:19:39'),
(181907, NULL, 'ae25b47aaf63004d62ceaaa0d20dfa16', '2018-12-03 03:19:40'),
(181908, NULL, '99d9c59cfb9dbf7d8d6ca85d1c54cf38', '2018-12-03 03:19:43'),
(181909, NULL, 'aa9970ac3a7153138181aa0d5d7e176a', '2018-12-03 03:19:47'),
(181910, NULL, '59380f320e29d36633498bc4f9078cf3', '2018-12-03 03:19:49'),
(181911, NULL, '25c2666be68d0c81ce01f43e22290a95', '2018-12-03 03:20:04'),
(181912, NULL, 'fa5de1b691caea091bb40df349651c8f', '2018-12-03 03:20:19'),
(181913, NULL, '8daad14d29ab2125f023ab2b938e5c65', '2018-12-03 03:20:26'),
(181914, NULL, 'e78ea5f719e4ef62263ade0368bbdda2', '2018-12-03 03:20:28'),
(181915, NULL, '5ca895e6d9144064f0285ca65d5e6619', '2018-12-03 03:20:32'),
(181916, NULL, 'cc1bc4d9b36fd23197f4895c49bb0c4f', '2018-12-03 03:20:35'),
(181917, NULL, '7f0d297a3d11cd44cad4cf033e7b97c8', '2018-12-03 03:20:41'),
(181918, NULL, '0561f98b52dab42b7f298c80003764a0', '2018-12-03 03:21:17'),
(181919, NULL, 'd440b52b437ff6535ddfc082d2417138', '2018-12-03 03:21:19'),
(181920, NULL, '22bc156a305521026e5856baaa7444c7', '2018-12-03 03:21:19'),
(181921, NULL, 'fb3abaafc02f3f6af78f72d40a0a8d83', '2018-12-03 03:21:24'),
(181922, NULL, '11feb0a9506158252d9272d02fc44f06', '2018-12-03 03:21:24'),
(181923, NULL, '1bb3c4e1c4eacc9526a678b39de60e92', '2018-12-03 03:21:27'),
(181924, NULL, 'ae555c6fa172bdc8110563f0c6043750', '2018-12-03 03:21:28'),
(181925, NULL, '901af375c33ea6c2a8b05f64627d0f7b', '2018-12-03 03:21:32'),
(181926, NULL, '3598191f317d02329a9860fca922aa77', '2018-12-03 03:21:37'),
(181927, NULL, 'b5eb517af3d72411fce41f2ad020f36f', '2018-12-03 03:21:40'),
(181928, NULL, '6868628e157156c3e02fa3b536896bdb', '2018-12-03 03:22:09'),
(181929, NULL, 'c00d9e01bed9f4131eef4c80f6c686cb', '2018-12-03 03:22:11'),
(181930, NULL, '5c2502a216bffe5d565aac70fb9aef3d', '2018-12-03 03:22:14'),
(181931, NULL, 'b319fb1bc1250cdd3df8f85c9a1380d2', '2018-12-03 03:22:17'),
(181932, NULL, 'c035ad86781055e27ab2b829e63cb523', '2018-12-03 03:22:20'),
(181933, NULL, '07e2cf2e5ef4bc80d62a9d49c954ba48', '2018-12-03 03:22:20'),
(181934, NULL, '679b71cc12a354de28fc07e5e2c17865', '2018-12-03 03:22:23'),
(181935, NULL, '4e4665a34cb24fd96f8c0bb68d0672aa', '2018-12-03 03:22:25'),
(181936, NULL, 'bab095cfef3c3a0abc7f336e2d8b0e49', '2018-12-03 03:22:29'),
(181937, NULL, 'b2c4168ddd9198d4502aec5c88896556', '2018-12-03 03:22:34'),
(181938, NULL, '838a35b66ae47bfbd0db6d83a3b9331e', '2018-12-03 03:22:35'),
(181939, NULL, '046def794489cd64c84325a07fa3ae9a', '2018-12-03 03:22:59'),
(181940, NULL, 'ad3272d0307d072eb0d71fdac546bfb0', '2018-12-03 03:23:02'),
(181941, NULL, '6387d2dac59f3bc4d65934db49bf16d0', '2018-12-03 03:23:11'),
(181942, NULL, '9fe6abd0fbcdf8dfde204c16fdd57dad', '2018-12-03 03:23:12'),
(181943, NULL, 'daee925b2d4ad175ab2925ca61da1253', '2018-12-03 03:23:57'),
(181944, NULL, '17ebd0ce52e7dcac21a28c13020842d2', '2018-12-03 03:24:37'),
(181945, NULL, '3054cc89647e07fda541dcffa41658f3', '2018-12-03 03:24:44'),
(181946, NULL, '63284a8787c8e7aadd7ce5964f57cc47', '2018-12-03 03:24:54'),
(181947, NULL, 'c4f0a366e0d0a347e720025776fdc187', '2018-12-03 03:25:21'),
(181948, NULL, '51211caec96f15f58bc38bdb8379d0b2', '2018-12-03 03:25:47'),
(181949, NULL, 'aa79a4a6c3113b338a09dfa162805eb0', '2018-12-03 03:25:47'),
(181950, NULL, '4acb6494ad9e57619be112df0c6aae28', '2018-12-03 03:25:51'),
(181951, NULL, 'e5555704b3a76329367abf633adde873', '2018-12-03 03:25:53'),
(181952, NULL, 'a8f1298705107f6cfa55ebb5248e481d', '2018-12-03 03:26:10'),
(181953, NULL, '7501aba210201f7fd05381d5cbdb497a', '2018-12-03 03:26:16'),
(181954, NULL, '8ffea8f632c5d3b4818ccbf15adb8b7b', '2018-12-03 03:26:32'),
(181955, NULL, 'a0d0f25767d1a5e12b3e60c6aa955723', '2018-12-03 03:26:35'),
(181956, NULL, 'd8a7f58cc65044cf88d640edb8614156', '2018-12-03 03:26:42'),
(181957, NULL, 'c2a3d929792c981ee4f8253bd31a2d06', '2018-12-03 03:27:14'),
(181958, NULL, '55efc037c165b51455631cd14feca22f', '2018-12-03 03:27:17'),
(181959, NULL, '15e388c92923f36927ba529de667e2e9', '2018-12-03 03:28:10'),
(181960, NULL, 'b2a3b2d11f2578726c840f11d4c5909f', '2018-12-03 03:28:12'),
(181961, NULL, 'ba0341af2cbf7bde7c74a8be9c1e96fc', '2018-12-03 03:28:14'),
(181962, NULL, 'c537bd1d57f9171ebb381415623c81e9', '2018-12-03 03:28:47'),
(181963, NULL, 'c021119ea626e76c3565a1d379f07982', '2018-12-03 03:28:52'),
(181964, NULL, '254284011c69e4992a302550f2e9f67a', '2018-12-03 03:28:54'),
(181965, NULL, '789b78eaab721bfe13ea363fbe5e169b', '2018-12-03 03:28:57'),
(181966, NULL, '344cef7a3e1284a05cd1abf9111fff8c', '2018-12-03 03:29:01'),
(181967, NULL, '2c77e683b2581479fde5f8838ec68300', '2018-12-03 03:29:02'),
(181968, NULL, '44e355e591d442566eaba042575e14dd', '2018-12-03 03:29:06'),
(181969, NULL, 'd3a220fee51265e10958f418bd410240', '2018-12-03 03:29:11'),
(181970, NULL, '7ae60f1c87794bad33e1299aba9d1cda', '2018-12-03 03:29:14'),
(181971, NULL, '3e1ce546c1ff70185a4915830751c835', '2018-12-03 03:29:14'),
(181972, NULL, '0ba6076a43abf42d54956082b14d6c4e', '2018-12-03 03:29:17'),
(181973, NULL, '8ab31b4e51a349fa5fed53077e086f2c', '2018-12-03 03:29:20'),
(181974, NULL, '5425ea6e268c301d44d35148f50050d3', '2018-12-03 03:29:24'),
(181975, NULL, '9f27002c7d584cdff711115ed015ca8d', '2018-12-03 03:29:27'),
(181976, NULL, '4d108db330aa815a8734770795050c0c', '2018-12-03 03:29:42'),
(181977, NULL, '5d11b0e0c8b376f63772a604f659eed3', '2018-12-03 03:29:44'),
(181978, NULL, 'a39fa65bf08a4a455cdc1a918f20083e', '2018-12-03 03:29:47'),
(181979, NULL, 'c5c1c697c0125e648a1b6d5316a5604d', '2018-12-03 03:30:15'),
(181980, NULL, '1921ddcccacf8633ce78f671286dd1c7', '2018-12-03 03:30:37'),
(181981, NULL, 'f9da89f4fa805f48ad744b44a9a0a393', '2018-12-03 03:30:38'),
(181982, NULL, '31af86cffb50d9b28124be5f8d7f9e9c', '2018-12-03 03:30:40'),
(181983, NULL, 'f23ab13438638d5fd956aa66f044c0b2', '2018-12-03 03:30:48'),
(181984, NULL, '372ce264647b71963ef1c43bc3af8e5a', '2018-12-03 03:30:59'),
(181985, NULL, 'ec545d883f76d4bb6d30d82a255cd25b', '2018-12-03 03:31:03'),
(181986, NULL, '555e0f3431c3b22c4b02e8e603f6dff2', '2018-12-03 03:31:28'),
(181987, NULL, 'bef0e249967e66bdd83553ad3f31cc4d', '2018-12-03 03:31:34'),
(181988, NULL, '2baecda145c8876b37b58119bcf4e495', '2018-12-03 03:31:36'),
(181989, NULL, '649992f22be621b816044029cfda8833', '2018-12-03 03:31:42'),
(181990, NULL, '0892adf57995fbfb933b426473e72bb1', '2018-12-03 03:31:53'),
(181991, NULL, '83f6b10741eab6dccafa5c3b153db03c', '2018-12-03 03:32:18'),
(181992, NULL, 'df302648f6d5c907a7f1afe9f9fecc04', '2018-12-03 03:32:20'),
(181993, NULL, 'fcf6d83aceafc53cb08a6c0857c26e65', '2018-12-03 03:32:24'),
(181994, NULL, 'b7fcdee46ed95cb00214eaae8b1243ca', '2018-12-03 03:32:30'),
(181995, NULL, 'cc85e1d76d3f1aaf657aca56bd862aa5', '2018-12-03 03:32:33'),
(181996, NULL, '3588d56836a72ff2d15986126727bccb', '2018-12-03 03:32:41'),
(181997, NULL, '3d9f89cd7e4198ac26ef287bee67b7b6', '2018-12-03 03:32:44'),
(181998, NULL, '4554a6010d998713aa66aba1bdeccdba', '2018-12-03 03:32:49'),
(181999, NULL, 'a1c93bd3c3c3de74a39cf6c69ce20a71', '2018-12-03 03:32:53'),
(182000, NULL, '697e79bd6b21a279ca7a30772c2b6674', '2018-12-03 03:33:15'),
(182001, NULL, '20d70381e9cd6df3f62cf52be01174ff', '2018-12-03 03:33:23'),
(182002, NULL, '1242c1f82c64f10ada107b0b6b796337', '2018-12-03 03:33:40'),
(182003, NULL, 'cef1694c8be1d11526dc9574665c7abd', '2018-12-03 03:34:04'),
(182004, NULL, '5f72bbf1357fdcac1b7f70951d57877e', '2018-12-03 03:34:32'),
(182005, NULL, 'fa45db01b9a751a07d5d8d77f1429b9b', '2018-12-03 03:34:33'),
(182006, NULL, 'db75d290779d7258b5c66f47ca160b79', '2018-12-03 03:34:35'),
(182007, NULL, '6e4981939fb0e37bb84772dbac45a30c', '2018-12-03 03:34:40'),
(182008, NULL, 'f62e22d9d7fcbf35c8ef08a75cbdb29c', '2018-12-03 03:34:43'),
(182009, NULL, '6e36f3929694390e49ce1fa47ece5e30', '2018-12-03 03:34:53'),
(182010, NULL, '043235f3ce5fa349ca5ae4e891227bf9', '2018-12-03 03:34:58'),
(182011, NULL, '0d36bfae101269a1b474c6b98de78433', '2018-12-03 03:35:33'),
(182012, NULL, '5cabf65b027d284bdb88302c7c77ca6e', '2018-12-03 03:35:54'),
(182013, NULL, '52c85b43c79c06188aa9c0cde2efe6d0', '2018-12-03 03:35:59'),
(182014, NULL, '32e833f6d655db7763aa664e1ce69ade', '2018-12-03 03:36:02'),
(182015, NULL, '8d066fbcfdd947d30c51e7c6c36c9da2', '2018-12-03 03:36:13'),
(182016, NULL, 'a378e93f2d42dd2db95e3e4d6ca70cff', '2018-12-03 03:36:20'),
(182017, NULL, '9a0709257e1ed35d48f1a55e12678134', '2018-12-03 03:36:25'),
(182018, NULL, 'ea7ea39be02cdab881a5a3b666f27b57', '2018-12-03 03:36:27'),
(182019, NULL, 'ca0e946d1667478193443f1439b96c1e', '2018-12-03 03:37:05'),
(182020, NULL, '95b3ad9697a7273c170caeb50698c9f9', '2018-12-03 03:37:07'),
(182021, NULL, 'f1f046ae7aaf5c9f4056bb6b76a38a8c', '2018-12-03 03:37:10'),
(182022, NULL, 'd673c7479e027c011cc8a61ebf259dc3', '2018-12-03 03:37:11'),
(182023, NULL, '83c61a16c5590f06df8fe440af280f9e', '2018-12-03 03:37:15'),
(182024, NULL, '5be0b4b7a6a6ca9170e9ccf356709170', '2018-12-03 03:37:19'),
(182025, NULL, '61aced812646229de1371ba3f19566d6', '2018-12-03 03:37:36'),
(182026, NULL, '6a49d26ae5914a2a957bdeaaeb75ff1d', '2018-12-03 03:37:39'),
(182027, NULL, '4cb06b06a9148645096a5ded31e1076d', '2018-12-03 03:37:52'),
(182028, NULL, '922d0f01de0cfd608d384bce770f1e2d', '2018-12-03 03:37:56'),
(182029, NULL, '04e7f656c210e24eff30c2ef2ed414b3', '2018-12-03 03:38:06'),
(182030, NULL, '41cc344f5cea76a183d5f392fb776209', '2018-12-03 03:38:21'),
(182031, NULL, '3c234df3fc2a85adb63ce09b8bdf635e', '2018-12-03 03:38:23'),
(182032, NULL, '464deb043a3ab341090c7678e74531c9', '2018-12-03 03:38:31'),
(182033, NULL, 'a2ca57f6825743cd0c1f644c33200326', '2018-12-03 03:38:55'),
(182034, NULL, 'ef94b94cc6b72e21de9479cfd816f439', '2018-12-03 03:39:08'),
(182035, NULL, 'eaddd1bdd2e9a00a91611c748d28720f', '2018-12-03 03:39:15'),
(182036, NULL, 'c3cee345e222bdb927ff572c0730174b', '2018-12-03 03:39:15'),
(182037, NULL, '5419ee7663be47afb1743d713de4f8d5', '2018-12-03 03:39:18'),
(182038, NULL, '80fcac3f73daaa991dcb7b89bcd92131', '2018-12-03 03:39:25'),
(182039, NULL, 'c6d5bfc1bbc2608510e47e730f428115', '2018-12-03 03:39:27'),
(182040, NULL, '0c8a7d2712474b75ee64c45b8f0bc0cd', '2018-12-03 03:39:30'),
(182041, NULL, '31b33563b5287a0cf6b12909eec2dead', '2018-12-03 03:39:37'),
(182042, NULL, '1e5036a15278ee482b1a6449e24e5427', '2018-12-03 03:39:49'),
(182043, NULL, '463f7bdf0d7216f0a9f30c7db35ae663', '2018-12-03 03:40:18'),
(182044, NULL, 'fffbe94194425177aff354f69c916374', '2018-12-03 03:40:21'),
(182045, NULL, 'de1dd67912b8ac4d75f38d3fa571096c', '2018-12-03 03:40:33'),
(182046, NULL, '9720c683eccb3c8b05b13a08c1739ac8', '2018-12-03 03:40:45'),
(182047, NULL, '513d6e70d5a3c805e5126455365cdaa6', '2018-12-03 03:40:48'),
(182048, NULL, '1e9762821443493f1cc1779d0c18b596', '2018-12-03 03:41:30'),
(182049, NULL, 'a48bf71a4b4a7f0fb546c9aba3198266', '2018-12-03 03:41:45'),
(182050, NULL, '57c0921ea74559b1a032c292d6f89b9a', '2018-12-03 03:41:47'),
(182051, NULL, '6869661a7d7124f66f6411182a8721e2', '2018-12-03 03:41:50'),
(182052, NULL, 'd69c935a66f7c8f48192f771bc173e62', '2018-12-03 03:42:23'),
(182053, NULL, 'c1caf27266fa47068f10f99424bab0b1', '2018-12-03 03:42:26'),
(182054, NULL, '337462238b8f093d46763e8a2c15a864', '2018-12-03 03:42:27'),
(182055, NULL, '790bdfc90343ccabb296b5a740fb1c3e', '2018-12-03 03:42:31'),
(182056, NULL, '5868db610a43a7a00d5b44eda7e1ba48', '2018-12-03 03:42:31'),
(182057, NULL, 'cc5f826a9b874b9b9c059e868173fcbf', '2018-12-03 03:42:34'),
(182058, NULL, '83d6e51654f7ebe13f11c2baab411aa6', '2018-12-03 03:42:46'),
(182059, NULL, '631f9fd69f150c9ece09d853299d7242', '2018-12-03 03:42:49'),
(182060, NULL, 'f36c2b1bf9c98fa9aa0b180e90af05a4', '2018-12-03 03:42:50'),
(182061, NULL, 'c4210bfd8cd8e09044b9f768c015a7d8', '2018-12-03 03:43:02'),
(182062, NULL, '3f3aa9c43f4ab76baecd283dd8f0ed0f', '2018-12-03 03:43:03'),
(182063, NULL, '67d42baf2cef413add358c1e7a6cbf14', '2018-12-03 03:43:29'),
(182064, NULL, '829e815dd5568b03bb0356e20ba30936', '2018-12-03 03:43:31'),
(182065, NULL, 'c96acfbb0b285bed38f4d498d00c64e2', '2018-12-03 03:43:34'),
(182066, NULL, 'aebfffdf9e81f1e43e220b8bd19ff3b9', '2018-12-03 03:43:44'),
(182067, NULL, '44100d9f6277c41a76b216bebdfe2148', '2018-12-03 03:43:58'),
(182068, NULL, '6f78561e8098d101affb1f4b0364b69d', '2018-12-03 03:44:12'),
(182069, NULL, '76e577c3aa48765c264006264d028189', '2018-12-03 03:44:26'),
(182070, NULL, '17c3d70b77d0e34ac140540378451016', '2018-12-03 03:44:26'),
(182071, NULL, '3b60c0fe3d9480f271ef63b491390496', '2018-12-03 03:44:30'),
(182072, NULL, '4ba131d64850265272b595ea5e309076', '2018-12-03 03:44:47'),
(182073, NULL, 'bad645d4d94665fcac0fbef580a98b13', '2018-12-03 03:44:49'),
(182074, NULL, '6cd05f8955517193124b516ed1c17308', '2018-12-03 03:45:09'),
(182075, NULL, 'dae31e7c998769c9daa3284b65bd8f16', '2018-12-03 03:45:14'),
(182076, NULL, '664e7f50468ffdfde67f420e56f82faa', '2018-12-03 03:45:18'),
(182077, NULL, '96bd87c64611c528c94d25fcbc02c926', '2018-12-03 03:45:28'),
(182078, NULL, 'cd74efe49d2df7c2f11854bdf19135ec', '2018-12-03 03:46:08'),
(182079, NULL, 'a9b669e0d5d16bac5fe4e2c21e16e29f', '2018-12-03 03:46:14'),
(182080, NULL, '223591edf736df2ee303f3e2226f10d4', '2018-12-03 03:46:17'),
(182081, NULL, '1fab80b0f5b82baade60c4c0ef340281', '2018-12-03 03:46:20'),
(182082, NULL, '3355a7a7cab9bd045b3c9ada77679e59', '2018-12-03 03:46:30'),
(182083, NULL, '0197a2a2a76d2b63e3e63c139981ff0d', '2018-12-03 03:46:56'),
(182084, NULL, 'c778f63dda436512ea4e5cb03f927957', '2018-12-03 03:47:00'),
(182085, NULL, 'f9df46882f55d29cc63c2bd695eb4638', '2018-12-03 03:47:02'),
(182086, NULL, '4f5f6404b8a57e9a68bd4fddf07090b5', '2018-12-03 03:47:20'),
(182087, NULL, '8443fe2b4cf87adc2bae352b80f5e2a2', '2018-12-03 03:47:22'),
(182088, NULL, '37191526b1e7dc20db1421f21330c6aa', '2018-12-03 03:47:31'),
(182089, NULL, '133ac2556c3b906d4244589930b29e52', '2018-12-03 03:47:43'),
(182090, NULL, 'fe849e75680a10c03c5ce0f888f25733', '2018-12-03 03:47:47'),
(182091, NULL, 'f671624365b5a2fd38488fe524a46f58', '2018-12-03 03:48:05'),
(182092, NULL, '3da82e3f795659bbfda8f19dadd344ce', '2018-12-03 03:48:08'),
(182093, NULL, '57b86ca8fe48af228ecef67436a70a3b', '2018-12-03 03:48:15'),
(182094, NULL, '89e8345148db5e96d43ad2e1a1b33f66', '2018-12-03 03:48:20'),
(182095, NULL, '52a668578d48f23bfac22757982b2ed1', '2018-12-03 03:48:22'),
(182096, NULL, 'a5599f20e0cde773fb4a8cfaac975636', '2018-12-03 03:48:28'),
(182097, NULL, '93fd5aaccb865be8f5873baa3cc49c80', '2018-12-03 03:48:45'),
(182098, NULL, 'ca5ca9b0175e29550b20f90fb0be324e', '2018-12-03 03:48:49'),
(182099, NULL, '3ef27d8f3c212881fd600cd984519df4', '2018-12-03 03:48:54'),
(182100, NULL, '508a2dc9d9128a5f8d775193da155c53', '2018-12-03 03:49:03'),
(182101, NULL, 'b87eafafb09ec509d0ea7ce1362ffdeb', '2018-12-03 03:49:11'),
(182102, NULL, '244339917ea54da73a0e8e9a67ecf9ec', '2018-12-03 03:49:57'),
(182103, NULL, 'c6c3ceb8947b626561ad0930e3297c67', '2018-12-03 03:50:14'),
(182104, NULL, '68e090d0a4f8f28edd61e8cb68be5ee3', '2018-12-03 03:50:15'),
(182105, NULL, '313ebad6f88e5fb8a20fa29e40b20dee', '2018-12-03 03:50:17'),
(182106, NULL, '75fff280a83659579f2b3b22a43b1c00', '2018-12-03 03:50:24'),
(182107, NULL, '630cf4af2e9bfa4f1910b90b1d55d156', '2018-12-03 03:50:45'),
(182108, NULL, '1a30757f5216e443032de6f62a8bb0c0', '2018-12-03 03:50:48'),
(182109, NULL, '4c10656d3c696046db6330dcd4fc333d', '2018-12-03 03:51:01'),
(182110, NULL, '483936e444f524c41f8e64fced8ad037', '2018-12-03 03:51:05'),
(182111, NULL, 'e87cd9b21665aa66ce774360455b23e8', '2018-12-03 03:51:17'),
(182112, NULL, '5919c3cd3668414fb782c3e85120641b', '2018-12-03 03:51:37'),
(182113, NULL, 'bb5e2147f26bda9503b6039c2c35f8e0', '2018-12-03 03:51:41'),
(182114, NULL, '2a2e285b39825b953471a345bb2d5374', '2018-12-03 03:51:52'),
(182115, NULL, 'e8429263e43c3deec717644f6e73a168', '2018-12-03 03:51:58'),
(182116, NULL, '7ca6f9ad469b53643e866c3837eb4fb7', '2018-12-03 03:52:04'),
(182117, NULL, 'd9ee7ad2fd87e89062cb52cc2dcbfbe8', '2018-12-03 03:52:05'),
(182118, NULL, '93087afbf38f40073e4b12b9745dad52', '2018-12-03 03:52:12'),
(182119, NULL, '28e4fb7c7efd8bd0d4aead21870d83e6', '2018-12-03 03:52:15'),
(182120, NULL, '233c230cf7f59429f0c44027ae3b1a9b', '2018-12-03 03:52:24'),
(182121, NULL, 'b43ae6a51492951348ada43237d24af2', '2018-12-03 03:52:37'),
(182122, NULL, 'c1352b271ee0f5243af89abbf2a9f975', '2018-12-03 03:52:45'),
(182123, NULL, '8aaf742613beb0e832802d0708bca245', '2018-12-03 03:52:51'),
(182124, NULL, 'f40ed88b66f9b317065dc1167bb89ab2', '2018-12-03 03:52:51'),
(182125, NULL, 'e998d2dac89b9ea5174bcca0b7db778d', '2018-12-03 03:53:18'),
(182126, NULL, 'b825aa3880346e09fa1fd6f8ffaf25c9', '2018-12-03 03:53:19'),
(182127, NULL, '4364b5c0efcbfbdce51a8920710c3900', '2018-12-03 03:53:21'),
(182128, NULL, 'b1a5a8efdbad130eda28b75f20d0e862', '2018-12-03 03:53:22'),
(182129, NULL, '9cddf8d230294688c97053c496ee6653', '2018-12-03 03:54:13'),
(182130, NULL, '0eafe204f68cf6448355cdec6f900e02', '2018-12-03 03:54:29'),
(182131, NULL, '6fd32ec82c544584eac024d50af26926', '2018-12-03 03:54:30'),
(182132, NULL, '87cc047e5c5b0c898bf8402a906eb726', '2018-12-03 03:54:44'),
(182133, NULL, '1760b977d1b58f419418f512e8f2eb69', '2018-12-03 03:54:47'),
(182134, NULL, '2b600e39c28fd454bf0d65be96f235a6', '2018-12-03 03:54:51'),
(182135, NULL, 'f9a3803eafc2c2cd51cdb0675a9a32fa', '2018-12-03 03:54:57'),
(182136, NULL, 'f7265565ee6e8db0ed34f00341696b28', '2018-12-03 03:55:04'),
(182137, NULL, '966c41d22fa34f5e1fd52d8cf6670817', '2018-12-03 03:55:08'),
(182138, NULL, '9bd2c9bb5b6afe411b36331eb6204c90', '2018-12-03 03:55:32'),
(182139, NULL, '3fc9e2018709ef550e58b8a5fdbf3c0e', '2018-12-03 03:55:42'),
(182140, NULL, '86ce794b822d2464fd3fca7d397131f1', '2018-12-03 03:56:08'),
(182141, NULL, '9942a2e18f979120fe43627f8bac2033', '2018-12-03 03:56:32'),
(182142, NULL, 'e04737d4a75d0b2192dd9a64f53d896d', '2018-12-03 03:56:39'),
(182143, NULL, '541443549f74e8565dc4bef59b4761c1', '2018-12-03 03:56:42'),
(182144, NULL, '20dfc88863785841b5758a98709b4bb8', '2018-12-03 03:56:55'),
(182145, NULL, 'e36fd64c3caf3256b181004e22ceaaff', '2018-12-03 03:57:14'),
(182146, NULL, 'ec7c47da03e0f4573587c065b978f5b5', '2018-12-03 03:57:35'),
(182147, NULL, 'e199dca08d06829a139f69d8ec56bd86', '2018-12-03 03:57:36'),
(182148, NULL, '332b05dc7ec50ea0395661732e935d79', '2018-12-03 03:57:43'),
(182149, NULL, '6407ac8fe0e193153bb473f5c893dfc2', '2018-12-03 03:57:44'),
(182150, NULL, '81292b8d2fc57711a6cd3b610e1ba041', '2018-12-03 03:57:46'),
(182151, NULL, '26fe704d415fc63ebb7147743f827c1b', '2018-12-03 03:58:21'),
(182152, NULL, '295106cf7af8ec0abb759ab2904aec5c', '2018-12-03 03:58:39'),
(182153, NULL, '5414d2678a5c98c606fb3eef9c1a472b', '2018-12-03 03:58:45'),
(182154, NULL, '08469883c4eb3679f9d15ecd8f4ed864', '2018-12-03 03:59:10'),
(182155, NULL, '3abc360134d8063332bc9eeacb173e12', '2018-12-03 03:59:12'),
(182156, NULL, 'ec2dccbe8a0a3b6b438322eb4dd6ac7e', '2018-12-03 03:59:23'),
(182157, NULL, 'd9db841ce04afc329db9a2762aee2c5d', '2018-12-03 03:59:37'),
(182158, NULL, 'fd3354a57eb4d8bf459ff5fb86ed721c', '2018-12-03 03:59:40'),
(182159, NULL, '6f9985a7d1663481265a65c65977b1db', '2018-12-03 03:59:54'),
(182160, NULL, '96039a708769ad95d84e992325d72991', '2018-12-03 04:00:06'),
(182161, NULL, '92d84591b12abfc50f5dbe6f975683a3', '2018-12-03 04:00:19'),
(182162, NULL, 'f356b7532546d23899e126f9e644f61c', '2018-12-03 04:00:21'),
(182163, NULL, '0c07c08dbae6b43375a7b456bc5d6bf5', '2018-12-03 04:00:24'),
(182164, NULL, '06d4e71f3fb999214f6f59e3d03b29ce', '2018-12-03 04:00:26'),
(182165, NULL, 'f7e5465ac2881e6c761c858a545f5161', '2018-12-03 04:00:40'),
(182166, NULL, '03621fbcdb4e04ad35f108cc9eee6bb7', '2018-12-03 04:00:54'),
(182167, NULL, '99518a9a317c93a09b7321b2ae3dde43', '2018-12-03 04:01:00'),
(182168, NULL, '47fd703ed11757d465f94e525cf06519', '2018-12-03 04:01:03'),
(182169, NULL, 'e4c9446888fa997a9fb2fbba0ab09f74', '2018-12-03 04:01:13'),
(182170, NULL, '686730b9510531b590eb5702973d9d3e', '2018-12-03 04:01:49'),
(182171, NULL, 'fd8fa779940742893b970f3b870dd965', '2018-12-03 04:01:53'),
(182172, NULL, '42165744a6593af1f8c438b2255c1c5d', '2018-12-03 04:01:56'),
(182173, NULL, '0a78be7ac01f92ebe73a0c8919f94f27', '2018-12-03 04:02:52'),
(182174, NULL, 'c4db296d290f2c6430279b421997ba12', '2018-12-03 04:03:03'),
(182175, NULL, 'fd67fc03bc1917e0056a354d19a6891b', '2018-12-03 04:03:05'),
(182176, NULL, '2122c9ca8a0d4d3d44cfa97638c738f0', '2018-12-03 04:03:38'),
(182177, NULL, 'bb648021ecc97dcc59ea979b6292f36e', '2018-12-03 04:03:54'),
(182178, NULL, '6c63535545974c88cd6a8ee7319d4d66', '2018-12-03 04:03:56'),
(182179, NULL, '354417a7a1d527766d1e22f8bd019e7a', '2018-12-03 04:04:02'),
(182180, NULL, '73c3b346415dbcdfb84584dc58a65f06', '2018-12-03 04:04:32'),
(182181, NULL, '23de16d0203c380d8b9fc195988b5e13', '2018-12-03 04:04:38'),
(182182, NULL, '10d4aaa14da5aeffb4c036e616415569', '2018-12-03 04:04:39'),
(182183, NULL, '688298868317e1e40a073bee901d62c8', '2018-12-03 04:04:41'),
(182184, NULL, '36276379bea234a6e1de6cf4d1c0ba95', '2018-12-03 04:04:50'),
(182185, NULL, '250652e5839d93c302600014e4d4e951', '2018-12-03 04:04:55'),
(182186, NULL, '4023890a4e46d691ca518d8442a84365', '2018-12-03 04:05:02'),
(182187, NULL, '7729e161e6d5b5446b9d60a52ada3c41', '2018-12-03 04:05:12'),
(182188, NULL, 'a00ec5974af4d8b2b285f2b6ca920522', '2018-12-03 04:05:15'),
(182189, NULL, '2e2c616b29a6b8947c0aa05bac6c38b9', '2018-12-03 04:05:19'),
(182190, NULL, '89de3c2f5d1ef74c47b1c88bbba8c641', '2018-12-03 04:05:35'),
(182191, NULL, 'ad636c4cf2f4104be754a0dc22e7992a', '2018-12-03 04:05:43'),
(182192, NULL, '9174b58330f17e4b02f04a18ca6e52ea', '2018-12-03 04:05:59'),
(182193, NULL, 'ae43a5f6a7fb7eb5b81d3a0f44824550', '2018-12-03 04:05:59'),
(182194, NULL, '75bcbce457bced15a345bfb70f285a43', '2018-12-03 04:06:09'),
(182195, NULL, '2c07b1a6ed981446c4593743953a4b59', '2018-12-03 04:06:13'),
(182196, NULL, 'f49ed79f30502b751a4576f193a0d9ae', '2018-12-03 04:06:17'),
(182197, NULL, 'f054a369d855421ac23f8abd9c7e341a', '2018-12-03 04:06:20'),
(182198, NULL, '4ecb4e8ec9fa1713bb59a5f1ba781a67', '2018-12-03 04:06:39'),
(182199, NULL, 'bc5bcb76dcce067edf6a933d2f7ede89', '2018-12-03 04:06:42'),
(182200, NULL, 'cc6b66263992243f1af197df76625511', '2018-12-03 04:07:00'),
(182201, NULL, '1334e1f701a38a03adce2d3089d629c0', '2018-12-03 04:07:07'),
(182202, NULL, 'ffbcaac250b3133f09aa8a1b82f68475', '2018-12-03 04:07:25'),
(182203, NULL, '611811ebb095b07fad42bb241b2dec3d', '2018-12-03 04:07:37'),
(182204, NULL, '251d0e9c3c7de22856221a4324f2992c', '2018-12-03 04:07:50'),
(182205, NULL, '385c105315ae39b5b54365e75010d1db', '2018-12-03 04:07:55'),
(182206, NULL, '25209be0d95be5e08b3cebb11b6b7213', '2018-12-03 04:07:56'),
(182207, NULL, 'b5a7214cb782d3aef9e16d052624c0c2', '2018-12-03 04:07:57'),
(182208, NULL, '6dc89bfcb1364dc447b0f0c630f0f997', '2018-12-03 04:08:08'),
(182209, NULL, 'f842df23f91478e3a50b16278528112b', '2018-12-03 04:08:25'),
(182210, NULL, 'c24ca6f794410a9359d051f37a37ddea', '2018-12-03 04:08:48'),
(182211, NULL, '67966182f0f61f4bd7a3eca70476a6e4', '2018-12-03 04:08:56'),
(182212, NULL, '0f33603ec3a4768cc20d6c28bf529db6', '2018-12-03 04:09:02'),
(182213, NULL, '07ff6aa955cd560f0a95229586b33c20', '2018-12-03 04:09:27'),
(182214, NULL, '39b09fda63a46b1f8d1e9794e940e358', '2018-12-03 04:09:29'),
(182215, NULL, 'ff6e89fea6c3f71363661221af9fd72c', '2018-12-03 04:09:37'),
(182216, NULL, '7d9ce54b3c977eb939982dc67608ebfe', '2018-12-03 04:09:40'),
(182217, NULL, '27eaa77514fcb3829130b6270cdb63f6', '2018-12-03 04:09:45'),
(182218, NULL, '8d6fb4c1d4327ba521dabc3cc0ff1eff', '2018-12-03 04:09:55'),
(182219, NULL, 'e4913dc5c7aeecdb170f6440e15995cc', '2018-12-03 04:10:06'),
(182220, NULL, '4c45c76a323a374a374949a046fdd757', '2018-12-03 04:10:13'),
(182221, NULL, 'aea86dc2b4ad746fe0ab6aad7e0c7e68', '2018-12-03 04:10:23'),
(182222, NULL, '54ad31cd0d7bc9568122f1b24f5e08f3', '2018-12-03 04:10:28'),
(182223, NULL, '1257ed5f4f9d5b9ab3052cbe1c3d3fa9', '2018-12-03 04:10:46'),
(182224, NULL, '032d09a5f482d960656226c5bb8b4b19', '2018-12-03 04:10:58'),
(182225, NULL, 'da665aa06e5a8420c9ee4093cb8f79a9', '2018-12-03 04:10:58'),
(182226, NULL, '886ba1ba33592e7ee2d4816ea5f7f473', '2018-12-03 04:11:26'),
(182227, NULL, 'd1c7acc82d3cf8b26111e6406a39b3e4', '2018-12-03 04:11:29'),
(182228, NULL, 'ef65327cbdd1b8d3060c6ed8ba0bd8cf', '2018-12-03 04:11:29'),
(182229, NULL, '3940271129d2244868bbd77953008a32', '2018-12-03 04:11:30'),
(182230, NULL, '9be020f7e27cea7588dde67863491c36', '2018-12-03 04:11:37'),
(182231, NULL, '6c644ed4d51e3ba98a496cc890e60325', '2018-12-03 04:11:44'),
(182232, NULL, '5e179fd94f7c7781d9718288a59affae', '2018-12-03 04:11:48'),
(182233, NULL, '432509b6028c6ec370dbde4528558398', '2018-12-03 04:11:54'),
(182234, NULL, 'b0241740e2421d9b886c88864acf206f', '2018-12-03 04:11:58'),
(182235, NULL, 'afb526c0cb07b1fad3eb4fab3c6fc25f', '2018-12-03 04:11:59'),
(182236, NULL, '7a916d33da0a7b4b84628cc0ecac8da8', '2018-12-03 04:12:10'),
(182237, NULL, 'd2263b302f44d4a738fa59e6306ac42a', '2018-12-03 04:12:14'),
(182238, NULL, '1c4dc267937a7052f67ed80acd2c2311', '2018-12-03 04:12:46'),
(182239, NULL, 'c38caeee8da3b4ffc91eb04fa0fae3ee', '2018-12-03 04:13:10'),
(182240, NULL, '61a64d4d5fa73c4088c145665e5218c1', '2018-12-03 04:13:12'),
(182241, NULL, 'c146eed97348d436c8c9b1531d213c7b', '2018-12-03 04:13:15'),
(182242, NULL, '7dc2b38593f1c5f5eb7a77f64508c3f6', '2018-12-03 04:13:40');
INSERT INTO `customer_visitor` (`visitor_id`, `customer_id`, `session_id`, `last_visit_at`) VALUES
(182243, NULL, '71d765d0f6e2d8cd686ee928b90f0eb7', '2018-12-03 04:13:43'),
(182244, NULL, '9640f19417e9359c869a0a2db0b3508f', '2018-12-03 04:13:53'),
(182245, NULL, '4bcf1b2aa7618c2c090ee83f28f6a6af', '2018-12-03 04:14:00'),
(182246, NULL, '605311cdfe2164b1c7e551f2333f0dcd', '2018-12-03 04:14:04'),
(182247, NULL, '90728ff07d0ccdc000165d0e5cb93f50', '2018-12-03 04:14:05'),
(182248, NULL, 'e1d73c6b7973f437d62804051e0311dc', '2018-12-03 04:14:08'),
(182249, NULL, 'cd8de310b0b815a34f74983f926f960f', '2018-12-03 04:14:14'),
(182250, NULL, '319bf2146a3e3360736974faecbc7eda', '2018-12-03 04:14:16'),
(182251, NULL, 'c9d1a0a3778f93886e2ed483d72ceed6', '2018-12-03 04:14:22'),
(182252, NULL, '2d63cffddb02f91e3baae0542bd94cb5', '2018-12-03 04:14:28'),
(182253, NULL, '51b2c8928e584c03d076e91603142b12', '2018-12-03 04:14:30'),
(182254, NULL, '0c4e3f1b895bb79887404348d47dbae1', '2018-12-03 04:14:36'),
(182255, NULL, 'f4d27725b306c0c39b0b1e79ad91255a', '2018-12-03 04:14:53'),
(182256, NULL, '12325806170cbb366831f1e8b771ba78', '2018-12-03 04:14:56'),
(182257, NULL, '5e0c800f0d1aec4ce768b4a0533a97ba', '2018-12-03 04:14:59'),
(182258, NULL, '928fa1cc7bb0d7f1d6723f93c093cba1', '2018-12-03 04:15:22'),
(182259, NULL, '3b0b4051a581358a97798c2cbced7e07', '2018-12-03 04:15:25'),
(182260, NULL, '0b8828179e489f2a993cbd0377704b2b', '2018-12-03 04:15:29'),
(182261, NULL, '8194dc11a6e2c1bdbd23d3db44de7f26', '2018-12-03 04:15:42'),
(182262, NULL, '1084f96615c7900034c6d58daf792366', '2018-12-03 04:16:23'),
(182263, NULL, '57516169f32ee125878f4d8a57c3cd97', '2018-12-03 04:16:24'),
(182264, NULL, '6bdf827941f6e0605fc8ede99fef2487', '2018-12-03 04:16:26'),
(182265, NULL, '53c43233522243187a0cb6560d710fc8', '2018-12-03 04:16:35'),
(182266, NULL, '3970cae54c4541bdb4e40412296e7885', '2018-12-03 04:16:38'),
(182267, NULL, 'bf0ec42612ec69453a3ac09f4470df26', '2018-12-03 04:16:42'),
(182268, NULL, 'e5bc587f179ab1f4f5c9a85e80142aa0', '2018-12-03 04:16:46'),
(182269, NULL, 'dfe8a0281ce64fca6ac7150d61df57cb', '2018-12-03 04:16:54'),
(182270, NULL, '96332d3423d18aef33e29a7faa95dd1f', '2018-12-03 04:17:27'),
(182271, NULL, '842e68420edc8ec3e7a4b60e84f48dc3', '2018-12-03 04:17:28'),
(182272, NULL, '139563691bdef0882f97996d654227f3', '2018-12-03 04:17:34'),
(182273, NULL, '9e694e8449f4f9c766a0c2d7c04eb57d', '2018-12-03 04:17:37'),
(182274, NULL, 'f2e625ba03225cc3bcec8e5a59a4f8ed', '2018-12-03 04:17:44'),
(182275, NULL, 'a9010d12f5979a702afce306bb211872', '2018-12-03 04:18:05'),
(182276, NULL, '299f1aea483f587de27de9ecb107d69b', '2018-12-03 04:18:22'),
(182277, NULL, '82f605844e26d8101aa93c96f4d9ec49', '2018-12-03 04:18:29'),
(182278, NULL, 'a886b0f976c5b7adae00cacea35d4011', '2018-12-03 04:18:32'),
(182279, NULL, '06fe7a3fa7c8406a2425b4b6062c6ce8', '2018-12-03 04:19:05'),
(182280, NULL, '893d6ae19ba2fcc58cd6589254a3a630', '2018-12-03 04:19:25'),
(182281, NULL, 'd37bf64c96c5cca0c6f5891f9b485d50', '2018-12-03 04:19:36'),
(182282, NULL, 'aad1f1cd363019d962b5bc276897d721', '2018-12-03 04:19:40'),
(182283, NULL, '50790fc62fc7bf797a8b12ac0f1fbb7e', '2018-12-03 04:19:44'),
(182284, NULL, '3ced36b64536d3005d0d8f8ebe65bb43', '2018-12-03 04:19:46'),
(182285, NULL, 'c3b356d090a99a42bfd284ae423d7407', '2018-12-03 04:19:51'),
(182286, NULL, 'b2f1f5fcc333c887595ae23c525336ec', '2018-12-03 04:20:23'),
(182287, NULL, '2ee855e86998851d2cac1ccafcdfb076', '2018-12-03 04:20:32'),
(182288, NULL, '44b2def17a15d0e886c645e5a7eb24b9', '2018-12-03 04:20:53'),
(182289, NULL, 'c445fec31f1f6a976f132a121c4fb7b6', '2018-12-03 04:21:06'),
(182290, NULL, '23ccfeef51207537ebaadd0087d8f430', '2018-12-03 04:21:30'),
(182291, NULL, 'c1e43d30aa7c7d946b11e54b83f14707', '2018-12-03 04:21:40'),
(182292, NULL, 'd8027136b9e21b203c2fad3dd1caf55e', '2018-12-03 04:21:59'),
(182293, NULL, '7bcbc0c4b1a5f1c70b86ef4482e93f43', '2018-12-03 04:22:03'),
(182294, NULL, '461aff337b8c32f993ae899b4f10b85f', '2018-12-03 04:22:10'),
(182295, NULL, '06275df58620cd990cbc035e3819c199', '2018-12-03 04:22:52'),
(182296, NULL, 'b2cd9248f570f037a0d567f8e0fdc170', '2018-12-03 04:22:54'),
(182297, NULL, '2559601a5607efc18ef65039d57dfdac', '2018-12-03 04:23:41'),
(182298, NULL, 'ff56f0ad3ec58e9b0692af2f0c27df76', '2018-12-03 04:23:54'),
(182299, NULL, '009785932f8695909cdf9cb2bdd08310', '2018-12-03 04:24:37'),
(182300, NULL, 'e2de13caf458918dd2e62b2e8fc2fb78', '2018-12-03 04:24:44'),
(182301, NULL, '6cf7c6a4b25f419982ef76e7b2838036', '2018-12-03 04:24:49'),
(182302, NULL, '90d91643127ca913e4ffb5ad51742360', '2018-12-03 04:25:12'),
(182303, NULL, 'f247e255e86a1189c4e94a022dabe3e1', '2018-12-03 04:26:16'),
(182304, NULL, '34a430dfcef97043b2cc1797bc40aaca', '2018-12-03 04:27:02'),
(182305, NULL, '29c385c84161c9c0547b72fd76adbd94', '2018-12-03 04:27:05'),
(182306, NULL, '701574d267b1eefb947a0dad9ae0b357', '2018-12-03 04:27:19'),
(182307, NULL, '10de1538fdc87c7a10841cd54d88b51e', '2018-12-03 04:27:28'),
(182308, NULL, 'a267f48826c83341732c3ad65982091e', '2018-12-03 04:27:36'),
(182309, NULL, 'dbb7bcdb815418a770809f39169e4846', '2018-12-03 04:28:08'),
(182310, NULL, 'a1e01d479a4c9668c7e8b474fdf9c4e4', '2018-12-03 04:28:39'),
(182311, NULL, '7cdd27e451159e6c983a37445095a0b8', '2018-12-03 04:28:55'),
(182312, NULL, '81cdb9f77a4418a221a39080bbda4422', '2018-12-03 04:29:12'),
(182313, NULL, '83824e6dc523469ff1e741e6ac5dcceb', '2018-12-03 04:29:14'),
(182314, NULL, '462aae1455aed5a1cbfa9abc77db7ef6', '2018-12-03 04:29:18'),
(182315, NULL, '6fef250a723170bbd8f18e0e5d07a4a5', '2018-12-03 04:30:51'),
(182316, NULL, 'f67778c8b3b8c08058abb281132df53a', '2018-12-03 04:31:05'),
(182317, NULL, '133b803667d9e74d1e9faf2f1171ae16', '2018-12-03 04:31:34'),
(182318, NULL, 'b4734e1249a7c21fb20378198a173425', '2018-12-03 04:31:37'),
(182319, NULL, 'ac05460de57c04eefab950fc5d5ec1cb', '2018-12-03 04:31:49'),
(182320, NULL, 'bb48315bf3227063a34e8daa5063fab5', '2018-12-03 04:31:54'),
(182321, NULL, '9c89fb2d21fd531e17ba3b491dffef14', '2018-12-03 04:31:55'),
(182322, NULL, '788f26d38c7bf6549577d5739cc79d1e', '2018-12-03 04:31:59'),
(182323, NULL, '3747971252e12ee621d8f84109e4bde3', '2018-12-03 04:32:02'),
(182324, NULL, '1349347254e8d206441a51d1938541b3', '2018-12-03 04:32:22'),
(182325, NULL, '6458a536b77c8265c4567727f2f5d9b7', '2018-12-03 04:32:23'),
(182326, NULL, 'f16f860b7a5e01680827296291ca20ac', '2018-12-03 04:32:46'),
(182327, NULL, '24bdd8c529a16d0ea5e83b7b71f6aed0', '2018-12-03 04:32:53'),
(182328, NULL, '38fcb906614d2ee9ccbd3a25e85793fd', '2018-12-03 04:32:58'),
(182329, NULL, '77ba3962dce37092a6dd1783861e374c', '2018-12-03 04:33:11'),
(182330, NULL, '57779c1c18646c9c695a93742369c156', '2018-12-03 04:33:13'),
(182331, NULL, '6b3d0917312e7056f56e8d02209d3b35', '2018-12-03 04:33:13'),
(182332, NULL, '16fd32ba84fe300aef6455f8814d20be', '2018-12-03 04:33:14'),
(182333, NULL, 'f60760d7a23490fb3bc862d21ef1f8b9', '2018-12-03 04:33:29'),
(182334, NULL, 'c4bbb4d7c4491ace9c39f47dada88def', '2018-12-03 04:33:39'),
(182335, NULL, '49d3e24c50ece1072ebdc250a401bab6', '2018-12-03 04:33:39'),
(182336, NULL, 'f696eb1184a0b3caf54b07fb3923fd18', '2018-12-03 04:33:41'),
(182337, NULL, '24ec32efa7e8057df0a464a6dfbb0718', '2018-12-03 04:33:49'),
(182338, NULL, '1f5271607fa76f4f7768086e69a2c089', '2018-12-03 04:33:58'),
(182339, NULL, 'ac83c2f3171ccb7a071c1e4181f09cd6', '2018-12-03 04:35:13'),
(182340, NULL, 'dfcedaaeaf369f5ac996e1f734ad991a', '2018-12-03 04:35:23'),
(182341, NULL, 'cea66a3e26124a220756aae1c8ed410b', '2018-12-03 04:35:29'),
(182342, NULL, '3538e38a037c0ab7a5a3245a525782ba', '2018-12-03 04:35:35'),
(182343, NULL, 'd4f108d3763ad33295d0067a77f22fff', '2018-12-03 04:36:07'),
(182344, NULL, '0cd20eaffc51da490f57e2bfce77146a', '2018-12-03 04:36:20'),
(182345, NULL, 'b9e86c921f39db767ddb54f495ca35b9', '2018-12-03 04:36:22'),
(182346, NULL, '15f16779fe46ec473d3340490071abf2', '2018-12-03 04:36:26'),
(182347, NULL, 'b25926bdf21454e19e157d26fa3eae61', '2018-12-03 04:36:29'),
(182348, NULL, '38372601f0638c195c173fab88e24263', '2018-12-03 04:36:32'),
(182349, NULL, 'd9b52791fd6ac0caeb8c11acc5a9e164', '2018-12-03 04:36:38'),
(182350, NULL, 'a579943e0952855caee5df1491e575b9', '2018-12-03 04:37:11'),
(182351, NULL, 'a993beebbf96ee45b556dcc5683d1aca', '2018-12-03 04:37:20'),
(182352, NULL, '84a551566a6607f9f7293d156ca70ada', '2018-12-03 04:37:22'),
(182353, NULL, '576b2174a510cc41f0c5e6e046e4cc3e', '2018-12-03 04:37:48'),
(182354, NULL, '85f80be7e92bf5c5ea05c6a88d8a003b', '2018-12-03 04:37:53'),
(182355, NULL, '1dc83c4b5e4c2d11255bc2d02eb62b9d', '2018-12-03 04:37:57'),
(182356, NULL, 'cc911801120140a2b6927328f41806d6', '2018-12-03 04:37:59'),
(182357, NULL, '593a3d72ce93c230ae6d513cea03967f', '2018-12-03 04:38:03'),
(182358, NULL, '21753ae9283cc702a20e2f58df8b67ec', '2018-12-03 04:38:15'),
(182359, NULL, '24530ade57c4dd3b095891936d869195', '2018-12-03 04:38:32'),
(182360, NULL, 'f054ad675720ec7677f2057f297d3a4c', '2018-12-03 04:38:47'),
(182361, NULL, 'f1aa0e7a75a85ea58fe798b8bef118f7', '2018-12-03 04:39:03'),
(182362, NULL, '43326cfe68c4f3ae2384527659b96078', '2018-12-03 04:39:52'),
(182363, NULL, 'f02cbce6f17d7dec8ca1ad7a08f5e759', '2018-12-03 04:39:56'),
(182364, NULL, 'b1296829abe473745609c3929fe7983d', '2018-12-03 04:40:20'),
(182365, NULL, '9a2eb7fb5a99e761640e63447adcd8b0', '2018-12-03 04:40:23'),
(182366, NULL, 'e9455035bbee6542c9f8fef955e0bddb', '2018-12-03 04:40:33'),
(182367, NULL, 'f494db2d34abe00983eb5fcda5fb0178', '2018-12-03 04:40:43'),
(182368, NULL, 'f7b7a3fbf976eefa734ffc32900feb1c', '2018-12-03 04:40:45'),
(182369, NULL, '239dfebd92f831de821cbffb5c7a3c0d', '2018-12-03 04:40:47'),
(182370, NULL, '1c4a36a6268bfe435cc0c613b51f8ce1', '2018-12-03 04:41:21'),
(182371, NULL, 'e99035a2bc5619b15edbe49479ac4e16', '2018-12-03 04:42:10'),
(182372, NULL, 'c49b00b43a59e9192632fdd9557b5756', '2018-12-03 04:42:47'),
(182373, NULL, '7a9c634d056a38149c290ad9e27ddb89', '2018-12-03 04:42:50'),
(182374, NULL, '2612e54a950e18e6d0ef1edce12dbf8a', '2018-12-03 04:42:54'),
(182375, NULL, 'c54cff0116f6b5fffb2f8c5f4948ffba', '2018-12-03 04:43:05'),
(182376, NULL, '0449aacd6323cd054269fbcfe806e655', '2018-12-03 04:43:08'),
(182377, NULL, 'cbce8f43c3737400c4529671ec0cd915', '2018-12-03 04:43:18'),
(182378, NULL, '37b66e423f7e2eb5994025ca8e6b173b', '2018-12-03 04:43:22'),
(182379, NULL, 'bbfa8a222f6aa0b5c33c80f6d969eb9a', '2018-12-03 04:43:25'),
(182380, NULL, 'f4ab36b82c7df927fc8751aa1ccad2f7', '2018-12-03 04:43:29'),
(182381, NULL, '7dbc5dcec6966977c5554997c30ed817', '2018-12-03 04:43:55'),
(182382, NULL, '8c82a435cfefdc61684e41ba650145ef', '2018-12-03 04:44:09'),
(182383, NULL, '2e2ca7fb9c0f09ca1cceb4922304afd2', '2018-12-03 04:44:13'),
(182384, NULL, '7cc0ddb0d0259f2b7765273109c69923', '2018-12-03 04:44:15'),
(182385, NULL, '144b942ab261d89c173867fe84342bb1', '2018-12-03 04:44:18'),
(182386, NULL, '41f74928444e77faf20c224d40d1425b', '2018-12-03 04:44:20'),
(182387, NULL, 'c418dae8ae3639cf1375a6061ed6c793', '2018-12-03 04:44:26'),
(182388, NULL, 'e9013db37b4407904e60f8037343db8d', '2018-12-03 04:44:29'),
(182389, NULL, 'c1e2054c22bc092f4917cd2a551360c2', '2018-12-03 04:44:34'),
(182390, NULL, 'c779298eef90a1a137c09ba4cbb13554', '2018-12-03 04:44:36'),
(182391, NULL, 'bdad2527fe37124ae2c9a3237272345b', '2018-12-03 04:44:44'),
(182392, NULL, '2981d793b371e58d87a04b460910398c', '2018-12-03 04:44:52'),
(182393, NULL, 'cec33ee67e1fb73354694150fe8d4bd3', '2018-12-03 04:45:39'),
(182394, NULL, '9df6126c9c67fc1cc828f6113cd51c79', '2018-12-03 04:45:44'),
(182395, NULL, '2d59d8791e91d2e28662f973d638c88f', '2018-12-03 04:45:58'),
(182396, NULL, 'f5f8121fa9afa1990c56da37dd238638', '2018-12-03 04:46:00'),
(182397, NULL, 'fc400db7a11d33cfdd4317c6092c7ec5', '2018-12-03 04:46:04'),
(182398, NULL, 'ced560dbc74388fab429526af7046238', '2018-12-03 04:46:06'),
(182399, NULL, 'cc5ec0a6269e9291094425aef3650a67', '2018-12-03 04:46:40'),
(182400, NULL, '9bfb9a2c708b03adc65d0c159bfb468f', '2018-12-03 04:46:42'),
(182401, NULL, '7588b15c94f89708961766cad05c962d', '2018-12-03 04:46:55'),
(182402, NULL, 'd63c4c63069568d1d65cb19f315934c2', '2018-12-03 04:47:25'),
(182403, NULL, 'f854b9b78d75b595c8ed1c9c794d20d0', '2018-12-03 04:47:27'),
(182404, NULL, '64fca543faa83421f70bc67ef7df1bcd', '2018-12-03 04:47:51'),
(182405, NULL, '2d08b6025fb9d4df80cdd67a727a1856', '2018-12-03 04:48:03'),
(182406, NULL, '9a6483d103d90cfde8a9c1a8467d55f4', '2018-12-03 04:48:09'),
(182407, NULL, 'df3c7c131aa6faa08e7bf04b15a65fd9', '2018-12-03 04:48:12'),
(182408, NULL, '36b0342f5526232cef1683204540948e', '2018-12-03 04:48:16'),
(182409, NULL, '213c4a56bc5441c964fb2b3d88829e3f', '2018-12-03 04:48:24'),
(182410, NULL, 'bf0249937da76621e3ac74cdab4ddfff', '2018-12-03 04:48:32'),
(182411, NULL, 'a067ea540a6a3f482fe6cccafc9050b2', '2018-12-03 04:48:38'),
(182412, NULL, '6be7ed127935a37141a8f71000fa0571', '2018-12-03 04:48:50'),
(182413, NULL, '803c134dee9432d919ad4b2d3ee16d7d', '2018-12-03 04:48:54'),
(182414, NULL, '74bcac69d398d49d1e4b99cbcbefc296', '2018-12-03 04:48:58'),
(182415, NULL, 'c2a5aa9a8c0d8e7e58fb637aa331433c', '2018-12-03 04:49:06'),
(182416, NULL, 'dbe7b45b80c4daeacafef7532764a1d0', '2018-12-03 04:49:21'),
(182417, NULL, '44eed0975b77f5c9747781b8a1daafdd', '2018-12-03 04:49:23'),
(182418, NULL, 'fde2e0309284b193dc9020f1b955d426', '2018-12-03 04:49:34'),
(182419, NULL, 'e7dc0fed18c842fa741678906c437082', '2018-12-03 04:49:40'),
(182420, NULL, 'e311ecfb4407c71878f969b52c039bea', '2018-12-03 04:49:59'),
(182421, NULL, '9bcb825586f01522f49949a4107e33d6', '2018-12-03 04:50:02'),
(182422, NULL, 'c91c3da5ed2a190c184b9aeea981d2f4', '2018-12-03 04:50:12'),
(182423, NULL, 'bf23b1cdad1c5c2625da62069d555897', '2018-12-03 04:50:16'),
(182424, NULL, '65edc8da010061f48388127d5257ff90', '2018-12-03 04:50:18'),
(182425, NULL, '6e150684c13e44f007d74d75c45e3243', '2018-12-03 04:50:28'),
(182426, NULL, '2c998ee93b2494ca6d8373bc4d0ec055', '2018-12-03 04:50:35'),
(182427, NULL, '487c1bfc0f50d5ce7d9f3491af29111e', '2018-12-03 04:50:53'),
(182428, NULL, '46f03fcf458b14a6e898229fd82e6313', '2018-12-03 04:50:57'),
(182429, NULL, '4c86f888da44a8574b4da72a949c3887', '2018-12-03 04:51:00'),
(182430, NULL, 'b66f971c1c6b1226eb79f2d5401013a6', '2018-12-03 04:51:08'),
(182431, NULL, '6aa958e83f809cb5e50e6359eee5c9fb', '2018-12-03 04:51:08'),
(182432, NULL, '3eaac500a3f723ea0d7d0b7d3e080401', '2018-12-03 04:51:14'),
(182433, NULL, 'f92ad541d388dd9b88903dfcb87edd15', '2018-12-03 04:51:16'),
(182434, NULL, 'aafd36db404798b7847c54c22e200e13', '2018-12-03 04:51:18'),
(182435, NULL, '359581ac981f1aa716ab8c3b26f8d423', '2018-12-03 04:51:19'),
(182436, NULL, '06d29566b8ca27494ecbf143f2eb6468', '2018-12-03 04:51:32'),
(182437, NULL, 'fe2191c08674616ddfc5cb6a5a3f8e38', '2018-12-03 04:51:46'),
(182438, NULL, 'f778bc9c9c51fb073e274a95759b94bc', '2018-12-03 04:52:07'),
(182439, NULL, '2980d2b4fe40de758f3327a4fe3dd1d8', '2018-12-03 04:52:16'),
(182440, NULL, '0276490ba1dc981e3edf764a03b08731', '2018-12-03 04:52:40'),
(182441, NULL, '24a4c5ca0edc6feb2ba606a6c467b24a', '2018-12-03 04:52:41'),
(182442, NULL, '828c2575a30742dfef288a3e885be147', '2018-12-03 04:52:52'),
(182443, NULL, '12719416859bcb9bb3583ff2f6b217d4', '2018-12-03 04:52:57'),
(182444, NULL, 'a562a119ed42fb07ec3e27a72c70f1bd', '2018-12-03 04:52:58'),
(182445, NULL, '82490ca84bd244d301031968e5daeb3c', '2018-12-03 04:53:18'),
(182446, NULL, 'e020286a74015bde9771a1bb5600cded', '2018-12-03 04:53:52'),
(182447, NULL, '79f01241f2546517737e91baad8f0260', '2018-12-03 04:53:55'),
(182448, NULL, 'f3d0f53d55beffcfb6140c9bf15771c0', '2018-12-03 04:54:10'),
(182449, NULL, '8a37ba10f2c789aa572fd6fc598b58a3', '2018-12-03 04:54:26'),
(182450, NULL, 'a167a5d4124899aee5f83a095c972963', '2018-12-03 04:54:35'),
(182451, NULL, '581af964a169dbb59dfe209e17897167', '2018-12-03 04:55:21'),
(182452, NULL, '6daf935a99ab5dc92aa7c02c54ddb501', '2018-12-03 04:55:23'),
(182453, NULL, '783e10ebea0b0a7ad24eb02c177c5c3a', '2018-12-03 04:55:24'),
(182454, NULL, 'fe6a77e0fa996815574d60eb42260764', '2018-12-03 04:55:26'),
(182455, NULL, 'dc31ab38a643490d8476f7151e63b82d', '2018-12-03 04:55:27'),
(182456, NULL, 'c2325eaa0f2a1a761a224436ae6af402', '2018-12-03 04:55:33'),
(182457, NULL, 'fd87b6a3810ec569e05d335f03192363', '2018-12-03 04:55:36'),
(182458, NULL, '3c27ecb90c3a262af096582bd0c63d1a', '2018-12-03 04:55:36'),
(182459, NULL, '08b2d52faf67548542019461d465569a', '2018-12-03 04:55:40'),
(182460, NULL, '49394731302000e3493af7e80bef005f', '2018-12-03 04:55:42'),
(182461, NULL, '0d69600821fd00e792309d9249648007', '2018-12-03 04:55:53'),
(182462, NULL, '8b2afc5133077e3e14f7d8f1857fa6f8', '2018-12-03 04:56:01'),
(182463, NULL, '2e2769f95c32d3d0e938f889ff74e977', '2018-12-03 04:56:04'),
(182464, NULL, 'dfc03d64f1ae5fb35d9dbafbf24e2d19', '2018-12-03 04:56:08'),
(182465, NULL, '49daeb9293b5af30fe011325559543ef', '2018-12-03 04:56:15'),
(182466, NULL, '66553978a34954c6c187f313fbbee5b0', '2018-12-03 04:56:17'),
(182467, NULL, 'c85c4589aa7a5a6b0d3c24189173cb43', '2018-12-03 04:56:23'),
(182468, NULL, '1c3fb76c95cb2b1137433e1ae5241c86', '2018-12-03 04:56:25'),
(182469, NULL, '41ac9d69b4cf39b1532b1007e86cc2c4', '2018-12-03 04:56:32'),
(182470, NULL, '5c3badbe621d8e8cdc3c36baf7e3e4db', '2018-12-03 04:56:32'),
(182471, NULL, '1014172211cc5bc69b4d6d4e8f3b06df', '2018-12-03 04:56:33'),
(182472, NULL, 'c672eb3459525c4b4ae156a748293c65', '2018-12-03 04:56:55'),
(182473, NULL, 'c63023dc390977d1009b4c315298f1c1', '2018-12-03 04:57:27'),
(182474, NULL, 'd90b59774ef1c1d8a5c221f24d795ae7', '2018-12-03 04:57:27'),
(182475, NULL, '514524aab26504b3fc5ca330ffd06b1b', '2018-12-03 04:57:31'),
(182476, NULL, 'b0a61dc7f144155f65adb11d5f47482c', '2018-12-03 04:57:40'),
(182477, NULL, 'da3948549b36317cc6e1ae2d6d060c35', '2018-12-03 04:57:44'),
(182478, NULL, '47feb05b18640fc0f715b1fa553d14c0', '2018-12-03 04:57:47'),
(182479, NULL, '16a7d006769a498836cf167d730b103e', '2018-12-03 04:57:49'),
(182480, NULL, '2a8493442cb481ee6f8e7cb269f7e050', '2018-12-03 04:57:52'),
(182481, NULL, '89954429ae84a8b1349e3c50c537c126', '2018-12-03 04:58:01'),
(182482, NULL, '95504223919d6dcdb3ae2224d4389cfb', '2018-12-03 04:58:27'),
(182483, NULL, 'cd8b6bc093e2148c8f79ce993fc2aef6', '2018-12-03 04:58:30'),
(182484, NULL, 'bb28a989d759995256240714ca35a075', '2018-12-03 04:58:46'),
(182485, NULL, '6a15eb09a2e40b0c5ec3e7fc05e1c299', '2018-12-03 04:58:49'),
(182486, NULL, 'c7a8d57415bbcc64c750fa6504ee72f7', '2018-12-03 04:58:52'),
(182487, NULL, '0b1fc932983d8247ce6607b4a9918754', '2018-12-03 04:58:55'),
(182488, NULL, '53b6dc66b7eece264f95c08758ee41b5', '2018-12-03 04:58:58'),
(182489, NULL, '689d29b061bfba7f7d2c1e880dc1a6db', '2018-12-03 04:59:02'),
(182490, NULL, 'b8840a326c24adde71594ae4248189e6', '2018-12-03 04:59:14'),
(182491, NULL, '7ca2507fa685c09d2314b2b9492a7718', '2018-12-03 04:59:18'),
(182492, NULL, '474e511b97d22fe2c6cb7206186b7e6b', '2018-12-03 04:59:21'),
(182493, NULL, 'add51b0bf0848eb2d45252c979923f12', '2018-12-03 04:59:27'),
(182494, NULL, '1819e22c00242c1ecb923abfcd6a47bd', '2018-12-03 04:59:43'),
(182495, NULL, 'c11778ce856ba3e9b81c320c61c5e542', '2018-12-03 04:59:47'),
(182496, NULL, '0b833cbe324a44c0b29b442f86bab442', '2018-12-03 04:59:49'),
(182497, NULL, '8b03fb39e661a8001b05653e7120c6dd', '2018-12-03 05:00:00'),
(182498, NULL, '128d09502d730dc637ce85f2842545e7', '2018-12-03 05:00:13'),
(182499, NULL, 'cf3e9e8e2ebb7f837ed90bd40a797ec0', '2018-12-03 05:00:22'),
(182500, NULL, '1f67059b622ba7726d8927e327a3f3f5', '2018-12-03 05:00:39'),
(182501, NULL, '6fbf80bc03ceffe5e6ce5b58a0f77315', '2018-12-03 05:00:46'),
(182502, NULL, '35f001fe80413a25adb53526b1c2cc95', '2018-12-03 05:00:48'),
(182503, NULL, 'b8bc36d37fca1b2857647ddb0c169701', '2018-12-03 05:00:57'),
(182504, NULL, '35db300646cc148c051f6717d1e2da90', '2018-12-03 05:01:13'),
(182505, NULL, '12467c438d257e6545dc1ab2cdddd2de', '2018-12-03 05:01:16'),
(182506, NULL, 'b866102b524126e3019225024c7689db', '2018-12-03 05:01:18'),
(182507, NULL, 'e732a6a67cdec9a3748123e0dc4d382c', '2018-12-03 05:01:21'),
(182508, NULL, '6dfbc215ecf35643456c10a35234e9dd', '2018-12-03 05:01:24'),
(182509, NULL, '218c4111134544f5907020438940ad58', '2018-12-03 05:01:54'),
(182510, NULL, '1a8ccda25a499d9aef5a942d76650edb', '2018-12-03 05:01:56'),
(182511, NULL, '82f849420287958f1ae4a22b41357fd9', '2018-12-03 05:01:59'),
(182512, NULL, 'cd74ca1a837e60b8c0a05ed3a08bee6c', '2018-12-03 05:02:15'),
(182513, NULL, '0a6e8df8950189dfd404d2fb44224499', '2018-12-03 05:02:39'),
(182514, NULL, '4392f474b78c57751d08b9748d9b803e', '2018-12-03 05:02:44'),
(182515, NULL, '836b68cb6c5ce5085810e43d77237d9c', '2018-12-03 05:02:46'),
(182516, NULL, '4ccdba24444cb38fdb29f2095447bbfe', '2018-12-03 05:02:51'),
(182517, NULL, 'bb19b061426dc42eec34ea499ae3c17d', '2018-12-03 05:02:52'),
(182518, NULL, '3997263cac585b5560474db35e95f932', '2018-12-03 05:02:57'),
(182519, NULL, 'e18be736737ac2977e0fedfcbdc39abc', '2018-12-03 05:02:59'),
(182520, NULL, '0c47ddffafe537539dae843b99f1941d', '2018-12-03 05:03:07'),
(182521, NULL, 'e9d69bd12f79912cc0a7fa8ae5309a5a', '2018-12-03 05:03:13'),
(182522, NULL, 'e77bdeb5092523519ab7f85050dbdb9a', '2018-12-03 05:03:37'),
(182523, NULL, '4a63e86c7731f2ae68061677f14dd103', '2018-12-03 05:03:53'),
(182524, NULL, '1a923e329553c884452de1f706b4e19b', '2018-12-03 05:03:55'),
(182525, NULL, '1c8c56019240d161992d2e3d52b8f04b', '2018-12-03 05:04:14'),
(182526, NULL, '45846df16669fed382c9eaa7d8e316fb', '2018-12-03 05:04:16'),
(182527, NULL, '20e25279776d7e3ac5cb026a9f5402cd', '2018-12-03 05:04:22'),
(182528, NULL, 'e5c03c39efd134b142cf6a46d0bca4e6', '2018-12-03 05:04:24'),
(182529, NULL, 'd0f424566549d742c6c516b3a2bd834b', '2018-12-03 05:04:33'),
(182530, NULL, '99f6e19b2dbf0cd20b9aa826ced79203', '2018-12-03 05:04:34'),
(182531, NULL, 'b7498bd589e3f66028b556158972a117', '2018-12-03 05:04:38'),
(182532, NULL, '9d55fddf4c365ea323c45fbd250894ca', '2018-12-03 05:05:03'),
(182533, NULL, '20f33d7e005b22e94d2902930fd77f1f', '2018-12-03 05:05:04'),
(182534, NULL, '17d4aaf57c92d23789ce629959b4a92c', '2018-12-03 05:05:06'),
(182535, NULL, '30222b1ae95292ace710432d34abc5c8', '2018-12-03 05:05:08'),
(182536, NULL, '316ad32f85a389476e81b5effebd831a', '2018-12-03 05:05:15'),
(182537, NULL, 'c9390afbad5e2d6b3562666576420760', '2018-12-03 05:05:42'),
(182538, NULL, '48791bf5150e4bce1b92706a187e17f4', '2018-12-03 05:05:53'),
(182539, NULL, '51c1c9ff4a030e04a0fbdb9dc085dc9b', '2018-12-03 05:05:56'),
(182540, NULL, '8ee26adf1017fd835186318213ebb842', '2018-12-03 05:06:00'),
(182541, NULL, 'c6bb7e801d8c04a3dee25cb7064ca9ae', '2018-12-03 05:06:26'),
(182542, NULL, '87ad7e1c90fe1b25e4840500c486f3a0', '2018-12-03 05:06:27'),
(182543, NULL, '7ab60af547740aafc015ee5f1312209e', '2018-12-03 05:06:29'),
(182544, NULL, '7a11ae91c70b42f35e7f0094ff550350', '2018-12-03 05:07:04'),
(182545, NULL, 'ffb31d0252db8588433ca5cbba1e7d72', '2018-12-03 05:07:08'),
(182546, NULL, 'c44ce1dc83c596c8d87e5f5f988cf4ee', '2018-12-03 05:07:10'),
(182547, NULL, '7895dc191f243691a5f2991763589a3e', '2018-12-03 05:08:06'),
(182548, NULL, '2d7d58f71d37a222012331675ef33fd1', '2018-12-03 05:08:17'),
(182549, NULL, '9d19e46a097d167d8f56d070f8190c55', '2018-12-03 05:08:45'),
(182550, NULL, '6bf7ec6964b331e50c94fc1a3dd751cc', '2018-12-03 05:08:48'),
(182551, NULL, 'a036f432536dc854fb57590981781989', '2018-12-03 05:08:49'),
(182552, NULL, '0380d47e95153bea655cb3f07e1d38aa', '2018-12-03 05:08:51'),
(182553, NULL, '2186a5ce0c0dcf03780b1a020c005c82', '2018-12-03 05:09:13'),
(182554, NULL, '2f980ab41025ffee7c97541e94cf27c4', '2018-12-03 05:09:28'),
(182555, NULL, 'a8ee21fcb891c5d0dbc87f9c0b641d63', '2018-12-03 05:09:38'),
(182556, NULL, 'b115ddb0634e367eb25aefde6d3755ed', '2018-12-03 05:09:38'),
(182557, NULL, 'b984b82cd250c960ba61be8da9e48b66', '2018-12-03 05:09:39'),
(182558, NULL, '8508e97c3d7c1cfa7d4d3f990378ff48', '2018-12-03 05:09:45'),
(182559, NULL, '03624d16eaa4a58bba1f51f4d2b296a5', '2018-12-03 05:09:49'),
(182560, NULL, 'd59534a2e696ea8c6f8c0e9cc7b85948', '2018-12-03 05:09:52'),
(182561, NULL, '9fdde28e1acde7b3c980cd4079bb965c', '2018-12-03 05:10:29'),
(182562, NULL, '44d43cd6a4b4e3002b1044bd0bab30d7', '2018-12-03 05:10:42'),
(182563, NULL, '08182d3470aab8901b2e3fe026e43e7a', '2018-12-03 05:10:50'),
(182564, NULL, '739a515402a48f599d99c0559b70184b', '2018-12-03 05:11:09'),
(182565, NULL, '867da08f1971b2427ddb79dbd11d1b38', '2018-12-03 05:11:12'),
(182566, NULL, '20b281802f0f8dd04991c4e81998f6a9', '2018-12-03 05:11:28'),
(182567, NULL, '11875f3db8669348444b6286de6f9c22', '2018-12-03 05:11:30'),
(182568, NULL, '8253ba99e1d92271fdaefce76386f152', '2018-12-03 05:11:39'),
(182569, NULL, '4c2230fabfe693efccf0ffc148db0ad3', '2018-12-03 05:11:51'),
(182570, NULL, '42b34b0818d208978934afde8ea58d9b', '2018-12-03 05:12:25'),
(182571, NULL, 'f3b4116bb341b4eaeaaaa19ea37e848e', '2018-12-03 05:12:28'),
(182572, NULL, '82747e4cd92a2f9f53477d2124c7d419', '2018-12-03 05:12:33'),
(182573, NULL, '8e00fc16204bb463a417caec653f9779', '2018-12-03 05:12:37'),
(182574, NULL, 'e61c642b6d78e3624856cac1d848b068', '2018-12-03 05:12:41'),
(182575, NULL, '649a6625884380f2ca4eaf65d6d5991e', '2018-12-03 05:12:56'),
(182576, NULL, '452c2a0e7dfc89ad53c41f934b334fd6', '2018-12-03 05:12:59'),
(182577, NULL, '4a861d530edb9f60a8b793c5b6169f25', '2018-12-03 05:13:10'),
(182578, NULL, '1d588b5b14f9138b20f65561c6f8639e', '2018-12-03 05:13:20'),
(182579, NULL, '8f4de382e89d13dab5cb85633a5679f5', '2018-12-03 05:13:30'),
(182580, NULL, '584292d718d3dcdbc7d076dfee567127', '2018-12-03 05:13:35'),
(182581, NULL, 'f3d5ae2911e82bbe26943472f59e2ef9', '2018-12-03 05:13:37'),
(182582, NULL, '9624308df252014d684564b1236a8ca1', '2018-12-03 05:13:42'),
(182583, NULL, '573c18a4eee990f515bfa70f98518eba', '2018-12-03 05:14:07'),
(182584, NULL, '3987c7d2594774445d866c25cb71749c', '2018-12-03 05:14:15'),
(182585, NULL, '18a5631500bbf427774d0785fc04747e', '2018-12-03 05:14:39'),
(182586, NULL, '676baf26a1fd066a779b985870d94e9f', '2018-12-03 05:15:08'),
(182587, NULL, '6a7f24358d37ce625cf74c990f7baaae', '2018-12-03 05:15:15'),
(182588, NULL, '7ee758eddfcd9de7106bb84c8a87f0ea', '2018-12-03 05:15:54'),
(182589, NULL, '6e24bb7af19b817e096269178f92afcc', '2018-12-03 05:16:02'),
(182590, NULL, '707bc4246ff2000b734dc59cadd6d894', '2018-12-03 05:16:09'),
(182591, NULL, 'c67cb668ffaa21885204b207f9322eaa', '2018-12-03 05:16:16'),
(182592, NULL, '13370e54da06d51325e4516511a3eb3a', '2018-12-03 05:16:18'),
(182593, NULL, 'cd23a86c0f2d95d3b7ea51d47ae756c1', '2018-12-03 05:16:18'),
(182594, NULL, '93a05cef73760b2cbcb1311753c5bdbe', '2018-12-03 05:16:22'),
(182595, NULL, '7ef86d2425c8515025305723f4a52e73', '2018-12-03 05:16:26'),
(182596, NULL, '47401cfae6a19d13a4789d1d76717bfb', '2018-12-03 05:16:39'),
(182597, NULL, 'b3a38c70df10dd7e2bff02aa3a469168', '2018-12-03 05:16:42'),
(182598, NULL, 'b896bbd44a61ed7ca4618842ab479dca', '2018-12-03 05:17:07'),
(182599, NULL, '49a0e923519f4a5ee54249a146e0bf4c', '2018-12-03 05:17:31'),
(182600, NULL, 'efa878c22633302db7ef8966e469b89d', '2018-12-03 05:17:38'),
(182601, NULL, '8089717901c79cab8eaceb0d82d846bf', '2018-12-03 05:17:46'),
(182602, NULL, 'ccd78b0bb69085867dd5723d0b3eb075', '2018-12-03 05:17:51'),
(182603, NULL, 'f1c2d4bfd6cbd6137810d56edbee4925', '2018-12-03 05:17:57'),
(182604, NULL, 'ca4ba765479838fa47c4af9f14bd4835', '2018-12-03 05:18:09'),
(182605, NULL, 'e79680504e605a944ee4ea20c4641d00', '2018-12-03 05:18:22'),
(182606, NULL, 'e2f3806a5755e540aae53b7b9a6f45dd', '2018-12-03 05:18:23'),
(182607, NULL, '75ae861436370b398c002f57d05e3abf', '2018-12-03 05:18:26'),
(182608, NULL, '91dcfe08b7fc2c756b7ae3cbd2a3b8d9', '2018-12-03 05:18:35'),
(182609, NULL, 'ba698806019f55dae29692dc049e4170', '2018-12-03 05:18:40'),
(182610, NULL, '97f6c58bdfc93849cb5d6484591301d9', '2018-12-03 05:18:55'),
(182611, NULL, 'fc364c64051ac86eca19e63ea872ff5d', '2018-12-03 05:19:22'),
(182612, NULL, '8a534ffe37e06f4cd8eab1680735407c', '2018-12-03 05:19:41'),
(182613, NULL, '98abd39755efd0e272532c4b292f23d4', '2018-12-03 05:19:49'),
(182614, NULL, '89661ae58ccdb1c43aa925567c9d6f27', '2018-12-03 05:19:54'),
(182615, NULL, 'f4dda24ed394b1dd49fa81bae62ea475', '2018-12-03 05:19:56'),
(182616, NULL, '6adbe789ea2e606f881b8a5cfbb91e85', '2018-12-03 05:20:00'),
(182617, NULL, 'dafc48f6bf26d2e0c4cb40cb44c8af95', '2018-12-03 05:20:04'),
(182618, NULL, '1e558f8cf427b4cb566668ac27f278a7', '2018-12-03 05:20:12'),
(182619, NULL, '023971c9b274af8f147a40acda93ff9d', '2018-12-03 05:20:17'),
(182620, NULL, '11d7277de761f76ce06744f4f8c1d433', '2018-12-03 05:20:17'),
(182621, NULL, '0886c1328174d795761eb49e7420b9ed', '2018-12-03 05:20:20'),
(182622, NULL, '7a9823a5bb0f91364aae61b5dd37e2ba', '2018-12-03 05:20:23'),
(182623, NULL, 'a7617d62264e38cf1cb80b01065ab11d', '2018-12-03 05:20:26'),
(182624, NULL, 'c8cf680c3f44e751fd7b8732cfc6daa6', '2018-12-03 05:20:37'),
(182625, NULL, 'd28c0e7dd71eed96679b40c339ed44d9', '2018-12-03 05:20:47'),
(182626, NULL, 'de40d6baa775ac16aee06e97eeaffd3b', '2018-12-03 05:20:50'),
(182627, NULL, '3c610e089aa4294b1aac7025f8ce7dba', '2018-12-03 05:20:55'),
(182628, NULL, 'f12ab18247f298965837d145ab60652c', '2018-12-03 05:21:07'),
(182629, NULL, '36530dbcaee748162e887414cd3e3f78', '2018-12-03 05:21:11'),
(182630, NULL, '4fc65057630cdd52250f1daa09fc818b', '2018-12-03 05:21:13'),
(182631, NULL, '1a968ea201867690831bcbe59f4bc91a', '2018-12-03 05:21:27'),
(182632, NULL, '5467f9804d042c2d0d7639ab2a468f06', '2018-12-03 05:21:46'),
(182633, NULL, 'dfd6bcf3d1959a809a77c82b41b64ebf', '2018-12-03 05:21:49'),
(182634, NULL, '5bf174893b108924a062fa1757aedb6c', '2018-12-03 05:22:02'),
(182635, NULL, '3a0845fb304cb66648c9dbd775ce7da7', '2018-12-03 05:22:05'),
(182636, NULL, '96b1595780e5cb596ce2ff2abe8aa819', '2018-12-03 05:22:06'),
(182637, NULL, '5a5ebd0689dd22ab4c162e9b326636a5', '2018-12-03 05:22:35'),
(182638, NULL, '4b4fef50e7671c4d499c9d39add9d8e1', '2018-12-03 05:23:20'),
(182639, NULL, '496731b5e32bc7c0c82adf94a5aecccb', '2018-12-03 05:23:25'),
(182640, NULL, '8a7288c773ee76f8af28f2724d6558f8', '2018-12-03 05:23:34'),
(182641, NULL, 'f67aabeadeec92494f2215858e280491', '2018-12-03 05:23:46'),
(182642, NULL, '38c5dcf3c2c922979a55e37e5deccd52', '2018-12-03 05:23:48'),
(182643, NULL, '25706beb645f517f6c351391d5dcedc0', '2018-12-03 05:23:51'),
(182644, NULL, '321eac7bc526e175881e5f0d560ba626', '2018-12-03 05:23:54'),
(182645, NULL, '9cae3b89489973ded533b887405a02f1', '2018-12-03 05:23:58'),
(182646, NULL, 'e600912039972c3a173399b36f454b60', '2018-12-03 05:24:03'),
(182647, NULL, '109e6467a628bf23650507d7f650f8d1', '2018-12-03 05:24:21'),
(182648, NULL, '155bf55411264c6b54158998624e4065', '2018-12-03 05:24:24'),
(182649, NULL, '7d462a77c68e6e1361763007f8757d32', '2018-12-03 05:24:49'),
(182650, NULL, '865d8adfddfb76c4266335f37db5fa16', '2018-12-03 05:25:06'),
(182651, NULL, '976ed43988d34d0010183ccb63b3b8ee', '2018-12-03 05:25:12'),
(182652, NULL, '40609123518f5f5371c38e2cdf152d78', '2018-12-03 05:25:26'),
(182653, NULL, 'd04973358c8f6031eeff5865f5b53768', '2018-12-03 05:25:32'),
(182654, NULL, 'e7e5ce393cd108773e8ec00cbf58d39b', '2018-12-03 05:25:37'),
(182655, NULL, 'af793fc8d8b469b6cb4528a9f993955d', '2018-12-03 05:25:40'),
(182656, NULL, '21e5cc60730f68d9b09b2a4555ff1af4', '2018-12-03 05:25:42'),
(182657, NULL, '3b6dcd2979295b806b833ae589adce4c', '2018-12-03 05:25:49'),
(182658, NULL, '95b8d521ad0ec951efb9272bc37c802e', '2018-12-03 05:25:55'),
(182659, NULL, '402db3198b30bb7f93e632c77c87174d', '2018-12-03 05:25:58'),
(182660, NULL, '75755ba40fc239f0bb31a222b58860f6', '2018-12-03 05:26:00'),
(182661, NULL, 'ceb4e0cc853e31af4c4a666c1e0024b5', '2018-12-03 05:26:09'),
(182662, NULL, 'fe6f3871be7b9e4ea20e8c9e99d354ae', '2018-12-03 05:26:16'),
(182663, NULL, '2c896ae2d6a9e5a8b22999386680f548', '2018-12-03 05:26:26'),
(182664, NULL, '8f98978a3374a8e1a3bfeedb95e6ff17', '2018-12-03 05:26:47'),
(182665, NULL, '5141244b74504a54414959728a7b8002', '2018-12-03 05:27:16'),
(182666, NULL, '8ccbeb972ea4124f6ac1467e41d66476', '2018-12-03 05:27:30'),
(182667, NULL, 'cba511561db26b07bcde58b294f825ef', '2018-12-03 05:27:34'),
(182668, NULL, 'f30857e0564079a4c3c2c533620e7250', '2018-12-03 05:27:49'),
(182669, NULL, 'd981c1c99cf4a94b9e590e8512bb5e25', '2018-12-03 05:28:43'),
(182670, NULL, '977bf4886256b0020d43569c5347dbd6', '2018-12-03 05:28:09'),
(182671, NULL, '5b49aee65b2b34fb2ee3647bb56c2253', '2018-12-03 05:28:19'),
(182672, NULL, '9a2142434b4f792a47d9d621cd526267', '2018-12-03 05:28:21'),
(182673, NULL, '17c809f569b4521e8126a87dd36621a3', '2018-12-03 05:28:25'),
(182674, NULL, '51724817c5257a7e6879fe3a6a7af5b0', '2018-12-03 05:28:28'),
(182675, NULL, 'bda0c0c4c0b640e077096f72c904116b', '2018-12-03 05:28:52'),
(182676, NULL, 'd2750983ed8334a50a104fbad2ab22c4', '2018-12-03 05:28:56'),
(182677, NULL, '08d74d5f7dbe512a504049f484f4868a', '2018-12-03 05:29:06'),
(182678, NULL, '4869a176a952c243a36ff0f6bf6859cf', '2018-12-03 05:29:16'),
(182679, NULL, 'b86ab3248e1944c80feadd211e226429', '2018-12-03 05:29:44'),
(182680, NULL, '53c51a9a70d93c458f2b4ddd61c8de9a', '2018-12-03 05:29:52'),
(182681, NULL, '645e6f3ebf41d4aabd937fb75045f7fd', '2018-12-03 05:29:52'),
(182682, NULL, 'f5fb758a4b632d7e208b69b0ff34b5b2', '2018-12-03 05:29:56'),
(182683, NULL, 'c1bfcda19cb972cb7808d7da40c65394', '2018-12-03 05:29:59'),
(182684, NULL, '0ef1142645025d10d642ca9dd2e0d4f5', '2018-12-03 05:30:16'),
(182685, NULL, 'ea73f328ee12aba60f94b5025b3abbce', '2018-12-03 05:30:19'),
(182686, NULL, 'f87ceb633934aa97a94dd769df0dbd9c', '2018-12-03 05:30:24'),
(182687, NULL, 'de16009e40b5a17eaa6d8b1afa923317', '2018-12-03 05:30:50'),
(182688, NULL, 'a20977b2889c437b64edda61376a96d0', '2018-12-03 05:31:00'),
(182689, NULL, 'b87a2b0478cfbf1d0e1238ffee18d3ab', '2018-12-03 05:31:03'),
(182690, NULL, '7ba7d3a66e64b90b4c0b91c4cb0f21b7', '2018-12-03 05:31:10'),
(182691, NULL, '866e511ada8aae0440fc55d0f9de3d74', '2018-12-03 05:31:14'),
(182692, NULL, '27bc2bc7173fced838e4e582ff287f9a', '2018-12-03 05:31:16'),
(182693, NULL, '95203e36d3aac07807206ba51c77e2d4', '2018-12-03 05:31:19'),
(182694, NULL, '73bd5676661262b96ed06e06a3322ede', '2018-12-03 05:31:20'),
(182695, NULL, '5b7026a597ae9a5076b90c5b2f067f99', '2018-12-03 05:31:33'),
(182696, NULL, '2a6975dd2927a739231a7c645bd7316b', '2018-12-03 05:31:36'),
(182697, NULL, 'cc11cefd8547bceab3b3d403f7ae67f8', '2018-12-03 05:31:58'),
(182698, NULL, '5b8c9fe3d94438961cec83491bd2df50', '2018-12-03 05:32:03'),
(182699, NULL, 'ea3b4ed05b9cec7a0a959cec28563c8b', '2018-12-03 05:32:08'),
(182700, NULL, '71ff6eeb668458fbc45ce816fe3bf0f8', '2018-12-03 05:32:19'),
(182701, NULL, '1bbbd72c1124e90bd9edf1d797db4d04', '2018-12-03 05:32:22'),
(182702, NULL, '887a4b51b13ccaac6de58e0b2e72ec6a', '2018-12-03 05:32:38'),
(182703, NULL, 'ffa7ee8923387d26af15e401193328f7', '2018-12-03 05:33:02'),
(182704, NULL, '26dcb5b6da524edda346e17daeaf63ea', '2018-12-03 05:33:04'),
(182705, NULL, '16085f0769bdbb7d809f42c3de59b29b', '2018-12-03 05:33:15'),
(182706, NULL, 'd380ad4f2816d051c724be145ddd8fff', '2018-12-03 05:33:31'),
(182707, NULL, '3052eeb159de80e295b7b352686e6b70', '2018-12-03 05:33:38'),
(182708, NULL, '8a09b2d8a3a98267680decd6f013b567', '2018-12-03 05:33:39'),
(182709, NULL, '9fcb997b42350d390209104c8f0f4a95', '2018-12-03 05:33:52'),
(182710, NULL, 'd4009ead9f9db95c724f0b5c55979579', '2018-12-03 05:33:57'),
(182711, NULL, '7066a142c624b8b3e8192aea2f65c400', '2018-12-03 05:34:01'),
(182712, NULL, 'f620532b09056f7d74052e0d9869ad04', '2018-12-03 05:34:33'),
(182713, NULL, '7e939e03a775ccaca8fc2b5de3217003', '2018-12-03 05:34:44'),
(182714, NULL, 'ed04fe34eda764663ee28178d9d720de', '2018-12-03 05:34:47'),
(182715, NULL, '8a404a4cd0c9f18445294e394126bc53', '2018-12-03 05:34:53'),
(182716, NULL, 'fc6a5534506167c8ae87fc4884c73761', '2018-12-03 05:34:59'),
(182717, NULL, 'a1fb9117195f825bbfcf547b2d0dda17', '2018-12-03 05:35:25'),
(182718, NULL, 'b5f4a4e0b9e1ccd2ce17bcd00cef7726', '2018-12-03 05:35:32'),
(182719, NULL, 'd26c7123d544470f4723bcbd2fc36d85', '2018-12-03 05:35:34'),
(182720, NULL, '9cc079286f65d6701ebdc2477f7d7d95', '2018-12-03 05:35:36'),
(182721, NULL, '9deefa670b59ba27f6b0146ff2d317d0', '2018-12-03 05:35:39'),
(182722, NULL, 'b2e9e47b896f3361f3be5ffeb7dea21b', '2018-12-03 05:35:49'),
(182723, NULL, 'f88e725fce5aabb1b357c7277f010171', '2018-12-03 05:35:51'),
(182724, NULL, 'f4e4dfbd8ab1c1316a19c7ec1fcae4df', '2018-12-03 05:35:52'),
(182725, NULL, '57187593f325f415df13c3edf5be1824', '2018-12-03 05:35:56'),
(182726, NULL, '451ac62e06258d9be68699d1b5218a6e', '2018-12-03 05:35:59'),
(182727, NULL, 'cac6a555c5dc07703a0a494800fb4c1b', '2018-12-03 05:36:04'),
(182728, NULL, 'a1664d1e379c779dd51d372c51abd0dd', '2018-12-03 05:36:04'),
(182729, NULL, 'c0c809eca2ebdc026853c9aed319e03f', '2018-12-03 05:36:06'),
(182730, NULL, 'e41dc655f08c753bc5e61e0d78adfb5b', '2018-12-03 05:36:38'),
(182731, NULL, '9ae8c71453ffa97e08e5ac3440303703', '2018-12-03 05:36:41'),
(182732, NULL, '0c81f82ba1feb9935b189de8e7d0ab94', '2018-12-03 05:36:47'),
(182733, NULL, '5359a0f7de72ebd590388744bb7a4a49', '2018-12-03 05:37:04'),
(182734, NULL, 'ce9f39341b623f546f790e6968cf0cef', '2018-12-03 05:37:06'),
(182735, NULL, '7cc01f721827eff96b57f585af114b50', '2018-12-03 05:37:32'),
(182736, NULL, '4633117f8afff8ed1090feb7bcbbfddf', '2018-12-03 05:37:35'),
(182737, NULL, 'f090c05c953ad4c1b3129184bbe91151', '2018-12-03 05:37:38'),
(182738, NULL, '3401d730a2d23fd77d02e2d3d8f3b967', '2018-12-03 05:37:40'),
(182739, NULL, 'd548e0595f044f63150f7efbe9c95676', '2018-12-03 05:37:44'),
(182740, NULL, '3950eaad4a21f46d30ed441d38aa9853', '2018-12-03 05:37:48'),
(182741, NULL, 'db8a78a936fbf7b0de6d006026c426ba', '2018-12-03 05:37:52'),
(182742, NULL, '3f04d244c82623cebf02e40a5bb16b3f', '2018-12-03 05:38:00'),
(182743, NULL, '063fd10ba5f776c9e496064997fdaedd', '2018-12-03 05:38:13'),
(182744, NULL, '9d15f524a0fbdd21d048a440affc1d5d', '2018-12-03 05:38:22'),
(182745, NULL, '528b1922882ab8be6a8a8aae7f2feb6e', '2018-12-03 05:38:25'),
(182746, NULL, 'c775669a9ad8de8940930fa83d50e226', '2018-12-03 05:38:32'),
(182747, NULL, '41b5a842a1c631f42845cac7d137fcef', '2018-12-03 05:38:34'),
(182748, NULL, 'cfa8764aa3720c93bef039952ebb032c', '2018-12-03 05:38:43'),
(182749, NULL, 'b10ffbf73ebba40fe54e6aef5d46851a', '2018-12-03 05:38:45'),
(182750, NULL, 'cad57cc2b25459a14eaafb02256fd8c7', '2018-12-03 05:38:55'),
(182751, NULL, '59955adca0ab7a329ed10483c3d3ecbc', '2018-12-03 05:38:57'),
(182752, NULL, '08aa585cf48f07630655dbd2fe02f332', '2018-12-03 05:38:58'),
(182753, NULL, '557d03bb42f995fc4ed3c31a3cef495a', '2018-12-03 05:39:13'),
(182754, NULL, '0494528e51137e5bf5db478d2683c360', '2018-12-03 05:39:15'),
(182755, NULL, 'f3fedca906b44a5873a9ea97bab1bdc0', '2018-12-03 05:39:19'),
(182756, NULL, 'da58566a5c97f7ca1dbbb0f1b8521cd3', '2018-12-03 05:39:45'),
(182757, NULL, 'baa996d99e24d4f2142a7b4a7bb2b580', '2018-12-03 05:39:47'),
(182758, NULL, '67ae21ac6f0f78b49405466f5776496f', '2018-12-03 05:39:51'),
(182759, NULL, '0473aa517e1d6b9f572ecc5fb95297f8', '2018-12-03 05:39:57'),
(182760, NULL, 'a4dd724d511bb714ae0a0f483fdbb981', '2018-12-03 05:40:00'),
(182761, NULL, 'c5f39555bc5a57f9547a9d2b8066d446', '2018-12-03 05:40:05'),
(182762, NULL, '803410a5c1a63a5bbe42b9658497a404', '2018-12-03 05:40:07'),
(182763, NULL, '5e4483c5eb233c2fd745380290a0b992', '2018-12-03 05:40:15'),
(182764, NULL, 'b74f624e5a47ef2ecf15ce2af6c102fc', '2018-12-03 05:40:39'),
(182765, NULL, 'b8727524ffe9f28d29edff22385c4537', '2018-12-03 05:41:02'),
(182766, NULL, '8145ae601009ee1106f55d1ddec75d57', '2018-12-03 05:41:37'),
(182767, NULL, '551df24da05142a43760d99de7c6d0e2', '2018-12-03 05:41:52'),
(182768, NULL, 'e0604470a554f3461d58fa1dbb7ad135', '2018-12-03 05:41:54'),
(182769, NULL, '802cc0384d2a18cd40786d2e4739ac1b', '2018-12-03 05:42:09'),
(182770, NULL, '173e03b6e8346f024f8f22c3bbe40785', '2018-12-03 05:42:10'),
(182771, NULL, '847379ef69d32613685c92421fb2b6f4', '2018-12-03 05:42:12'),
(182772, NULL, 'bb797b2b1cbf11ed6ee25ca50e476ddd', '2018-12-03 05:42:17'),
(182773, NULL, '84ab752cf2557cb5fbb239f63f560d6a', '2018-12-03 05:42:43'),
(182774, NULL, '15636613ba5ebb29cd68d20418643adf', '2018-12-03 05:43:05'),
(182775, NULL, 'e613f13e461c8a8bacb7145e9369414e', '2018-12-03 05:43:28'),
(182776, NULL, '18e47fd272f1f3fde884c1158f96cb5b', '2018-12-03 05:44:00'),
(182777, NULL, '67997a4a0fc95921788401a717da458c', '2018-12-03 05:44:26'),
(182778, NULL, '8f523e086b21015d9f1ff71696d202cf', '2018-12-03 05:44:30'),
(182779, NULL, '555fe72bb59a765142a9664edd2e327c', '2018-12-03 05:44:54'),
(182780, NULL, 'c6bdd16be7826abfb40c0993945156fc', '2018-12-03 05:44:57'),
(182781, NULL, '028b9564eef25ca1ff2822bee45b6582', '2018-12-03 05:45:01'),
(182782, NULL, 'caf3ca5d3c2596d6c2a580e0a07bfc80', '2018-12-03 05:45:29'),
(182783, NULL, 'c0a160ec9714b7826f1120c853b3bf2c', '2018-12-03 05:45:46'),
(182784, NULL, 'bf92db9b0962b77d2397ae323b0e8d1a', '2018-12-03 05:45:48'),
(182785, NULL, 'fcc68654a4d3a39cd8882e7b2d131161', '2018-12-03 05:45:55'),
(182786, NULL, '479d490cb3a2488b509dfe77d4a09111', '2018-12-03 05:46:35'),
(182787, NULL, '68360c9ba68cca0d447163c7db697d36', '2018-12-03 05:46:49'),
(182788, NULL, 'd7c90c122752e6ef78601d9045f1d226', '2018-12-03 05:47:33'),
(182789, NULL, '6c38f80f3c076bac3e89ff0181d62c2b', '2018-12-03 05:47:33'),
(182790, NULL, 'ade1e90b7210a4656905d3cd33fae583', '2018-12-03 05:47:37'),
(182791, NULL, 'c1ba03245f6374538c75bf73df586f43', '2018-12-03 05:47:41'),
(182792, NULL, 'd1e8e830b3a057a59913d0d1653f0da8', '2018-12-03 05:47:50'),
(182793, NULL, '5d3f62b4b9bfb6ffc3cc817fbd6db80d', '2018-12-03 05:48:31'),
(182794, NULL, '8ee19bae808f4eb1974396bd50c87fbd', '2018-12-03 05:48:21'),
(182795, NULL, 'e9174c5a35f231b4d513e64055d550a7', '2018-12-03 05:48:25'),
(182796, NULL, 'da1da143cd72a1cdfd33cecdacd61def', '2018-12-03 05:48:28'),
(182797, NULL, 'bc27b9c2787ae1bd941e05b341f4d569', '2018-12-03 05:48:53'),
(182798, NULL, '46827a9aa390b83a65e9d352634ca74c', '2018-12-03 05:49:22'),
(182799, NULL, '8fadb8ea7ff994e4f161c7d5db87e265', '2018-12-03 05:49:25'),
(182800, NULL, 'dfc34252226d5ee3fadb763c53b8872e', '2018-12-03 05:49:31'),
(182801, NULL, '91098296d039def6b3ab259119f85bbd', '2018-12-03 05:49:34'),
(182802, NULL, '8908499908de47a2a2de64d2b381428f', '2018-12-03 05:50:17'),
(182803, NULL, '280875c1014f9fa6cf362ca45b874bb5', '2018-12-03 05:50:27'),
(182804, NULL, 'b766a154340498c05d1d52b2f6a90662', '2018-12-03 05:50:30'),
(182805, NULL, 'b3b5cb58ba07d9a11b801f2fcfab8370', '2018-12-03 05:50:38'),
(182806, NULL, '625fe3690ea86c093180bee2f5fa2aa0', '2018-12-03 05:50:39'),
(182807, NULL, 'ef4123c2a2b1cc9d6cd3da3a83990dda', '2018-12-03 05:50:54'),
(182808, NULL, '02deac10923a64b3b2ec8d61ac65ded8', '2018-12-03 05:51:10'),
(182809, NULL, '955f82c0bdeb6e0cd091d35182e2e859', '2018-12-03 05:51:21'),
(182810, NULL, '6275b22cbae5c25b47f145eaa454a34b', '2018-12-03 05:51:21'),
(182811, NULL, 'a2424400acf9d6ffbd4b1500f5615077', '2018-12-03 05:51:23'),
(182812, NULL, '41eee31bbb38e9d146f7169aed008a7c', '2018-12-03 05:51:40'),
(182813, NULL, '013c398239f166f3d0dd5ab6d81a386e', '2018-12-03 05:51:43'),
(182814, NULL, 'de728e0780d091c5cc9290063d9e635c', '2018-12-03 05:51:46'),
(182815, NULL, '7a26aa16224b765dde2028ed0e3c58d1', '2018-12-03 05:51:49'),
(182816, NULL, 'd65ddcba4248e459df4cd96df0e046e2', '2018-12-03 05:52:08'),
(182817, NULL, '456b8ebbb5686ad854748d8bc110b0c5', '2018-12-03 05:52:10'),
(182818, NULL, 'b06dcd0aad728de5364ac612bce0b0f6', '2018-12-03 05:52:30'),
(182819, NULL, '2f08e2e3ea71875c584d081043ec97c3', '2018-12-03 05:52:30'),
(182820, NULL, 'fff57d174c802292f928e36b25b79a18', '2018-12-03 05:52:37'),
(182821, NULL, 'c8415eb1051bd536dc25e01856566c9f', '2018-12-03 05:52:38'),
(182822, NULL, 'ec16468297b71115ff1182daa5f5bec2', '2018-12-03 05:52:50'),
(182823, NULL, '419fba3e37fe3c9658b71dd2f7dd9dfe', '2018-12-03 05:52:56'),
(182824, NULL, '19f56fd256a90d61c57da18a04ad46e6', '2018-12-03 05:53:00'),
(182825, NULL, '2882f9838429bc3d08bd2cd7ce306e29', '2018-12-03 05:53:15'),
(182826, NULL, '8fe24cf29b672a249299165b5d29c5e7', '2018-12-03 05:53:20'),
(182827, NULL, '3ed6dd403374ac06385c17b2700247e4', '2018-12-03 05:53:25'),
(182828, NULL, '11c6e34d5a6f59afc9b0fdc9df8228d8', '2018-12-03 05:53:26'),
(182829, NULL, 'e479dc7a21e12a24210f38e464a55c38', '2018-12-03 05:53:31'),
(182830, NULL, 'eb6bb3227776e17d88f25b0b6e3445a5', '2018-12-03 05:53:39'),
(182831, NULL, '6012e183a72c0c1197dfdc66bfeb0e48', '2018-12-03 05:54:24'),
(182832, NULL, 'a0abb287c41190c3d5cb1ba9cf7fcc09', '2018-12-03 05:54:49'),
(182833, NULL, 'ddb0ce9c0793977357fcb8aa60fb2ca2', '2018-12-03 05:54:52'),
(182834, NULL, 'c9761349414a7c2c23b3f6af341fcf89', '2018-12-03 05:54:56'),
(182835, NULL, '066958e36f8fcd787e94e4415e77f837', '2018-12-03 05:55:05'),
(182836, NULL, '8d943c24f930e82929d72a73cfadd7c0', '2018-12-03 05:55:08'),
(182837, NULL, 'd614aade14e4803470066dfaa201db90', '2018-12-03 05:55:10'),
(182838, NULL, '964b727785b04dedb7a8dae4b708529a', '2018-12-03 05:55:13'),
(182839, NULL, '2d08a5cd50c010a56c4b0d4825960a7f', '2018-12-03 05:55:15'),
(182840, NULL, 'ee44e64bea8034c6180a404a5e512b9e', '2018-12-03 05:55:19'),
(182841, NULL, '9b8826e9e4b5490afe77311638480144', '2018-12-03 05:55:22'),
(182842, NULL, 'bc4ad5c16721be94f97bd935a5ecee6d', '2018-12-03 05:55:24'),
(182843, NULL, 'f6dc621364123a1df944da493caaa8b0', '2018-12-03 05:55:26'),
(182844, NULL, '6a1d4396b9944cb280c5c93f8eb57bbb', '2018-12-03 05:55:36'),
(182845, NULL, 'd00782020557a3e4d632a206b52206e5', '2018-12-03 05:55:39'),
(182846, NULL, '42f653b0276074ea28e082cbb0119b02', '2018-12-03 05:55:50'),
(182847, NULL, '5eb579b24bd77a44e0ec2647ff9f4fad', '2018-12-03 05:55:52'),
(182848, NULL, 'f1fddcd7173b21d3e5b415ca9bfdf2e0', '2018-12-03 05:56:24'),
(182849, NULL, '1c227dd1f65a33b436ae2efa67685bb2', '2018-12-03 05:56:55'),
(182850, NULL, 'f80780bfe4c9c342a2ae6e3dcfd2f2c1', '2018-12-03 05:57:41'),
(182851, NULL, 'd963cf5daa14306e470d980749c8a7a7', '2018-12-03 05:58:28'),
(182852, NULL, 'd7b413dd4c66fde8d4af17045aadf209', '2018-12-03 05:58:33'),
(182853, NULL, '8f787d27d2496efd54a3f9754bcefe36', '2018-12-03 05:58:42'),
(182854, NULL, 'a874fa0520cb2bfa615155c7b0505839', '2018-12-03 05:59:15'),
(182855, NULL, '8851c3f13b4030d7d53bc84c32b308a6', '2018-12-03 05:59:28'),
(182856, NULL, '68c7663557051a3cd472fb9c910baaf8', '2018-12-03 05:59:36'),
(182857, NULL, '6a38c2de61f5b284e34f744060e05398', '2018-12-03 05:59:53'),
(182858, NULL, 'b9809db2f9bd13022af1daaf9421a472', '2018-12-03 06:00:03'),
(182859, NULL, '439bb40aa1141b97a61914326a2887b2', '2018-12-03 06:00:07'),
(182860, NULL, 'fa3c08d978a08998f5309576ce1d9ee4', '2018-12-03 06:00:17'),
(182861, NULL, '7b40c5c3c36c519770cc48d7dc34d643', '2018-12-03 06:00:18'),
(182862, NULL, 'c7705fc3ae4a327291aee1ca06542e04', '2018-12-03 06:02:05'),
(182863, NULL, 'c640711e45e778f062a69de6f24486e9', '2018-12-03 06:02:23'),
(182864, NULL, '029443f16f1ffd60153ed2c2fdfb2e00', '2018-12-03 06:02:28'),
(182865, NULL, '41ed98f6dba92634b984b68f04813b71', '2018-12-03 06:02:31'),
(182866, NULL, 'ff24bb0f98d022f9616c0a5ec3dcd690', '2018-12-03 06:02:33'),
(182867, NULL, '7c8d34388df248ef837ebe2139647f6a', '2018-12-03 06:02:38'),
(182868, NULL, '62dd008494622aa91b5001feba173b10', '2018-12-03 06:02:42'),
(182869, NULL, '58b6b193269830de63cf48ddc8ca74ea', '2018-12-03 06:02:43'),
(182870, NULL, 'fb870b989b75dac30f63b8942ceaed89', '2018-12-03 06:02:45'),
(182871, NULL, 'a6810624e73cc4443ce8bba56d1d4970', '2018-12-03 06:02:50'),
(182872, NULL, '390a6bd46cc69b24d79f5b0c839e759f', '2018-12-03 06:02:52'),
(182873, NULL, 'a7a5d526305b88fcf7bfcad910bc2a84', '2018-12-03 06:02:55'),
(182874, NULL, '243e816f15c95b37214b938cb31d6d15', '2018-12-03 06:02:56'),
(182875, NULL, '40f634f2fa7c5fb7b6c7fba4a619d2c7', '2018-12-03 06:03:22'),
(182876, NULL, 'dbd390a5133d92d973e9ac8d9c808a41', '2018-12-03 06:03:24'),
(182877, NULL, 'f8fdda291ac3ec3dafbac247519d24a6', '2018-12-03 06:03:31'),
(182878, NULL, '610b08980ae46e557005e4dc5c7a4bb4', '2018-12-03 06:04:03'),
(182879, NULL, 'd972f9766d22182d2e70ea8bc57f79a7', '2018-12-03 06:04:39'),
(182880, NULL, 'cd70af2a7bd3ffad2017c316c2ffcf51', '2018-12-03 06:05:24'),
(182881, NULL, '61c6a2cc6f02415ece36faa886a72720', '2018-12-03 06:05:24'),
(182882, NULL, 'c302cb01e00e29dfeab149ec306023f5', '2018-12-03 06:05:25'),
(182883, NULL, '7cf7dee6b367571c54c6f1f3028622fa', '2018-12-03 06:05:54'),
(182884, NULL, 'efb3c90051e699af6b5dc500d5f13f37', '2018-12-03 06:05:57'),
(182885, NULL, '2b57fa5e0513a4b21e876e9d8997ac2d', '2018-12-03 06:06:00'),
(182886, NULL, '5158a133b787b2d23e61b4791ed96353', '2018-12-03 06:06:03'),
(182887, NULL, 'c5fd262755cfbbbd71603604567a6f4f', '2018-12-03 06:06:09'),
(182888, NULL, '2ba1c121ffb6b2092ae34d6ab8e5d28d', '2018-12-03 06:06:12'),
(182889, NULL, 'ec2dbf4b973ec0b0fdb28563ef62ad14', '2018-12-03 06:06:14'),
(182890, NULL, '0f6c9238f010238861b62b684a1e36af', '2018-12-03 06:06:18'),
(182891, NULL, '9dff3a0f37cff2db27e7d5b357607838', '2018-12-03 06:06:50'),
(182892, NULL, '3d2c6727fbb8b89eda84177c81ab54e8', '2018-12-03 06:07:07'),
(182893, NULL, '2a6f696359d5eae1ed04835be6ebeeb2', '2018-12-03 06:07:10'),
(182894, NULL, '66b11fc6282030533fe6af2cba3a39b6', '2018-12-03 06:07:14'),
(182895, NULL, '54f79d75daa25a09c2349f085e723b9c', '2018-12-03 06:07:25'),
(182896, NULL, '79801da58fb4dd6f3919432ef3ed9134', '2018-12-03 06:07:29'),
(182897, NULL, 'bc15ee24b48b4a392eb0db03d3cdf49e', '2018-12-03 06:07:30'),
(182898, NULL, '017dfeff8727006469d1d561bd26c10b', '2018-12-03 06:07:48'),
(182899, NULL, '76b8c880899a804fb6c1307d7f5ae5ce', '2018-12-03 06:08:11'),
(182900, NULL, '301fbede2d5fcfbba7b24e5e95731e0f', '2018-12-03 06:08:15'),
(182901, NULL, '86864d74f75966b93c529c57dc9ffc46', '2018-12-03 06:08:16'),
(182902, NULL, 'f3ca91a963982a946960225dc07c1d0b', '2018-12-03 06:08:18'),
(182903, NULL, 'bec0dfc9f5381c8e0a48aa9015b3f48e', '2018-12-03 06:08:22'),
(182904, NULL, '40888860acdc0360949d269a5e115bc2', '2018-12-03 06:08:30'),
(182905, NULL, 'a3e104ba14504f47eb39edac43cd9cb1', '2018-12-03 06:08:43'),
(182906, NULL, '54e4629de05e0b1b0d29cf40da3fe98d', '2018-12-03 06:08:48'),
(182907, NULL, 'ac56bfd0cca0e9c7a6017d54396f50b1', '2018-12-03 06:08:52'),
(182908, NULL, '5ba13b28dc4ea18f5d79380bf24606f8', '2018-12-03 06:08:55'),
(182909, NULL, 'b2561009921eeb3c6f2e4ddd03b07578', '2018-12-03 06:09:00'),
(182910, NULL, 'be283faea31897bad9845b7c60d6a79d', '2018-12-03 06:09:06'),
(182911, NULL, 'e79b37143fa970ec53dcadca406b131c', '2018-12-03 06:09:16'),
(182912, NULL, '197e031135c10f45478fc18f920decb0', '2018-12-03 06:09:29'),
(182913, NULL, '3f3dcc64381b27d8f012011ec0f2d92e', '2018-12-03 06:09:35'),
(182914, NULL, '9b02395ede73501a90ffc6a6e5163f28', '2018-12-03 06:09:37'),
(182915, NULL, '2efa4272444e4a8b55afff8e79ee9e17', '2018-12-03 06:09:41'),
(182916, NULL, '5463c0577879dbb8ea463b156d695b85', '2018-12-03 06:09:51'),
(182917, NULL, 'b39137ef73dffad7538dc645a74ad765', '2018-12-03 06:10:12'),
(182918, NULL, 'bb1cff3b18bb09c42f74082fe78dba80', '2018-12-03 06:10:19'),
(182919, NULL, '29a137c4a3829a4ecb1bbe52f7e1cc7e', '2018-12-03 06:10:49'),
(182920, NULL, '80f0355d9f094c5fb2dda2cb4f3a7ac1', '2018-12-03 06:11:08'),
(182921, NULL, '2b1e63c184b7b2c10b7207f39bdfa2c0', '2018-12-03 06:11:16'),
(182922, NULL, 'b6b915ca5ca2184d9b1ebf3e6b798208', '2018-12-03 06:11:19'),
(182923, NULL, '8b1975b1219eb4a696c1feb3a044ffbb', '2018-12-03 06:11:32'),
(182924, NULL, '23a193e101ac4415e6bba5e4a6eafc41', '2018-12-03 06:11:57'),
(182925, NULL, 'd41e933a459b8f632dfab44823bdfc4b', '2018-12-03 06:12:11');
INSERT INTO `customer_visitor` (`visitor_id`, `customer_id`, `session_id`, `last_visit_at`) VALUES
(182926, NULL, '59da12bcb01276ce3c4cde9650c92aa3', '2018-12-03 06:12:16'),
(182927, NULL, '74dee4a7d96e7ccc64ba4724a288e8fc', '2018-12-03 06:12:29'),
(182928, NULL, 'aef3bc750f40c98308ce96743d0d5722', '2018-12-03 06:12:35'),
(182929, NULL, 'be2b071a29e695feb941fe412c831872', '2018-12-03 06:12:40'),
(182930, NULL, '6901054ad250960863e30728e432eaf8', '2018-12-03 06:12:51'),
(182931, NULL, '0c574a25a393dfa19f9ba229aa795b32', '2018-12-03 06:12:53'),
(182932, NULL, 'ba04f97203826d9272b6dad61a388e74', '2018-12-03 06:12:57'),
(182933, NULL, 'e7b765c0798e2dbe395f4abdb90876c2', '2018-12-03 06:13:09'),
(182934, NULL, '62743ce5095db8e8ae24971e38d10c34', '2018-12-03 06:13:13'),
(182935, NULL, '53eda6633ce0c8053c07289a9f3c0196', '2018-12-03 06:13:18'),
(182936, NULL, '82e662145e34403d3922108487067659', '2018-12-03 06:13:34'),
(182937, NULL, '3d278f154152305d566bf44dc53ff136', '2018-12-03 06:13:39'),
(182938, NULL, 'be4c3101f99d69d5bd8f8532104ba59c', '2018-12-03 06:13:44'),
(182939, NULL, '03e97a31d2be2837d384376e18a0f2d6', '2018-12-03 06:13:45'),
(182940, NULL, '29e86ab8732a6cd48648d49cf325ed1d', '2018-12-03 06:14:05'),
(182941, NULL, '23583cb140dd0e2f4674a11a1a00ca9f', '2018-12-03 06:14:15'),
(182942, NULL, 'ab1e7431c3449336c08b875c4724a54c', '2018-12-03 06:14:25'),
(182943, NULL, 'e55fd64f305d9bab4f62ab13a2663b57', '2018-12-03 06:14:29'),
(182944, NULL, '17753cfc94b935448f3a578762d899d4', '2018-12-03 06:14:40'),
(182945, NULL, '500c43f21977d0e39ba516f9506be54c', '2018-12-03 06:14:50'),
(182946, NULL, 'dd69d4c6f206f8e2231dec60bf42ecf6', '2018-12-03 06:14:56'),
(182947, NULL, 'ec12c4564fb12c5b40a68834d9d67981', '2018-12-03 06:15:14'),
(182948, NULL, '5592f79e6df087931c7a3c851dfaeebe', '2018-12-03 06:15:16'),
(182949, NULL, '3bcff46687eb5810373e207a9a824d3b', '2018-12-03 06:15:21'),
(182950, NULL, 'be0e72e87cafa602b61d97a7451dcf9d', '2018-12-03 06:15:23'),
(182951, NULL, '6bdc01be54f49eecc13b05351443970d', '2018-12-03 06:15:27'),
(182952, NULL, '39b1b3601efd4b73df66298e991e57c2', '2018-12-03 06:15:52'),
(182953, NULL, '7cb2f4448de79d0d55bb6a54c3fc724d', '2018-12-03 06:15:56'),
(182954, NULL, '8e2c48ff3e6cbf8c6492c2bee057bd60', '2018-12-03 06:16:00'),
(182955, NULL, '85f7385fb1731e7826ea147057a3882a', '2018-12-03 06:16:14'),
(182956, NULL, '840443f655a9f622de7867b7de8d258d', '2018-12-03 06:16:17'),
(182957, NULL, 'fdd033e6ef7de0448ee73dc67f6c2373', '2018-12-03 06:16:18'),
(182958, NULL, 'd86e78176401c9b2e3af3a0bba989971', '2018-12-03 06:16:24'),
(182959, NULL, 'e7e6ac9e99d11c208f7e3b46adcbf56c', '2018-12-03 06:16:28'),
(182960, NULL, '33394fd64a284d1acbe3ba9ffa9019a2', '2018-12-03 06:16:48'),
(182961, NULL, '6268b4690f3f1dd61999f2fa9e59dbff', '2018-12-03 06:16:51'),
(182962, NULL, '7ab15617d92aa6ff018ae4666c989b71', '2018-12-03 06:17:24'),
(182963, NULL, '0c486a5fd80f26428d1686189888ebea', '2018-12-03 06:17:29'),
(182964, NULL, '66fff0dd5faf50095d0965ef41fec2e5', '2018-12-03 06:17:31'),
(182965, NULL, '5ede9945db87d60719cd63ee10df1cd9', '2018-12-03 06:17:32'),
(182966, NULL, '794d4420800c7cfe4d04dd3e7b7d9078', '2018-12-03 06:17:44'),
(182967, NULL, 'ba1a0c8f4c2d2863912a8f38fe381b65', '2018-12-03 06:17:45'),
(182968, NULL, '436db52700dbd1adcf171188a97c17fc', '2018-12-03 06:18:02'),
(182969, NULL, '0f3b9abaedc300cccfb1a2e8d37bbd08', '2018-12-03 06:18:05'),
(182970, NULL, '5ce7f4b39926c1acb6702f358d9d6876', '2018-12-03 06:18:40'),
(182971, NULL, 'ae4b773592b8a3459b0862fed147e40d', '2018-12-03 06:18:42'),
(182972, NULL, 'aabd96eecdc670c77920febe5ff34403', '2018-12-03 06:18:53'),
(182973, NULL, 'eb7692a9631de714694897ad994503cd', '2018-12-03 06:19:03'),
(182974, NULL, '3299e5c2de8668b684e73b837cf5eaa9', '2018-12-03 06:19:30'),
(182975, NULL, '6989e01dcba71be2580dc4c3204cd554', '2018-12-03 06:19:33'),
(182976, NULL, '95e21967a9f58b53f0b51f00a2a7dbcd', '2018-12-03 06:19:33'),
(182977, NULL, '84540c585387efd857bca7fea957025b', '2018-12-03 06:19:56'),
(182978, NULL, '20d3fcac2bbf57a26804fcde0d0fee5d', '2018-12-03 06:20:00'),
(182979, NULL, 'ced2e7ce6ba9c5538d929d17f417808e', '2018-12-03 06:20:03'),
(182980, NULL, '83f9f49fb9e7c2f5de4c7ccbc643d162', '2018-12-03 06:20:07'),
(182981, NULL, 'a641b74d650854a1a69c9b1bd3c5f89d', '2018-12-03 06:20:11'),
(182982, NULL, '48047f797ff100ac0189a7ee73be6d39', '2018-12-03 06:20:16'),
(182983, NULL, '8b4c82138c95f344290d594acc4daae0', '2018-12-03 06:21:04'),
(182984, NULL, '4131c8ee181053f80a38a8a4bad597ff', '2018-12-03 06:21:09'),
(182985, NULL, '5ccccd87123dc80967a4aa957f33b23c', '2018-12-03 06:21:11'),
(182986, NULL, 'e2cc6a33ac1243b2db21158c2893dab7', '2018-12-03 06:21:13'),
(182987, NULL, '4288653e4938e0ffff9e636a8a89f2e7', '2018-12-03 06:21:18'),
(182988, NULL, 'c8d9351ea6b067d1031e8a2a1637b6d9', '2018-12-03 06:21:18'),
(182989, NULL, 'a5223f9cb4d58acd59c0ebe7639a99cb', '2018-12-03 06:21:20'),
(182990, NULL, '85872ff2cf2a42a14c33c3569548f6a6', '2018-12-03 06:21:51'),
(182991, NULL, '529d04f0a905b4df18517a5633ce0ea7', '2018-12-03 06:21:55'),
(182992, NULL, '456deae22ad7e4bd5b437e896cb7f366', '2018-12-03 06:22:00'),
(182993, NULL, '4f3c7885ea5cb83315d5cd448bd96456', '2018-12-03 06:22:03'),
(182994, NULL, '362415bdc5c386ea5329c7b371687acc', '2018-12-03 06:22:09'),
(182995, NULL, '9dab50ae8822054c5671af5b4568c89a', '2018-12-03 06:22:35'),
(182996, NULL, '707ff7fe3d6ccebc2a45a45ea818a06d', '2018-12-03 06:22:41'),
(182997, NULL, '6fc7f0dea702275494d499856a6bbfb4', '2018-12-03 06:22:44'),
(182998, NULL, 'ced6cc72d810a52ab859f1929c06cb3d', '2018-12-03 06:22:47'),
(182999, NULL, '2ca672fb3eeafe0a08eb357350e877c9', '2018-12-03 06:22:50'),
(183000, NULL, 'b288fe4839008041611dae0af8414014', '2018-12-03 06:22:53'),
(183001, NULL, '6e1664a6f849d804dbc2b94dd8547f94', '2018-12-03 06:23:18'),
(183002, NULL, 'fc93484361252137b19fdad86cad610c', '2018-12-03 06:23:25'),
(183003, NULL, 'e38e512c835fc8d38d6a0e5ab59097e7', '2018-12-03 06:23:25'),
(183004, NULL, '3831565d81386180f2aac41274d2bc8a', '2018-12-03 06:23:28'),
(183005, NULL, '8193e599e6f9e8597c949a3a7439fb78', '2018-12-03 06:23:33'),
(183006, NULL, '852a1879173e9bff22ded9573c8daf14', '2018-12-03 06:23:44'),
(183007, NULL, 'da1748feb7e36e9b679c6d80f42ebf8e', '2018-12-03 06:23:52'),
(183008, NULL, '99401aa41c91a9fb789878f196a5f3c1', '2018-12-03 06:23:58'),
(183009, NULL, 'dfe011995152e47ddce63524d21cca84', '2018-12-03 06:25:04'),
(183010, NULL, '1ff765468885de98dfd0c57b1def15ab', '2018-12-03 06:25:41'),
(183011, NULL, 'eee25c3c97631c04153c1331a70ee461', '2018-12-03 06:25:44'),
(183012, NULL, 'f75b4b234c776ad1d89bcadc94407d86', '2018-12-03 06:25:46'),
(183013, NULL, '33b883bb7e2268f1ae448c426b9bec75', '2018-12-03 06:26:29'),
(183014, NULL, 'a697b192f44f42eb911c863b4e155ad0', '2018-12-03 06:26:36'),
(183015, NULL, '4ebf8079cc3327ef4664d56e90e45946', '2018-12-03 06:26:42'),
(183016, NULL, '5837b058b2e8dc1c46a760bdfc460cd4', '2018-12-03 06:27:05'),
(183017, NULL, '6fff426cbd8c775b787962c1b416d56d', '2018-12-03 06:27:07'),
(183018, NULL, '1d7f6063e59a6e806437036411551a6b', '2018-12-03 06:27:14'),
(183019, NULL, '469ecdf297382e4fa8c0f846d589d41b', '2018-12-03 06:27:18'),
(183020, NULL, '49c05f45e096bc57a28409c456d2dcf9', '2018-12-03 06:27:29'),
(183021, NULL, 'b0a08c1c432e51a36248bd3666a72af9', '2018-12-03 06:28:08'),
(183022, NULL, '529fa5cba93d800aca53bdec204b02b0', '2018-12-03 06:28:22'),
(183023, NULL, '19a73d664449a7808b127a7a78238fd5', '2018-12-03 06:28:27'),
(183024, NULL, '0adcffda6c746ea005aecc5f7ef855e3', '2018-12-03 06:28:28'),
(183025, NULL, '437b89bc8dd1693b216ebe9014968751', '2018-12-03 06:28:41'),
(183026, NULL, 'fe396d46e52ce1b10d1cb77246eb0c5f', '2018-12-03 06:28:56'),
(183027, NULL, 'bf1636ba40f33793888feafe314f4f6f', '2018-12-03 06:29:00'),
(183028, NULL, 'e40408da2fb7bd256c2f715bbe8bf858', '2018-12-03 06:29:15'),
(183029, NULL, '3e2c22200737a484d7b05385a810a0b3', '2018-12-03 06:29:21'),
(183030, NULL, '6c38836431bed7fc518d2c9131dc9fa9', '2018-12-03 06:29:24'),
(183031, NULL, '406d444ebf1fc4adec04a2b09f0000a7', '2018-12-03 06:29:45'),
(183032, NULL, 'a6e9e9b150f3a10de3a2dc7e0696ad58', '2018-12-03 06:29:48'),
(183033, NULL, '095044b3146832360717e5d0041d43cc', '2018-12-03 06:29:58'),
(183034, NULL, 'd68107920c98fe5a1f4439d023434cdb', '2018-12-03 06:30:47'),
(183035, NULL, '57e3d0c29ade212264b91e272cee94b2', '2018-12-03 06:31:06'),
(183036, NULL, '60ad207fcb5ce8fc94e7abdb7d262d9b', '2018-12-03 06:31:22'),
(183037, NULL, '6a12ca389d07d2770e149e60c70934f4', '2018-12-03 06:31:22'),
(183038, NULL, '1276f2c5dea4b444e52ed7cf51302c49', '2018-12-03 06:31:37'),
(183039, NULL, '2008cd5ee2af28d6063329a619ffff19', '2018-12-03 06:31:41'),
(183040, NULL, '0d64f173efe4b76eed37168028b11b11', '2018-12-03 06:31:56'),
(183041, NULL, 'e9339ff6cf1161281416983ff91e2b2f', '2018-12-03 06:32:29'),
(183042, NULL, 'e22661914ef6eed7df81bf90d1a4ec62', '2018-12-03 06:32:45'),
(183043, NULL, '838f70838e80b3c9a79013a5289715d0', '2018-12-03 06:32:49'),
(183044, NULL, '5f1382f976f35fffb004bf60a1a5e69a', '2018-12-03 06:32:52'),
(183045, NULL, '533cde33c550793eb80bd3c370efae73', '2018-12-03 06:33:03'),
(183046, NULL, 'ee963e4b8908c83604bcf9366264e76b', '2018-12-03 06:33:14'),
(183047, NULL, 'a37d3173a97346e4cfc849aa666aac90', '2018-12-03 06:33:15'),
(183048, NULL, 'fcee040434e3b2b4fcc718c1f3601cd0', '2018-12-03 06:33:28'),
(183049, NULL, '5ba670a09e6040665ad8921e22027cbb', '2018-12-03 06:33:26'),
(183050, NULL, '4c1924211f44ff5b91074ce71bb1f3be', '2018-12-03 06:33:27'),
(183051, NULL, 'b68ad7725fb8a2be06af698ef80923be', '2018-12-03 06:33:54'),
(183052, NULL, '7d845fe7b3d6a8c4e7868b592879bdcf', '2018-12-03 06:33:57'),
(183053, NULL, '63aaaafe77141808ab0427655c2c5167', '2018-12-03 06:34:16'),
(183054, NULL, '0b731c0a070edc6da9f33cc5e05d2f5d', '2018-12-03 06:34:25'),
(183055, NULL, '0a2178e028d6e439b476efe756ed5e71', '2018-12-03 06:34:32'),
(183056, NULL, '8952eb170a98bb5702a611361da1f270', '2018-12-03 06:34:32'),
(183057, NULL, 'c1e6316fd1a57e6516d3f03aa3acd973', '2018-12-03 06:34:58'),
(183058, NULL, 'ef16a47ec196058e48a32586475a8822', '2018-12-03 06:35:06'),
(183059, NULL, 'cb96c940c61481e20d0ea388d884c22a', '2018-12-03 06:35:39'),
(183060, NULL, '3c62b9c9f5b5252f3a8c531d7f570137', '2018-12-03 06:35:41'),
(183061, NULL, '7ce7671c394ca9736b2f503b489d00e7', '2018-12-03 06:35:52'),
(183062, NULL, '713e7b239576a5bc32ab9cab0fb36012', '2018-12-03 06:36:18'),
(183063, NULL, '3d505bd6c5a67395fab369add1843f5f', '2018-12-03 06:36:21'),
(183064, NULL, 'c3383e5741c4b680e598e3f16f8bd12f', '2018-12-03 06:36:43'),
(183065, NULL, 'ac9effc7128af47524622e6b486058a4', '2018-12-03 06:36:59'),
(183066, NULL, '0bde9626615f9b272e20a7e0c0ea6bfe', '2018-12-03 06:37:03'),
(183067, NULL, 'ba361eca1a3fe38abcccede092ee66cc', '2018-12-03 06:37:10'),
(183068, NULL, '6d23a84eb97a63fee2fee8767594a021', '2018-12-03 06:37:23'),
(183069, NULL, '26ac98cefc23b1cc85c1cbd2e5efefcd', '2018-12-03 06:38:05'),
(183070, NULL, 'ac871cfe9f47c9533921b7671e3eb299', '2018-12-03 06:38:17'),
(183071, NULL, 'b21aa0fddcc5720deaccb814f4664458', '2018-12-03 06:38:33'),
(183072, NULL, 'e21ec4dec84e357eca299df0224b4cf4', '2018-12-03 06:38:51'),
(183073, NULL, '67b79d1650879a7d0e012e86b3b941d6', '2018-12-03 06:39:16'),
(183074, NULL, '40e9aa44fe1ceba65c92b476e7077f56', '2018-12-03 06:39:18'),
(183075, NULL, '42392c21895d1522bdc98cbc2c7a1ed6', '2018-12-03 06:40:15'),
(183076, NULL, '76cc45965eb589c6605e86253617976f', '2018-12-03 06:40:42'),
(183077, NULL, 'dbc1cd018bb5f24d1179a929277f8c75', '2018-12-03 06:41:28'),
(183078, NULL, 'eb5de134f2bf332b3e147d3b03d430be', '2018-12-03 06:41:50'),
(183079, NULL, '60d658fa19aaca78074c69362e06fa82', '2018-12-03 06:42:11'),
(183080, NULL, '0bd9b501ee0a02e2fb51acdf6ca66f5b', '2018-12-03 06:42:14'),
(183081, NULL, '75b2d09224de7e38bac551152afe3ae0', '2018-12-03 06:42:17'),
(183082, NULL, 'ab005dbf4569aa9d1da173872bd2ec27', '2018-12-03 06:42:21'),
(183083, NULL, 'c8bbc59391f9c22adc130d80f708825b', '2018-12-03 06:42:23'),
(183084, NULL, '2c5a27469e33d19a0603aaf2cbb5e184', '2018-12-03 06:42:29'),
(183085, NULL, '9a1f39da083ba6eaab9993a5d97923f5', '2018-12-03 06:42:40'),
(183086, NULL, '0953d80c18eee10636e79be1d52d001b', '2018-12-03 06:42:51'),
(183087, NULL, '9a12a0fd533334f4e63f907a7495bde0', '2018-12-03 06:43:03'),
(183088, NULL, '074cb35bac0d2d939d5e0dda869cc21b', '2018-12-03 06:43:26'),
(183089, NULL, '95c2e8f40fc318a12c92944fffe656c3', '2018-12-03 06:43:29'),
(183090, NULL, '55eb43c72e5c69ad1258a3a623ff9f35', '2018-12-03 06:43:31'),
(183091, NULL, 'bc1cd386dbaf73f62ef89d6a500cae52', '2018-12-03 06:43:36'),
(183092, NULL, '6b1b8cec6d998d55ac00488774fa76cd', '2018-12-03 06:43:40'),
(183093, NULL, 'a3bb1b0084a3a42ccd5715d8a8133773', '2018-12-03 06:43:51'),
(183094, NULL, '27643df023b33c67e154c8f209c51896', '2018-12-03 06:44:00'),
(183095, NULL, 'ae1ca456ae93b8c0281b4a74570b5b81', '2018-12-03 06:44:06'),
(183096, NULL, '914823855930e12d79258755ce00df88', '2018-12-03 06:44:09'),
(183097, NULL, 'ea25789b8d09238b1d19c1d6b299abc9', '2018-12-03 06:44:13'),
(183098, NULL, '895f35cc5a76280c302f67c5fff65bab', '2018-12-03 06:44:18'),
(183099, NULL, '2b37c1a563b15458b164fc0d7458e076', '2018-12-03 06:44:18'),
(183100, NULL, '7dc3e51c06bbe2cbb5af1afdec94adc6', '2018-12-03 06:44:41'),
(183101, NULL, 'ef3c6625e8919820df6c2476a10b92f9', '2018-12-03 06:44:44'),
(183102, NULL, 'cc202707f19d4bca00df117b7402933b', '2018-12-03 06:44:48'),
(183103, NULL, '1881a605dd813f7e4725096a516cea58', '2018-12-03 06:44:49'),
(183104, NULL, '841906ed526dade902f67cee4dfc2b61', '2018-12-03 06:45:00'),
(183105, NULL, '7223e341bd9e7ffe2534810fdd114a1a', '2018-12-03 06:45:04'),
(183106, NULL, '50460db60ba4e2b5cd02808db7994bd3', '2018-12-03 06:45:16'),
(183107, NULL, 'd4ac53a2515ea461eb2b93386e6e4023', '2018-12-03 06:45:21'),
(183108, NULL, 'd447654e16410c53d23a3e89c4a0ac87', '2018-12-03 06:45:31'),
(183109, NULL, 'ad0b86608ac02735aad10655a5be5e8a', '2018-12-03 06:45:36'),
(183110, NULL, 'adaf49651034932458ed11509b380fef', '2018-12-03 06:45:41'),
(183111, NULL, '99ae6bea4563845a878ffb8af1ce2fbd', '2018-12-03 06:45:58'),
(183112, NULL, 'caa643db4f086c123ab1bcf1d3e86417', '2018-12-03 06:46:42'),
(183113, NULL, '2a84fe9cf981d8088ca425fec2795aa3', '2018-12-03 06:46:49'),
(183114, NULL, '40e67385044cddc085a5b0323e76cd13', '2018-12-03 06:47:24'),
(183115, NULL, '4e8ccaeef80685e9887096a9f3e18aee', '2018-12-03 06:47:45'),
(183116, NULL, '02cbf6c500a96df665aa80926f44bbcf', '2018-12-03 06:47:51'),
(183117, NULL, '7bbd3bac927807e0cdb69777002e2a37', '2018-12-03 06:47:51'),
(183118, NULL, 'd64c521bd783edc00cc6f9041b4e9f55', '2018-12-03 06:48:13'),
(183119, NULL, '37a04789a9a3e21df29547e47e986cfd', '2018-12-03 06:48:18'),
(183120, NULL, '7b7ed200f9e6ec7443c375c98e8a6883', '2018-12-03 06:48:21'),
(183121, NULL, '1a8d8fd9d13712d6f731faa395639a37', '2018-12-03 06:48:28'),
(183122, NULL, 'ed0ff78e19363d5b4d3480390ff4ef76', '2018-12-03 06:48:31'),
(183123, NULL, 'b920a4d3a1cb384cd64b93697eb00a82', '2018-12-03 06:48:35'),
(183124, NULL, '0007b9c664284eca56470d009f33674d', '2018-12-03 06:48:40'),
(183125, NULL, '3b293d512d8d45bcf4269f8f15399afa', '2018-12-03 06:48:53'),
(183126, NULL, '5c01106334edcb87572aa20e74d17ca9', '2018-12-03 06:48:58');

-- --------------------------------------------------------

--
-- Table structure for table `design_change`
--

CREATE TABLE `design_change` (
  `design_change_id` int(11) NOT NULL COMMENT 'Design Change Id',
  `store_id` smallint(5) UNSIGNED NOT NULL DEFAULT '0' COMMENT 'Store Id',
  `design` varchar(255) DEFAULT NULL COMMENT 'Design',
  `date_from` date DEFAULT NULL COMMENT 'First Date of Design Activity',
  `date_to` date DEFAULT NULL COMMENT 'Last Date of Design Activity'
) ENGINE=InnoDB DEFAULT CHARSET=utf8 COMMENT='Design Changes';

-- --------------------------------------------------------

--
-- Table structure for table `design_config_grid_flat`
--

CREATE TABLE `design_config_grid_flat` (
  `entity_id` int(10) UNSIGNED NOT NULL COMMENT 'Entity ID',
  `store_website_id` int(11) DEFAULT NULL COMMENT 'Store_website_id',
  `store_group_id` int(11) DEFAULT NULL COMMENT 'Store_group_id',
  `store_id` int(11) DEFAULT NULL COMMENT 'Store_id',
  `theme_theme_id` varchar(255) DEFAULT NULL COMMENT 'Theme_theme_id'
) ENGINE=InnoDB DEFAULT CHARSET=utf8 COMMENT='design_config_grid_flat';

--
-- Dumping data for table `design_config_grid_flat`
--

INSERT INTO `design_config_grid_flat` (`entity_id`, `store_website_id`, `store_group_id`, `store_id`, `theme_theme_id`) VALUES
(0, NULL, NULL, NULL, '4'),
(1, 1, NULL, NULL, '4'),
(2, 1, 1, 1, '4'),
(3, 1, 1, 2, '4'),
(4, 1, 1, 3, '4');

-- --------------------------------------------------------

--
-- Table structure for table `directory_country`
--

CREATE TABLE `directory_country` (
  `country_id` varchar(2) NOT NULL COMMENT 'Country Id in ISO-2',
  `iso2_code` varchar(2) DEFAULT NULL COMMENT 'Country ISO-2 format',
  `iso3_code` varchar(3) DEFAULT NULL COMMENT 'Country ISO-3'
) ENGINE=InnoDB DEFAULT CHARSET=utf8 COMMENT='Directory Country';

--
-- Dumping data for table `directory_country`
--

INSERT INTO `directory_country` (`country_id`, `iso2_code`, `iso3_code`) VALUES
('AD', 'AD', 'AND'),
('AE', 'AE', 'ARE'),
('AF', 'AF', 'AFG'),
('AG', 'AG', 'ATG'),
('AI', 'AI', 'AIA'),
('AL', 'AL', 'ALB'),
('AM', 'AM', 'ARM'),
('AN', 'AN', 'ANT'),
('AO', 'AO', 'AGO'),
('AQ', 'AQ', 'ATA'),
('AR', 'AR', 'ARG'),
('AS', 'AS', 'ASM'),
('AT', 'AT', 'AUT'),
('AU', 'AU', 'AUS'),
('AW', 'AW', 'ABW'),
('AX', 'AX', 'ALA'),
('AZ', 'AZ', 'AZE'),
('BA', 'BA', 'BIH'),
('BB', 'BB', 'BRB'),
('BD', 'BD', 'BGD'),
('BE', 'BE', 'BEL'),
('BF', 'BF', 'BFA'),
('BG', 'BG', 'BGR'),
('BH', 'BH', 'BHR'),
('BI', 'BI', 'BDI'),
('BJ', 'BJ', 'BEN'),
('BL', 'BL', 'BLM'),
('BM', 'BM', 'BMU'),
('BN', 'BN', 'BRN'),
('BO', 'BO', 'BOL'),
('BR', 'BR', 'BRA'),
('BS', 'BS', 'BHS'),
('BT', 'BT', 'BTN'),
('BV', 'BV', 'BVT'),
('BW', 'BW', 'BWA'),
('BY', 'BY', 'BLR'),
('BZ', 'BZ', 'BLZ'),
('CA', 'CA', 'CAN'),
('CC', 'CC', 'CCK'),
('CD', 'CD', 'COD'),
('CF', 'CF', 'CAF'),
('CG', 'CG', 'COG'),
('CH', 'CH', 'CHE'),
('CI', 'CI', 'CIV'),
('CK', 'CK', 'COK'),
('CL', 'CL', 'CHL'),
('CM', 'CM', 'CMR'),
('CN', 'CN', 'CHN'),
('CO', 'CO', 'COL'),
('CR', 'CR', 'CRI'),
('CU', 'CU', 'CUB'),
('CV', 'CV', 'CPV'),
('CX', 'CX', 'CXR'),
('CY', 'CY', 'CYP'),
('CZ', 'CZ', 'CZE'),
('DE', 'DE', 'DEU'),
('DJ', 'DJ', 'DJI'),
('DK', 'DK', 'DNK'),
('DM', 'DM', 'DMA'),
('DO', 'DO', 'DOM'),
('DZ', 'DZ', 'DZA'),
('EC', 'EC', 'ECU'),
('EE', 'EE', 'EST'),
('EG', 'EG', 'EGY'),
('EH', 'EH', 'ESH'),
('ER', 'ER', 'ERI'),
('ES', 'ES', 'ESP'),
('ET', 'ET', 'ETH'),
('FI', 'FI', 'FIN'),
('FJ', 'FJ', 'FJI'),
('FK', 'FK', 'FLK'),
('FM', 'FM', 'FSM'),
('FO', 'FO', 'FRO'),
('FR', 'FR', 'FRA'),
('GA', 'GA', 'GAB'),
('GB', 'GB', 'GBR'),
('GD', 'GD', 'GRD'),
('GE', 'GE', 'GEO'),
('GF', 'GF', 'GUF'),
('GG', 'GG', 'GGY'),
('GH', 'GH', 'GHA'),
('GI', 'GI', 'GIB'),
('GL', 'GL', 'GRL'),
('GM', 'GM', 'GMB'),
('GN', 'GN', 'GIN'),
('GP', 'GP', 'GLP'),
('GQ', 'GQ', 'GNQ'),
('GR', 'GR', 'GRC'),
('GS', 'GS', 'SGS'),
('GT', 'GT', 'GTM'),
('GU', 'GU', 'GUM'),
('GW', 'GW', 'GNB'),
('GY', 'GY', 'GUY'),
('HK', 'HK', 'HKG'),
('HM', 'HM', 'HMD'),
('HN', 'HN', 'HND'),
('HR', 'HR', 'HRV'),
('HT', 'HT', 'HTI'),
('HU', 'HU', 'HUN'),
('ID', 'ID', 'IDN'),
('IE', 'IE', 'IRL'),
('IL', 'IL', 'ISR'),
('IM', 'IM', 'IMN'),
('IN', 'IN', 'IND'),
('IO', 'IO', 'IOT'),
('IQ', 'IQ', 'IRQ'),
('IR', 'IR', 'IRN'),
('IS', 'IS', 'ISL'),
('IT', 'IT', 'ITA'),
('JE', 'JE', 'JEY'),
('JM', 'JM', 'JAM'),
('JO', 'JO', 'JOR'),
('JP', 'JP', 'JPN'),
('KE', 'KE', 'KEN'),
('KG', 'KG', 'KGZ'),
('KH', 'KH', 'KHM'),
('KI', 'KI', 'KIR'),
('KM', 'KM', 'COM'),
('KN', 'KN', 'KNA'),
('KP', 'KP', 'PRK'),
('KR', 'KR', 'KOR'),
('KW', 'KW', 'KWT'),
('KY', 'KY', 'CYM'),
('KZ', 'KZ', 'KAZ'),
('LA', 'LA', 'LAO'),
('LB', 'LB', 'LBN'),
('LC', 'LC', 'LCA'),
('LI', 'LI', 'LIE'),
('LK', 'LK', 'LKA'),
('LR', 'LR', 'LBR'),
('LS', 'LS', 'LSO'),
('LT', 'LT', 'LTU'),
('LU', 'LU', 'LUX'),
('LV', 'LV', 'LVA'),
('LY', 'LY', 'LBY'),
('MA', 'MA', 'MAR'),
('MC', 'MC', 'MCO'),
('MD', 'MD', 'MDA'),
('ME', 'ME', 'MNE'),
('MF', 'MF', 'MAF'),
('MG', 'MG', 'MDG'),
('MH', 'MH', 'MHL'),
('MK', 'MK', 'MKD'),
('ML', 'ML', 'MLI'),
('MM', 'MM', 'MMR'),
('MN', 'MN', 'MNG'),
('MO', 'MO', 'MAC'),
('MP', 'MP', 'MNP'),
('MQ', 'MQ', 'MTQ'),
('MR', 'MR', 'MRT'),
('MS', 'MS', 'MSR'),
('MT', 'MT', 'MLT'),
('MU', 'MU', 'MUS'),
('MV', 'MV', 'MDV'),
('MW', 'MW', 'MWI'),
('MX', 'MX', 'MEX'),
('MY', 'MY', 'MYS'),
('MZ', 'MZ', 'MOZ'),
('NA', 'NA', 'NAM'),
('NC', 'NC', 'NCL'),
('NE', 'NE', 'NER'),
('NF', 'NF', 'NFK'),
('NG', 'NG', 'NGA'),
('NI', 'NI', 'NIC'),
('NL', 'NL', 'NLD'),
('NO', 'NO', 'NOR'),
('NP', 'NP', 'NPL'),
('NR', 'NR', 'NRU'),
('NU', 'NU', 'NIU'),
('NZ', 'NZ', 'NZL'),
('OM', 'OM', 'OMN'),
('PA', 'PA', 'PAN'),
('PE', 'PE', 'PER'),
('PF', 'PF', 'PYF'),
('PG', 'PG', 'PNG'),
('PH', 'PH', 'PHL'),
('PK', 'PK', 'PAK'),
('PL', 'PL', 'POL'),
('PM', 'PM', 'SPM'),
('PN', 'PN', 'PCN'),
('PS', 'PS', 'PSE'),
('PT', 'PT', 'PRT'),
('PW', 'PW', 'PLW'),
('PY', 'PY', 'PRY'),
('QA', 'QA', 'QAT'),
('RE', 'RE', 'REU'),
('RO', 'RO', 'ROU'),
('RS', 'RS', 'SRB'),
('RU', 'RU', 'RUS'),
('RW', 'RW', 'RWA'),
('SA', 'SA', 'SAU'),
('SB', 'SB', 'SLB'),
('SC', 'SC', 'SYC'),
('SD', 'SD', 'SDN'),
('SE', 'SE', 'SWE'),
('SG', 'SG', 'SGP'),
('SH', 'SH', 'SHN'),
('SI', 'SI', 'SVN'),
('SJ', 'SJ', 'SJM'),
('SK', 'SK', 'SVK'),
('SL', 'SL', 'SLE'),
('SM', 'SM', 'SMR'),
('SN', 'SN', 'SEN'),
('SO', 'SO', 'SOM'),
('SR', 'SR', 'SUR'),
('ST', 'ST', 'STP'),
('SV', 'SV', 'SLV'),
('SY', 'SY', 'SYR'),
('SZ', 'SZ', 'SWZ'),
('TC', 'TC', 'TCA'),
('TD', 'TD', 'TCD'),
('TF', 'TF', 'ATF'),
('TG', 'TG', 'TGO'),
('TH', 'TH', 'THA'),
('TJ', 'TJ', 'TJK'),
('TK', 'TK', 'TKL'),
('TL', 'TL', 'TLS'),
('TM', 'TM', 'TKM'),
('TN', 'TN', 'TUN'),
('TO', 'TO', 'TON'),
('TR', 'TR', 'TUR'),
('TT', 'TT', 'TTO'),
('TV', 'TV', 'TUV'),
('TW', 'TW', 'TWN'),
('TZ', 'TZ', 'TZA'),
('UA', 'UA', 'UKR'),
('UG', 'UG', 'UGA'),
('UM', 'UM', 'UMI'),
('US', 'US', 'USA'),
('UY', 'UY', 'URY'),
('UZ', 'UZ', 'UZB'),
('VA', 'VA', 'VAT'),
('VC', 'VC', 'VCT'),
('VE', 'VE', 'VEN'),
('VG', 'VG', 'VGB'),
('VI', 'VI', 'VIR'),
('VN', 'VN', 'VNM'),
('VU', 'VU', 'VUT'),
('WF', 'WF', 'WLF'),
('WS', 'WS', 'WSM'),
('YE', 'YE', 'YEM'),
('YT', 'YT', 'MYT'),
('ZA', 'ZA', 'ZAF'),
('ZM', 'ZM', 'ZMB'),
('ZW', 'ZW', 'ZWE');

-- --------------------------------------------------------

--
-- Table structure for table `directory_country_format`
--

CREATE TABLE `directory_country_format` (
  `country_format_id` int(10) UNSIGNED NOT NULL COMMENT 'Country Format Id',
  `country_id` varchar(2) DEFAULT NULL COMMENT 'Country Id in ISO-2',
  `type` varchar(30) DEFAULT NULL COMMENT 'Country Format Type',
  `format` text NOT NULL COMMENT 'Country Format'
) ENGINE=InnoDB DEFAULT CHARSET=utf8 COMMENT='Directory Country Format';

-- --------------------------------------------------------

--
-- Table structure for table `directory_country_region`
--

CREATE TABLE `directory_country_region` (
  `region_id` int(10) UNSIGNED NOT NULL COMMENT 'Region Id',
  `country_id` varchar(4) NOT NULL DEFAULT '0' COMMENT 'Country Id in ISO-2',
  `code` varchar(32) DEFAULT NULL COMMENT 'Region code',
  `default_name` varchar(255) DEFAULT NULL COMMENT 'Region Name'
) ENGINE=InnoDB DEFAULT CHARSET=utf8 COMMENT='Directory Country Region';

--
-- Dumping data for table `directory_country_region`
--

INSERT INTO `directory_country_region` (`region_id`, `country_id`, `code`, `default_name`) VALUES
(1, 'US', 'AL', 'Alabama'),
(2, 'US', 'AK', 'Alaska'),
(3, 'US', 'AS', 'American Samoa'),
(4, 'US', 'AZ', 'Arizona'),
(5, 'US', 'AR', 'Arkansas'),
(6, 'US', 'AE', 'Armed Forces Africa'),
(7, 'US', 'AA', 'Armed Forces Americas'),
(8, 'US', 'AE', 'Armed Forces Canada'),
(9, 'US', 'AE', 'Armed Forces Europe'),
(10, 'US', 'AE', 'Armed Forces Middle East'),
(11, 'US', 'AP', 'Armed Forces Pacific'),
(12, 'US', 'CA', 'California'),
(13, 'US', 'CO', 'Colorado'),
(14, 'US', 'CT', 'Connecticut'),
(15, 'US', 'DE', 'Delaware'),
(16, 'US', 'DC', 'District of Columbia'),
(17, 'US', 'FM', 'Federated States Of Micronesia'),
(18, 'US', 'FL', 'Florida'),
(19, 'US', 'GA', 'Georgia'),
(20, 'US', 'GU', 'Guam'),
(21, 'US', 'HI', 'Hawaii'),
(22, 'US', 'ID', 'Idaho'),
(23, 'US', 'IL', 'Illinois'),
(24, 'US', 'IN', 'Indiana'),
(25, 'US', 'IA', 'Iowa'),
(26, 'US', 'KS', 'Kansas'),
(27, 'US', 'KY', 'Kentucky'),
(28, 'US', 'LA', 'Louisiana'),
(29, 'US', 'ME', 'Maine'),
(30, 'US', 'MH', 'Marshall Islands'),
(31, 'US', 'MD', 'Maryland'),
(32, 'US', 'MA', 'Massachusetts'),
(33, 'US', 'MI', 'Michigan'),
(34, 'US', 'MN', 'Minnesota'),
(35, 'US', 'MS', 'Mississippi'),
(36, 'US', 'MO', 'Missouri'),
(37, 'US', 'MT', 'Montana'),
(38, 'US', 'NE', 'Nebraska'),
(39, 'US', 'NV', 'Nevada'),
(40, 'US', 'NH', 'New Hampshire'),
(41, 'US', 'NJ', 'New Jersey'),
(42, 'US', 'NM', 'New Mexico'),
(43, 'US', 'NY', 'New York'),
(44, 'US', 'NC', 'North Carolina'),
(45, 'US', 'ND', 'North Dakota'),
(46, 'US', 'MP', 'Northern Mariana Islands'),
(47, 'US', 'OH', 'Ohio'),
(48, 'US', 'OK', 'Oklahoma'),
(49, 'US', 'OR', 'Oregon'),
(50, 'US', 'PW', 'Palau'),
(51, 'US', 'PA', 'Pennsylvania'),
(52, 'US', 'PR', 'Puerto Rico'),
(53, 'US', 'RI', 'Rhode Island'),
(54, 'US', 'SC', 'South Carolina'),
(55, 'US', 'SD', 'South Dakota'),
(56, 'US', 'TN', 'Tennessee'),
(57, 'US', 'TX', 'Texas'),
(58, 'US', 'UT', 'Utah'),
(59, 'US', 'VT', 'Vermont'),
(60, 'US', 'VI', 'Virgin Islands'),
(61, 'US', 'VA', 'Virginia'),
(62, 'US', 'WA', 'Washington'),
(63, 'US', 'WV', 'West Virginia'),
(64, 'US', 'WI', 'Wisconsin'),
(65, 'US', 'WY', 'Wyoming'),
(66, 'CA', 'AB', 'Alberta'),
(67, 'CA', 'BC', 'British Columbia'),
(68, 'CA', 'MB', 'Manitoba'),
(69, 'CA', 'NL', 'Newfoundland and Labrador'),
(70, 'CA', 'NB', 'New Brunswick'),
(71, 'CA', 'NS', 'Nova Scotia'),
(72, 'CA', 'NT', 'Northwest Territories'),
(73, 'CA', 'NU', 'Nunavut'),
(74, 'CA', 'ON', 'Ontario'),
(75, 'CA', 'PE', 'Prince Edward Island'),
(76, 'CA', 'QC', 'Quebec'),
(77, 'CA', 'SK', 'Saskatchewan'),
(78, 'CA', 'YT', 'Yukon Territory'),
(79, 'DE', 'NDS', 'Niedersachsen'),
(80, 'DE', 'BAW', 'Baden-Württemberg'),
(81, 'DE', 'BAY', 'Bayern'),
(82, 'DE', 'BER', 'Berlin'),
(83, 'DE', 'BRG', 'Brandenburg'),
(84, 'DE', 'BRE', 'Bremen'),
(85, 'DE', 'HAM', 'Hamburg'),
(86, 'DE', 'HES', 'Hessen'),
(87, 'DE', 'MEC', 'Mecklenburg-Vorpommern'),
(88, 'DE', 'NRW', 'Nordrhein-Westfalen'),
(89, 'DE', 'RHE', 'Rheinland-Pfalz'),
(90, 'DE', 'SAR', 'Saarland'),
(91, 'DE', 'SAS', 'Sachsen'),
(92, 'DE', 'SAC', 'Sachsen-Anhalt'),
(93, 'DE', 'SCN', 'Schleswig-Holstein'),
(94, 'DE', 'THE', 'Thüringen'),
(95, 'AT', 'WI', 'Wien'),
(96, 'AT', 'NO', 'Niederösterreich'),
(97, 'AT', 'OO', 'Oberösterreich'),
(98, 'AT', 'SB', 'Salzburg'),
(99, 'AT', 'KN', 'Kärnten'),
(100, 'AT', 'ST', 'Steiermark'),
(101, 'AT', 'TI', 'Tirol'),
(102, 'AT', 'BL', 'Burgenland'),
(103, 'AT', 'VB', 'Vorarlberg'),
(104, 'CH', 'AG', 'Aargau'),
(105, 'CH', 'AI', 'Appenzell Innerrhoden'),
(106, 'CH', 'AR', 'Appenzell Ausserrhoden'),
(107, 'CH', 'BE', 'Bern'),
(108, 'CH', 'BL', 'Basel-Landschaft'),
(109, 'CH', 'BS', 'Basel-Stadt'),
(110, 'CH', 'FR', 'Freiburg'),
(111, 'CH', 'GE', 'Genf'),
(112, 'CH', 'GL', 'Glarus'),
(113, 'CH', 'GR', 'Graubünden'),
(114, 'CH', 'JU', 'Jura'),
(115, 'CH', 'LU', 'Luzern'),
(116, 'CH', 'NE', 'Neuenburg'),
(117, 'CH', 'NW', 'Nidwalden'),
(118, 'CH', 'OW', 'Obwalden'),
(119, 'CH', 'SG', 'St. Gallen'),
(120, 'CH', 'SH', 'Schaffhausen'),
(121, 'CH', 'SO', 'Solothurn'),
(122, 'CH', 'SZ', 'Schwyz'),
(123, 'CH', 'TG', 'Thurgau'),
(124, 'CH', 'TI', 'Tessin'),
(125, 'CH', 'UR', 'Uri'),
(126, 'CH', 'VD', 'Waadt'),
(127, 'CH', 'VS', 'Wallis'),
(128, 'CH', 'ZG', 'Zug'),
(129, 'CH', 'ZH', 'Zürich'),
(130, 'ES', 'A Coruсa', 'A Coruña'),
(131, 'ES', 'Alava', 'Alava'),
(132, 'ES', 'Albacete', 'Albacete'),
(133, 'ES', 'Alicante', 'Alicante'),
(134, 'ES', 'Almeria', 'Almeria'),
(135, 'ES', 'Asturias', 'Asturias'),
(136, 'ES', 'Avila', 'Avila'),
(137, 'ES', 'Badajoz', 'Badajoz'),
(138, 'ES', 'Baleares', 'Baleares'),
(139, 'ES', 'Barcelona', 'Barcelona'),
(140, 'ES', 'Burgos', 'Burgos'),
(141, 'ES', 'Caceres', 'Caceres'),
(142, 'ES', 'Cadiz', 'Cadiz'),
(143, 'ES', 'Cantabria', 'Cantabria'),
(144, 'ES', 'Castellon', 'Castellon'),
(145, 'ES', 'Ceuta', 'Ceuta'),
(146, 'ES', 'Ciudad Real', 'Ciudad Real'),
(147, 'ES', 'Cordoba', 'Cordoba'),
(148, 'ES', 'Cuenca', 'Cuenca'),
(149, 'ES', 'Girona', 'Girona'),
(150, 'ES', 'Granada', 'Granada'),
(151, 'ES', 'Guadalajara', 'Guadalajara'),
(152, 'ES', 'Guipuzcoa', 'Guipuzcoa'),
(153, 'ES', 'Huelva', 'Huelva'),
(154, 'ES', 'Huesca', 'Huesca'),
(155, 'ES', 'Jaen', 'Jaen'),
(156, 'ES', 'La Rioja', 'La Rioja'),
(157, 'ES', 'Las Palmas', 'Las Palmas'),
(158, 'ES', 'Leon', 'Leon'),
(159, 'ES', 'Lleida', 'Lleida'),
(160, 'ES', 'Lugo', 'Lugo'),
(161, 'ES', 'Madrid', 'Madrid'),
(162, 'ES', 'Malaga', 'Malaga'),
(163, 'ES', 'Melilla', 'Melilla'),
(164, 'ES', 'Murcia', 'Murcia'),
(165, 'ES', 'Navarra', 'Navarra'),
(166, 'ES', 'Ourense', 'Ourense'),
(167, 'ES', 'Palencia', 'Palencia'),
(168, 'ES', 'Pontevedra', 'Pontevedra'),
(169, 'ES', 'Salamanca', 'Salamanca'),
(170, 'ES', 'Santa Cruz de Tenerife', 'Santa Cruz de Tenerife'),
(171, 'ES', 'Segovia', 'Segovia'),
(172, 'ES', 'Sevilla', 'Sevilla'),
(173, 'ES', 'Soria', 'Soria'),
(174, 'ES', 'Tarragona', 'Tarragona'),
(175, 'ES', 'Teruel', 'Teruel'),
(176, 'ES', 'Toledo', 'Toledo'),
(177, 'ES', 'Valencia', 'Valencia'),
(178, 'ES', 'Valladolid', 'Valladolid'),
(179, 'ES', 'Vizcaya', 'Vizcaya'),
(180, 'ES', 'Zamora', 'Zamora'),
(181, 'ES', 'Zaragoza', 'Zaragoza'),
(182, 'FR', '1', 'Ain'),
(183, 'FR', '2', 'Aisne'),
(184, 'FR', '3', 'Allier'),
(185, 'FR', '4', 'Alpes-de-Haute-Provence'),
(186, 'FR', '5', 'Hautes-Alpes'),
(187, 'FR', '6', 'Alpes-Maritimes'),
(188, 'FR', '7', 'Ardèche'),
(189, 'FR', '8', 'Ardennes'),
(190, 'FR', '9', 'Ariège'),
(191, 'FR', '10', 'Aube'),
(192, 'FR', '11', 'Aude'),
(193, 'FR', '12', 'Aveyron'),
(194, 'FR', '13', 'Bouches-du-Rhône'),
(195, 'FR', '14', 'Calvados'),
(196, 'FR', '15', 'Cantal'),
(197, 'FR', '16', 'Charente'),
(198, 'FR', '17', 'Charente-Maritime'),
(199, 'FR', '18', 'Cher'),
(200, 'FR', '19', 'Corrèze'),
(201, 'FR', '2A', 'Corse-du-Sud'),
(202, 'FR', '2B', 'Haute-Corse'),
(203, 'FR', '21', 'Côte-d\'Or'),
(204, 'FR', '22', 'Côtes-d\'Armor'),
(205, 'FR', '23', 'Creuse'),
(206, 'FR', '24', 'Dordogne'),
(207, 'FR', '25', 'Doubs'),
(208, 'FR', '26', 'Drôme'),
(209, 'FR', '27', 'Eure'),
(210, 'FR', '28', 'Eure-et-Loir'),
(211, 'FR', '29', 'Finistère'),
(212, 'FR', '30', 'Gard'),
(213, 'FR', '31', 'Haute-Garonne'),
(214, 'FR', '32', 'Gers'),
(215, 'FR', '33', 'Gironde'),
(216, 'FR', '34', 'Hérault'),
(217, 'FR', '35', 'Ille-et-Vilaine'),
(218, 'FR', '36', 'Indre'),
(219, 'FR', '37', 'Indre-et-Loire'),
(220, 'FR', '38', 'Isère'),
(221, 'FR', '39', 'Jura'),
(222, 'FR', '40', 'Landes'),
(223, 'FR', '41', 'Loir-et-Cher'),
(224, 'FR', '42', 'Loire'),
(225, 'FR', '43', 'Haute-Loire'),
(226, 'FR', '44', 'Loire-Atlantique'),
(227, 'FR', '45', 'Loiret'),
(228, 'FR', '46', 'Lot'),
(229, 'FR', '47', 'Lot-et-Garonne'),
(230, 'FR', '48', 'Lozère'),
(231, 'FR', '49', 'Maine-et-Loire'),
(232, 'FR', '50', 'Manche'),
(233, 'FR', '51', 'Marne'),
(234, 'FR', '52', 'Haute-Marne'),
(235, 'FR', '53', 'Mayenne'),
(236, 'FR', '54', 'Meurthe-et-Moselle'),
(237, 'FR', '55', 'Meuse'),
(238, 'FR', '56', 'Morbihan'),
(239, 'FR', '57', 'Moselle'),
(240, 'FR', '58', 'Nièvre'),
(241, 'FR', '59', 'Nord'),
(242, 'FR', '60', 'Oise'),
(243, 'FR', '61', 'Orne'),
(244, 'FR', '62', 'Pas-de-Calais'),
(245, 'FR', '63', 'Puy-de-Dôme'),
(246, 'FR', '64', 'Pyrénées-Atlantiques'),
(247, 'FR', '65', 'Hautes-Pyrénées'),
(248, 'FR', '66', 'Pyrénées-Orientales'),
(249, 'FR', '67', 'Bas-Rhin'),
(250, 'FR', '68', 'Haut-Rhin'),
(251, 'FR', '69', 'Rhône'),
(252, 'FR', '70', 'Haute-Saône'),
(253, 'FR', '71', 'Saône-et-Loire'),
(254, 'FR', '72', 'Sarthe'),
(255, 'FR', '73', 'Savoie'),
(256, 'FR', '74', 'Haute-Savoie'),
(257, 'FR', '75', 'Paris'),
(258, 'FR', '76', 'Seine-Maritime'),
(259, 'FR', '77', 'Seine-et-Marne'),
(260, 'FR', '78', 'Yvelines'),
(261, 'FR', '79', 'Deux-Sèvres'),
(262, 'FR', '80', 'Somme'),
(263, 'FR', '81', 'Tarn'),
(264, 'FR', '82', 'Tarn-et-Garonne'),
(265, 'FR', '83', 'Var'),
(266, 'FR', '84', 'Vaucluse'),
(267, 'FR', '85', 'Vendée'),
(268, 'FR', '86', 'Vienne'),
(269, 'FR', '87', 'Haute-Vienne'),
(270, 'FR', '88', 'Vosges'),
(271, 'FR', '89', 'Yonne'),
(272, 'FR', '90', 'Territoire-de-Belfort'),
(273, 'FR', '91', 'Essonne'),
(274, 'FR', '92', 'Hauts-de-Seine'),
(275, 'FR', '93', 'Seine-Saint-Denis'),
(276, 'FR', '94', 'Val-de-Marne'),
(277, 'FR', '95', 'Val-d\'Oise'),
(278, 'RO', 'AB', 'Alba'),
(279, 'RO', 'AR', 'Arad'),
(280, 'RO', 'AG', 'Argeş'),
(281, 'RO', 'BC', 'Bacău'),
(282, 'RO', 'BH', 'Bihor'),
(283, 'RO', 'BN', 'Bistriţa-Năsăud'),
(284, 'RO', 'BT', 'Botoşani'),
(285, 'RO', 'BV', 'Braşov'),
(286, 'RO', 'BR', 'Brăila'),
(287, 'RO', 'B', 'Bucureşti'),
(288, 'RO', 'BZ', 'Buzău'),
(289, 'RO', 'CS', 'Caraş-Severin'),
(290, 'RO', 'CL', 'Călăraşi'),
(291, 'RO', 'CJ', 'Cluj'),
(292, 'RO', 'CT', 'Constanţa'),
(293, 'RO', 'CV', 'Covasna'),
(294, 'RO', 'DB', 'Dâmboviţa'),
(295, 'RO', 'DJ', 'Dolj'),
(296, 'RO', 'GL', 'Galaţi'),
(297, 'RO', 'GR', 'Giurgiu'),
(298, 'RO', 'GJ', 'Gorj'),
(299, 'RO', 'HR', 'Harghita'),
(300, 'RO', 'HD', 'Hunedoara'),
(301, 'RO', 'IL', 'Ialomiţa'),
(302, 'RO', 'IS', 'Iaşi'),
(303, 'RO', 'IF', 'Ilfov'),
(304, 'RO', 'MM', 'Maramureş'),
(305, 'RO', 'MH', 'Mehedinţi'),
(306, 'RO', 'MS', 'Mureş'),
(307, 'RO', 'NT', 'Neamţ'),
(308, 'RO', 'OT', 'Olt'),
(309, 'RO', 'PH', 'Prahova'),
(310, 'RO', 'SM', 'Satu-Mare'),
(311, 'RO', 'SJ', 'Sălaj'),
(312, 'RO', 'SB', 'Sibiu'),
(313, 'RO', 'SV', 'Suceava'),
(314, 'RO', 'TR', 'Teleorman'),
(315, 'RO', 'TM', 'Timiş'),
(316, 'RO', 'TL', 'Tulcea'),
(317, 'RO', 'VS', 'Vaslui'),
(318, 'RO', 'VL', 'Vâlcea'),
(319, 'RO', 'VN', 'Vrancea'),
(320, 'FI', 'Lappi', 'Lappi'),
(321, 'FI', 'Pohjois-Pohjanmaa', 'Pohjois-Pohjanmaa'),
(322, 'FI', 'Kainuu', 'Kainuu'),
(323, 'FI', 'Pohjois-Karjala', 'Pohjois-Karjala'),
(324, 'FI', 'Pohjois-Savo', 'Pohjois-Savo'),
(325, 'FI', 'Etelä-Savo', 'Etelä-Savo'),
(326, 'FI', 'Etelä-Pohjanmaa', 'Etelä-Pohjanmaa'),
(327, 'FI', 'Pohjanmaa', 'Pohjanmaa'),
(328, 'FI', 'Pirkanmaa', 'Pirkanmaa'),
(329, 'FI', 'Satakunta', 'Satakunta'),
(330, 'FI', 'Keski-Pohjanmaa', 'Keski-Pohjanmaa'),
(331, 'FI', 'Keski-Suomi', 'Keski-Suomi'),
(332, 'FI', 'Varsinais-Suomi', 'Varsinais-Suomi'),
(333, 'FI', 'Etelä-Karjala', 'Etelä-Karjala'),
(334, 'FI', 'Päijät-Häme', 'Päijät-Häme'),
(335, 'FI', 'Kanta-Häme', 'Kanta-Häme'),
(336, 'FI', 'Uusimaa', 'Uusimaa'),
(337, 'FI', 'Itä-Uusimaa', 'Itä-Uusimaa'),
(338, 'FI', 'Kymenlaakso', 'Kymenlaakso'),
(339, 'FI', 'Ahvenanmaa', 'Ahvenanmaa'),
(340, 'EE', 'EE-37', 'Harjumaa'),
(341, 'EE', 'EE-39', 'Hiiumaa'),
(342, 'EE', 'EE-44', 'Ida-Virumaa'),
(343, 'EE', 'EE-49', 'Jõgevamaa'),
(344, 'EE', 'EE-51', 'Järvamaa'),
(345, 'EE', 'EE-57', 'Läänemaa'),
(346, 'EE', 'EE-59', 'Lääne-Virumaa'),
(347, 'EE', 'EE-65', 'Põlvamaa'),
(348, 'EE', 'EE-67', 'Pärnumaa'),
(349, 'EE', 'EE-70', 'Raplamaa'),
(350, 'EE', 'EE-74', 'Saaremaa'),
(351, 'EE', 'EE-78', 'Tartumaa'),
(352, 'EE', 'EE-82', 'Valgamaa'),
(353, 'EE', 'EE-84', 'Viljandimaa'),
(354, 'EE', 'EE-86', 'Võrumaa'),
(355, 'LV', 'LV-DGV', 'Daugavpils'),
(356, 'LV', 'LV-JEL', 'Jelgava'),
(357, 'LV', 'Jēkabpils', 'Jēkabpils'),
(358, 'LV', 'LV-JUR', 'Jūrmala'),
(359, 'LV', 'LV-LPX', 'Liepāja'),
(360, 'LV', 'LV-LE', 'Liepājas novads'),
(361, 'LV', 'LV-REZ', 'Rēzekne'),
(362, 'LV', 'LV-RIX', 'Rīga'),
(363, 'LV', 'LV-RI', 'Rīgas novads'),
(364, 'LV', 'Valmiera', 'Valmiera'),
(365, 'LV', 'LV-VEN', 'Ventspils'),
(366, 'LV', 'Aglonas novads', 'Aglonas novads'),
(367, 'LV', 'LV-AI', 'Aizkraukles novads'),
(368, 'LV', 'Aizputes novads', 'Aizputes novads'),
(369, 'LV', 'Aknīstes novads', 'Aknīstes novads'),
(370, 'LV', 'Alojas novads', 'Alojas novads'),
(371, 'LV', 'Alsungas novads', 'Alsungas novads'),
(372, 'LV', 'LV-AL', 'Alūksnes novads'),
(373, 'LV', 'Amatas novads', 'Amatas novads'),
(374, 'LV', 'Apes novads', 'Apes novads'),
(375, 'LV', 'Auces novads', 'Auces novads'),
(376, 'LV', 'Babītes novads', 'Babītes novads'),
(377, 'LV', 'Baldones novads', 'Baldones novads'),
(378, 'LV', 'Baltinavas novads', 'Baltinavas novads'),
(379, 'LV', 'LV-BL', 'Balvu novads'),
(380, 'LV', 'LV-BU', 'Bauskas novads'),
(381, 'LV', 'Beverīnas novads', 'Beverīnas novads'),
(382, 'LV', 'Brocēnu novads', 'Brocēnu novads'),
(383, 'LV', 'Burtnieku novads', 'Burtnieku novads'),
(384, 'LV', 'Carnikavas novads', 'Carnikavas novads'),
(385, 'LV', 'Cesvaines novads', 'Cesvaines novads'),
(386, 'LV', 'Ciblas novads', 'Ciblas novads'),
(387, 'LV', 'LV-CE', 'Cēsu novads'),
(388, 'LV', 'Dagdas novads', 'Dagdas novads'),
(389, 'LV', 'LV-DA', 'Daugavpils novads'),
(390, 'LV', 'LV-DO', 'Dobeles novads'),
(391, 'LV', 'Dundagas novads', 'Dundagas novads'),
(392, 'LV', 'Durbes novads', 'Durbes novads'),
(393, 'LV', 'Engures novads', 'Engures novads'),
(394, 'LV', 'Garkalnes novads', 'Garkalnes novads'),
(395, 'LV', 'Grobiņas novads', 'Grobiņas novads'),
(396, 'LV', 'LV-GU', 'Gulbenes novads'),
(397, 'LV', 'Iecavas novads', 'Iecavas novads'),
(398, 'LV', 'Ikšķiles novads', 'Ikšķiles novads'),
(399, 'LV', 'Ilūkstes novads', 'Ilūkstes novads'),
(400, 'LV', 'Inčukalna novads', 'Inčukalna novads'),
(401, 'LV', 'Jaunjelgavas novads', 'Jaunjelgavas novads'),
(402, 'LV', 'Jaunpiebalgas novads', 'Jaunpiebalgas novads'),
(403, 'LV', 'Jaunpils novads', 'Jaunpils novads'),
(404, 'LV', 'LV-JL', 'Jelgavas novads'),
(405, 'LV', 'LV-JK', 'Jēkabpils novads'),
(406, 'LV', 'Kandavas novads', 'Kandavas novads'),
(407, 'LV', 'Kokneses novads', 'Kokneses novads'),
(408, 'LV', 'Krimuldas novads', 'Krimuldas novads'),
(409, 'LV', 'Krustpils novads', 'Krustpils novads'),
(410, 'LV', 'LV-KR', 'Krāslavas novads'),
(411, 'LV', 'LV-KU', 'Kuldīgas novads'),
(412, 'LV', 'Kārsavas novads', 'Kārsavas novads'),
(413, 'LV', 'Lielvārdes novads', 'Lielvārdes novads'),
(414, 'LV', 'LV-LM', 'Limbažu novads'),
(415, 'LV', 'Lubānas novads', 'Lubānas novads'),
(416, 'LV', 'LV-LU', 'Ludzas novads'),
(417, 'LV', 'Līgatnes novads', 'Līgatnes novads'),
(418, 'LV', 'Līvānu novads', 'Līvānu novads'),
(419, 'LV', 'LV-MA', 'Madonas novads'),
(420, 'LV', 'Mazsalacas novads', 'Mazsalacas novads'),
(421, 'LV', 'Mālpils novads', 'Mālpils novads'),
(422, 'LV', 'Mārupes novads', 'Mārupes novads'),
(423, 'LV', 'Naukšēnu novads', 'Naukšēnu novads'),
(424, 'LV', 'Neretas novads', 'Neretas novads'),
(425, 'LV', 'Nīcas novads', 'Nīcas novads'),
(426, 'LV', 'LV-OG', 'Ogres novads'),
(427, 'LV', 'Olaines novads', 'Olaines novads'),
(428, 'LV', 'Ozolnieku novads', 'Ozolnieku novads'),
(429, 'LV', 'LV-PR', 'Preiļu novads'),
(430, 'LV', 'Priekules novads', 'Priekules novads'),
(431, 'LV', 'Priekuļu novads', 'Priekuļu novads'),
(432, 'LV', 'Pārgaujas novads', 'Pārgaujas novads'),
(433, 'LV', 'Pāvilostas novads', 'Pāvilostas novads'),
(434, 'LV', 'Pļaviņu novads', 'Pļaviņu novads'),
(435, 'LV', 'Raunas novads', 'Raunas novads'),
(436, 'LV', 'Riebiņu novads', 'Riebiņu novads'),
(437, 'LV', 'Rojas novads', 'Rojas novads'),
(438, 'LV', 'Ropažu novads', 'Ropažu novads'),
(439, 'LV', 'Rucavas novads', 'Rucavas novads'),
(440, 'LV', 'Rugāju novads', 'Rugāju novads'),
(441, 'LV', 'Rundāles novads', 'Rundāles novads'),
(442, 'LV', 'LV-RE', 'Rēzeknes novads'),
(443, 'LV', 'Rūjienas novads', 'Rūjienas novads'),
(444, 'LV', 'Salacgrīvas novads', 'Salacgrīvas novads'),
(445, 'LV', 'Salas novads', 'Salas novads'),
(446, 'LV', 'Salaspils novads', 'Salaspils novads'),
(447, 'LV', 'LV-SA', 'Saldus novads'),
(448, 'LV', 'Saulkrastu novads', 'Saulkrastu novads'),
(449, 'LV', 'Siguldas novads', 'Siguldas novads'),
(450, 'LV', 'Skrundas novads', 'Skrundas novads'),
(451, 'LV', 'Skrīveru novads', 'Skrīveru novads'),
(452, 'LV', 'Smiltenes novads', 'Smiltenes novads'),
(453, 'LV', 'Stopiņu novads', 'Stopiņu novads'),
(454, 'LV', 'Strenču novads', 'Strenču novads'),
(455, 'LV', 'Sējas novads', 'Sējas novads'),
(456, 'LV', 'LV-TA', 'Talsu novads'),
(457, 'LV', 'LV-TU', 'Tukuma novads'),
(458, 'LV', 'Tērvetes novads', 'Tērvetes novads'),
(459, 'LV', 'Vaiņodes novads', 'Vaiņodes novads'),
(460, 'LV', 'LV-VK', 'Valkas novads'),
(461, 'LV', 'LV-VM', 'Valmieras novads'),
(462, 'LV', 'Varakļānu novads', 'Varakļānu novads'),
(463, 'LV', 'Vecpiebalgas novads', 'Vecpiebalgas novads'),
(464, 'LV', 'Vecumnieku novads', 'Vecumnieku novads'),
(465, 'LV', 'LV-VE', 'Ventspils novads'),
(466, 'LV', 'Viesītes novads', 'Viesītes novads'),
(467, 'LV', 'Viļakas novads', 'Viļakas novads'),
(468, 'LV', 'Viļānu novads', 'Viļānu novads'),
(469, 'LV', 'Vārkavas novads', 'Vārkavas novads'),
(470, 'LV', 'Zilupes novads', 'Zilupes novads'),
(471, 'LV', 'Ādažu novads', 'Ādažu novads'),
(472, 'LV', 'Ērgļu novads', 'Ērgļu novads'),
(473, 'LV', 'Ķeguma novads', 'Ķeguma novads'),
(474, 'LV', 'Ķekavas novads', 'Ķekavas novads'),
(475, 'LT', 'LT-AL', 'Alytaus Apskritis'),
(476, 'LT', 'LT-KU', 'Kauno Apskritis'),
(477, 'LT', 'LT-KL', 'Klaipėdos Apskritis'),
(478, 'LT', 'LT-MR', 'Marijampolės Apskritis'),
(479, 'LT', 'LT-PN', 'Panevėžio Apskritis'),
(480, 'LT', 'LT-SA', 'Šiaulių Apskritis'),
(481, 'LT', 'LT-TA', 'Tauragės Apskritis'),
(482, 'LT', 'LT-TE', 'Telšių Apskritis'),
(483, 'LT', 'LT-UT', 'Utenos Apskritis'),
(484, 'LT', 'LT-VL', 'Vilniaus Apskritis'),
(485, 'BR', 'AC', 'Acre'),
(486, 'BR', 'AL', 'Alagoas'),
(487, 'BR', 'AP', 'Amapá'),
(488, 'BR', 'AM', 'Amazonas'),
(489, 'BR', 'BA', 'Bahia'),
(490, 'BR', 'CE', 'Ceará'),
(491, 'BR', 'ES', 'Espírito Santo'),
(492, 'BR', 'GO', 'Goiás'),
(493, 'BR', 'MA', 'Maranhão'),
(494, 'BR', 'MT', 'Mato Grosso'),
(495, 'BR', 'MS', 'Mato Grosso do Sul'),
(496, 'BR', 'MG', 'Minas Gerais'),
(497, 'BR', 'PA', 'Pará'),
(498, 'BR', 'PB', 'Paraíba'),
(499, 'BR', 'PR', 'Paraná'),
(500, 'BR', 'PE', 'Pernambuco'),
(501, 'BR', 'PI', 'Piauí'),
(502, 'BR', 'RJ', 'Rio de Janeiro'),
(503, 'BR', 'RN', 'Rio Grande do Norte'),
(504, 'BR', 'RS', 'Rio Grande do Sul'),
(505, 'BR', 'RO', 'Rondônia'),
(506, 'BR', 'RR', 'Roraima'),
(507, 'BR', 'SC', 'Santa Catarina'),
(508, 'BR', 'SP', 'São Paulo'),
(509, 'BR', 'SE', 'Sergipe'),
(510, 'BR', 'TO', 'Tocantins'),
(511, 'BR', 'DF', 'Distrito Federal'),
(512, 'HR', 'HR-01', 'Zagrebačka županija'),
(513, 'HR', 'HR-02', 'Krapinsko-zagorska županija'),
(514, 'HR', 'HR-03', 'Sisačko-moslavačka županija'),
(515, 'HR', 'HR-04', 'Karlovačka županija'),
(516, 'HR', 'HR-05', 'Varaždinska županija'),
(517, 'HR', 'HR-06', 'Koprivničko-križevačka županija'),
(518, 'HR', 'HR-07', 'Bjelovarsko-bilogorska županija'),
(519, 'HR', 'HR-08', 'Primorsko-goranska županija'),
(520, 'HR', 'HR-09', 'Ličko-senjska županija'),
(521, 'HR', 'HR-10', 'Virovitičko-podravska županija'),
(522, 'HR', 'HR-11', 'Požeško-slavonska županija'),
(523, 'HR', 'HR-12', 'Brodsko-posavska županija'),
(524, 'HR', 'HR-13', 'Zadarska županija'),
(525, 'HR', 'HR-14', 'Osječko-baranjska županija'),
(526, 'HR', 'HR-15', 'Šibensko-kninska županija'),
(527, 'HR', 'HR-16', 'Vukovarsko-srijemska županija'),
(528, 'HR', 'HR-17', 'Splitsko-dalmatinska županija'),
(529, 'HR', 'HR-18', 'Istarska županija'),
(530, 'HR', 'HR-19', 'Dubrovačko-neretvanska županija'),
(531, 'HR', 'HR-20', 'Međimurska županija'),
(532, 'HR', 'HR-21', 'Grad Zagreb');

-- --------------------------------------------------------

--
-- Table structure for table `directory_country_region_name`
--

CREATE TABLE `directory_country_region_name` (
  `locale` varchar(8) NOT NULL COMMENT 'Locale',
  `region_id` int(10) UNSIGNED NOT NULL DEFAULT '0' COMMENT 'Region Id',
  `name` varchar(255) DEFAULT NULL COMMENT 'Region Name'
) ENGINE=InnoDB DEFAULT CHARSET=utf8 COMMENT='Directory Country Region Name';

--
-- Dumping data for table `directory_country_region_name`
--

INSERT INTO `directory_country_region_name` (`locale`, `region_id`, `name`) VALUES
('en_US', 1, 'Alabama'),
('en_US', 2, 'Alaska'),
('en_US', 3, 'American Samoa'),
('en_US', 4, 'Arizona'),
('en_US', 5, 'Arkansas'),
('en_US', 6, 'Armed Forces Africa'),
('en_US', 7, 'Armed Forces Americas'),
('en_US', 8, 'Armed Forces Canada'),
('en_US', 9, 'Armed Forces Europe'),
('en_US', 10, 'Armed Forces Middle East'),
('en_US', 11, 'Armed Forces Pacific'),
('en_US', 12, 'California'),
('en_US', 13, 'Colorado'),
('en_US', 14, 'Connecticut'),
('en_US', 15, 'Delaware'),
('en_US', 16, 'District of Columbia'),
('en_US', 17, 'Federated States Of Micronesia'),
('en_US', 18, 'Florida'),
('en_US', 19, 'Georgia'),
('en_US', 20, 'Guam'),
('en_US', 21, 'Hawaii'),
('en_US', 22, 'Idaho'),
('en_US', 23, 'Illinois'),
('en_US', 24, 'Indiana'),
('en_US', 25, 'Iowa'),
('en_US', 26, 'Kansas'),
('en_US', 27, 'Kentucky'),
('en_US', 28, 'Louisiana'),
('en_US', 29, 'Maine'),
('en_US', 30, 'Marshall Islands'),
('en_US', 31, 'Maryland'),
('en_US', 32, 'Massachusetts'),
('en_US', 33, 'Michigan'),
('en_US', 34, 'Minnesota'),
('en_US', 35, 'Mississippi'),
('en_US', 36, 'Missouri'),
('en_US', 37, 'Montana'),
('en_US', 38, 'Nebraska'),
('en_US', 39, 'Nevada'),
('en_US', 40, 'New Hampshire'),
('en_US', 41, 'New Jersey'),
('en_US', 42, 'New Mexico'),
('en_US', 43, 'New York'),
('en_US', 44, 'North Carolina'),
('en_US', 45, 'North Dakota'),
('en_US', 46, 'Northern Mariana Islands'),
('en_US', 47, 'Ohio'),
('en_US', 48, 'Oklahoma'),
('en_US', 49, 'Oregon'),
('en_US', 50, 'Palau'),
('en_US', 51, 'Pennsylvania'),
('en_US', 52, 'Puerto Rico'),
('en_US', 53, 'Rhode Island'),
('en_US', 54, 'South Carolina'),
('en_US', 55, 'South Dakota'),
('en_US', 56, 'Tennessee'),
('en_US', 57, 'Texas'),
('en_US', 58, 'Utah'),
('en_US', 59, 'Vermont'),
('en_US', 60, 'Virgin Islands'),
('en_US', 61, 'Virginia'),
('en_US', 62, 'Washington'),
('en_US', 63, 'West Virginia'),
('en_US', 64, 'Wisconsin'),
('en_US', 65, 'Wyoming'),
('en_US', 66, 'Alberta'),
('en_US', 67, 'British Columbia'),
('en_US', 68, 'Manitoba'),
('en_US', 69, 'Newfoundland and Labrador'),
('en_US', 70, 'New Brunswick'),
('en_US', 71, 'Nova Scotia'),
('en_US', 72, 'Northwest Territories'),
('en_US', 73, 'Nunavut'),
('en_US', 74, 'Ontario'),
('en_US', 75, 'Prince Edward Island'),
('en_US', 76, 'Quebec'),
('en_US', 77, 'Saskatchewan'),
('en_US', 78, 'Yukon Territory'),
('en_US', 79, 'Niedersachsen'),
('en_US', 80, 'Baden-Württemberg'),
('en_US', 81, 'Bayern'),
('en_US', 82, 'Berlin'),
('en_US', 83, 'Brandenburg'),
('en_US', 84, 'Bremen'),
('en_US', 85, 'Hamburg'),
('en_US', 86, 'Hessen'),
('en_US', 87, 'Mecklenburg-Vorpommern'),
('en_US', 88, 'Nordrhein-Westfalen'),
('en_US', 89, 'Rheinland-Pfalz'),
('en_US', 90, 'Saarland'),
('en_US', 91, 'Sachsen'),
('en_US', 92, 'Sachsen-Anhalt'),
('en_US', 93, 'Schleswig-Holstein'),
('en_US', 94, 'Thüringen'),
('en_US', 95, 'Wien'),
('en_US', 96, 'Niederösterreich'),
('en_US', 97, 'Oberösterreich'),
('en_US', 98, 'Salzburg'),
('en_US', 99, 'Kärnten'),
('en_US', 100, 'Steiermark'),
('en_US', 101, 'Tirol'),
('en_US', 102, 'Burgenland'),
('en_US', 103, 'Vorarlberg'),
('en_US', 104, 'Aargau'),
('en_US', 105, 'Appenzell Innerrhoden'),
('en_US', 106, 'Appenzell Ausserrhoden'),
('en_US', 107, 'Bern'),
('en_US', 108, 'Basel-Landschaft'),
('en_US', 109, 'Basel-Stadt'),
('en_US', 110, 'Freiburg'),
('en_US', 111, 'Genf'),
('en_US', 112, 'Glarus'),
('en_US', 113, 'Graubünden'),
('en_US', 114, 'Jura'),
('en_US', 115, 'Luzern'),
('en_US', 116, 'Neuenburg'),
('en_US', 117, 'Nidwalden'),
('en_US', 118, 'Obwalden'),
('en_US', 119, 'St. Gallen'),
('en_US', 120, 'Schaffhausen'),
('en_US', 121, 'Solothurn'),
('en_US', 122, 'Schwyz'),
('en_US', 123, 'Thurgau'),
('en_US', 124, 'Tessin'),
('en_US', 125, 'Uri'),
('en_US', 126, 'Waadt'),
('en_US', 127, 'Wallis'),
('en_US', 128, 'Zug'),
('en_US', 129, 'Zürich'),
('en_US', 130, 'A Coruña'),
('en_US', 131, 'Alava'),
('en_US', 132, 'Albacete'),
('en_US', 133, 'Alicante'),
('en_US', 134, 'Almeria'),
('en_US', 135, 'Asturias'),
('en_US', 136, 'Avila'),
('en_US', 137, 'Badajoz'),
('en_US', 138, 'Baleares'),
('en_US', 139, 'Barcelona'),
('en_US', 140, 'Burgos'),
('en_US', 141, 'Caceres'),
('en_US', 142, 'Cadiz'),
('en_US', 143, 'Cantabria'),
('en_US', 144, 'Castellon'),
('en_US', 145, 'Ceuta'),
('en_US', 146, 'Ciudad Real'),
('en_US', 147, 'Cordoba'),
('en_US', 148, 'Cuenca'),
('en_US', 149, 'Girona'),
('en_US', 150, 'Granada'),
('en_US', 151, 'Guadalajara'),
('en_US', 152, 'Guipuzcoa'),
('en_US', 153, 'Huelva'),
('en_US', 154, 'Huesca'),
('en_US', 155, 'Jaen'),
('en_US', 156, 'La Rioja'),
('en_US', 157, 'Las Palmas'),
('en_US', 158, 'Leon'),
('en_US', 159, 'Lleida'),
('en_US', 160, 'Lugo'),
('en_US', 161, 'Madrid'),
('en_US', 162, 'Malaga'),
('en_US', 163, 'Melilla'),
('en_US', 164, 'Murcia'),
('en_US', 165, 'Navarra'),
('en_US', 166, 'Ourense'),
('en_US', 167, 'Palencia'),
('en_US', 168, 'Pontevedra'),
('en_US', 169, 'Salamanca'),
('en_US', 170, 'Santa Cruz de Tenerife'),
('en_US', 171, 'Segovia'),
('en_US', 172, 'Sevilla'),
('en_US', 173, 'Soria'),
('en_US', 174, 'Tarragona'),
('en_US', 175, 'Teruel'),
('en_US', 176, 'Toledo'),
('en_US', 177, 'Valencia'),
('en_US', 178, 'Valladolid'),
('en_US', 179, 'Vizcaya'),
('en_US', 180, 'Zamora'),
('en_US', 181, 'Zaragoza'),
('en_US', 182, 'Ain'),
('en_US', 183, 'Aisne'),
('en_US', 184, 'Allier'),
('en_US', 185, 'Alpes-de-Haute-Provence'),
('en_US', 186, 'Hautes-Alpes'),
('en_US', 187, 'Alpes-Maritimes'),
('en_US', 188, 'Ardèche'),
('en_US', 189, 'Ardennes'),
('en_US', 190, 'Ariège'),
('en_US', 191, 'Aube'),
('en_US', 192, 'Aude'),
('en_US', 193, 'Aveyron'),
('en_US', 194, 'Bouches-du-Rhône'),
('en_US', 195, 'Calvados'),
('en_US', 196, 'Cantal'),
('en_US', 197, 'Charente'),
('en_US', 198, 'Charente-Maritime'),
('en_US', 199, 'Cher'),
('en_US', 200, 'Corrèze'),
('en_US', 201, 'Corse-du-Sud'),
('en_US', 202, 'Haute-Corse'),
('en_US', 203, 'Côte-d\'Or'),
('en_US', 204, 'Côtes-d\'Armor'),
('en_US', 205, 'Creuse'),
('en_US', 206, 'Dordogne'),
('en_US', 207, 'Doubs'),
('en_US', 208, 'Drôme'),
('en_US', 209, 'Eure'),
('en_US', 210, 'Eure-et-Loir'),
('en_US', 211, 'Finistère'),
('en_US', 212, 'Gard'),
('en_US', 213, 'Haute-Garonne'),
('en_US', 214, 'Gers'),
('en_US', 215, 'Gironde'),
('en_US', 216, 'Hérault'),
('en_US', 217, 'Ille-et-Vilaine'),
('en_US', 218, 'Indre'),
('en_US', 219, 'Indre-et-Loire'),
('en_US', 220, 'Isère'),
('en_US', 221, 'Jura'),
('en_US', 222, 'Landes'),
('en_US', 223, 'Loir-et-Cher'),
('en_US', 224, 'Loire'),
('en_US', 225, 'Haute-Loire'),
('en_US', 226, 'Loire-Atlantique'),
('en_US', 227, 'Loiret'),
('en_US', 228, 'Lot'),
('en_US', 229, 'Lot-et-Garonne'),
('en_US', 230, 'Lozère'),
('en_US', 231, 'Maine-et-Loire'),
('en_US', 232, 'Manche'),
('en_US', 233, 'Marne'),
('en_US', 234, 'Haute-Marne'),
('en_US', 235, 'Mayenne'),
('en_US', 236, 'Meurthe-et-Moselle'),
('en_US', 237, 'Meuse'),
('en_US', 238, 'Morbihan'),
('en_US', 239, 'Moselle'),
('en_US', 240, 'Nièvre'),
('en_US', 241, 'Nord'),
('en_US', 242, 'Oise'),
('en_US', 243, 'Orne'),
('en_US', 244, 'Pas-de-Calais'),
('en_US', 245, 'Puy-de-Dôme'),
('en_US', 246, 'Pyrénées-Atlantiques'),
('en_US', 247, 'Hautes-Pyrénées'),
('en_US', 248, 'Pyrénées-Orientales'),
('en_US', 249, 'Bas-Rhin'),
('en_US', 250, 'Haut-Rhin'),
('en_US', 251, 'Rhône'),
('en_US', 252, 'Haute-Saône'),
('en_US', 253, 'Saône-et-Loire'),
('en_US', 254, 'Sarthe'),
('en_US', 255, 'Savoie'),
('en_US', 256, 'Haute-Savoie'),
('en_US', 257, 'Paris'),
('en_US', 258, 'Seine-Maritime'),
('en_US', 259, 'Seine-et-Marne'),
('en_US', 260, 'Yvelines'),
('en_US', 261, 'Deux-Sèvres'),
('en_US', 262, 'Somme'),
('en_US', 263, 'Tarn'),
('en_US', 264, 'Tarn-et-Garonne'),
('en_US', 265, 'Var'),
('en_US', 266, 'Vaucluse'),
('en_US', 267, 'Vendée'),
('en_US', 268, 'Vienne'),
('en_US', 269, 'Haute-Vienne'),
('en_US', 270, 'Vosges'),
('en_US', 271, 'Yonne'),
('en_US', 272, 'Territoire-de-Belfort'),
('en_US', 273, 'Essonne'),
('en_US', 274, 'Hauts-de-Seine'),
('en_US', 275, 'Seine-Saint-Denis'),
('en_US', 276, 'Val-de-Marne'),
('en_US', 277, 'Val-d\'Oise'),
('en_US', 278, 'Alba'),
('en_US', 279, 'Arad'),
('en_US', 280, 'Argeş'),
('en_US', 281, 'Bacău'),
('en_US', 282, 'Bihor'),
('en_US', 283, 'Bistriţa-Năsăud'),
('en_US', 284, 'Botoşani'),
('en_US', 285, 'Braşov'),
('en_US', 286, 'Brăila'),
('en_US', 287, 'Bucureşti'),
('en_US', 288, 'Buzău'),
('en_US', 289, 'Caraş-Severin'),
('en_US', 290, 'Călăraşi'),
('en_US', 291, 'Cluj'),
('en_US', 292, 'Constanţa'),
('en_US', 293, 'Covasna'),
('en_US', 294, 'Dâmboviţa'),
('en_US', 295, 'Dolj'),
('en_US', 296, 'Galaţi'),
('en_US', 297, 'Giurgiu'),
('en_US', 298, 'Gorj'),
('en_US', 299, 'Harghita'),
('en_US', 300, 'Hunedoara'),
('en_US', 301, 'Ialomiţa'),
('en_US', 302, 'Iaşi'),
('en_US', 303, 'Ilfov'),
('en_US', 304, 'Maramureş'),
('en_US', 305, 'Mehedinţi'),
('en_US', 306, 'Mureş'),
('en_US', 307, 'Neamţ'),
('en_US', 308, 'Olt'),
('en_US', 309, 'Prahova'),
('en_US', 310, 'Satu-Mare'),
('en_US', 311, 'Sălaj'),
('en_US', 312, 'Sibiu'),
('en_US', 313, 'Suceava'),
('en_US', 314, 'Teleorman'),
('en_US', 315, 'Timiş'),
('en_US', 316, 'Tulcea'),
('en_US', 317, 'Vaslui'),
('en_US', 318, 'Vâlcea'),
('en_US', 319, 'Vrancea'),
('en_US', 320, 'Lappi'),
('en_US', 321, 'Pohjois-Pohjanmaa'),
('en_US', 322, 'Kainuu'),
('en_US', 323, 'Pohjois-Karjala'),
('en_US', 324, 'Pohjois-Savo'),
('en_US', 325, 'Etelä-Savo'),
('en_US', 326, 'Etelä-Pohjanmaa'),
('en_US', 327, 'Pohjanmaa'),
('en_US', 328, 'Pirkanmaa'),
('en_US', 329, 'Satakunta'),
('en_US', 330, 'Keski-Pohjanmaa'),
('en_US', 331, 'Keski-Suomi'),
('en_US', 332, 'Varsinais-Suomi'),
('en_US', 333, 'Etelä-Karjala'),
('en_US', 334, 'Päijät-Häme'),
('en_US', 335, 'Kanta-Häme'),
('en_US', 336, 'Uusimaa'),
('en_US', 337, 'Itä-Uusimaa'),
('en_US', 338, 'Kymenlaakso'),
('en_US', 339, 'Ahvenanmaa'),
('en_US', 340, 'Harjumaa'),
('en_US', 341, 'Hiiumaa'),
('en_US', 342, 'Ida-Virumaa'),
('en_US', 343, 'Jõgevamaa'),
('en_US', 344, 'Järvamaa'),
('en_US', 345, 'Läänemaa'),
('en_US', 346, 'Lääne-Virumaa'),
('en_US', 347, 'Põlvamaa'),
('en_US', 348, 'Pärnumaa'),
('en_US', 349, 'Raplamaa'),
('en_US', 350, 'Saaremaa'),
('en_US', 351, 'Tartumaa'),
('en_US', 352, 'Valgamaa'),
('en_US', 353, 'Viljandimaa'),
('en_US', 354, 'Võrumaa'),
('en_US', 355, 'Daugavpils'),
('en_US', 356, 'Jelgava'),
('en_US', 357, 'Jēkabpils'),
('en_US', 358, 'Jūrmala'),
('en_US', 359, 'Liepāja'),
('en_US', 360, 'Liepājas novads'),
('en_US', 361, 'Rēzekne'),
('en_US', 362, 'Rīga'),
('en_US', 363, 'Rīgas novads'),
('en_US', 364, 'Valmiera'),
('en_US', 365, 'Ventspils'),
('en_US', 366, 'Aglonas novads'),
('en_US', 367, 'Aizkraukles novads'),
('en_US', 368, 'Aizputes novads'),
('en_US', 369, 'Aknīstes novads'),
('en_US', 370, 'Alojas novads'),
('en_US', 371, 'Alsungas novads'),
('en_US', 372, 'Alūksnes novads'),
('en_US', 373, 'Amatas novads'),
('en_US', 374, 'Apes novads'),
('en_US', 375, 'Auces novads'),
('en_US', 376, 'Babītes novads'),
('en_US', 377, 'Baldones novads'),
('en_US', 378, 'Baltinavas novads'),
('en_US', 379, 'Balvu novads'),
('en_US', 380, 'Bauskas novads'),
('en_US', 381, 'Beverīnas novads'),
('en_US', 382, 'Brocēnu novads'),
('en_US', 383, 'Burtnieku novads'),
('en_US', 384, 'Carnikavas novads'),
('en_US', 385, 'Cesvaines novads'),
('en_US', 386, 'Ciblas novads'),
('en_US', 387, 'Cēsu novads'),
('en_US', 388, 'Dagdas novads'),
('en_US', 389, 'Daugavpils novads'),
('en_US', 390, 'Dobeles novads'),
('en_US', 391, 'Dundagas novads'),
('en_US', 392, 'Durbes novads'),
('en_US', 393, 'Engures novads'),
('en_US', 394, 'Garkalnes novads'),
('en_US', 395, 'Grobiņas novads'),
('en_US', 396, 'Gulbenes novads'),
('en_US', 397, 'Iecavas novads'),
('en_US', 398, 'Ikšķiles novads'),
('en_US', 399, 'Ilūkstes novads'),
('en_US', 400, 'Inčukalna novads'),
('en_US', 401, 'Jaunjelgavas novads'),
('en_US', 402, 'Jaunpiebalgas novads'),
('en_US', 403, 'Jaunpils novads'),
('en_US', 404, 'Jelgavas novads'),
('en_US', 405, 'Jēkabpils novads'),
('en_US', 406, 'Kandavas novads'),
('en_US', 407, 'Kokneses novads'),
('en_US', 408, 'Krimuldas novads'),
('en_US', 409, 'Krustpils novads'),
('en_US', 410, 'Krāslavas novads'),
('en_US', 411, 'Kuldīgas novads'),
('en_US', 412, 'Kārsavas novads'),
('en_US', 413, 'Lielvārdes novads'),
('en_US', 414, 'Limbažu novads'),
('en_US', 415, 'Lubānas novads'),
('en_US', 416, 'Ludzas novads'),
('en_US', 417, 'Līgatnes novads'),
('en_US', 418, 'Līvānu novads'),
('en_US', 419, 'Madonas novads'),
('en_US', 420, 'Mazsalacas novads'),
('en_US', 421, 'Mālpils novads'),
('en_US', 422, 'Mārupes novads'),
('en_US', 423, 'Naukšēnu novads'),
('en_US', 424, 'Neretas novads'),
('en_US', 425, 'Nīcas novads'),
('en_US', 426, 'Ogres novads'),
('en_US', 427, 'Olaines novads'),
('en_US', 428, 'Ozolnieku novads'),
('en_US', 429, 'Preiļu novads'),
('en_US', 430, 'Priekules novads'),
('en_US', 431, 'Priekuļu novads'),
('en_US', 432, 'Pārgaujas novads'),
('en_US', 433, 'Pāvilostas novads'),
('en_US', 434, 'Pļaviņu novads'),
('en_US', 435, 'Raunas novads'),
('en_US', 436, 'Riebiņu novads'),
('en_US', 437, 'Rojas novads'),
('en_US', 438, 'Ropažu novads'),
('en_US', 439, 'Rucavas novads'),
('en_US', 440, 'Rugāju novads'),
('en_US', 441, 'Rundāles novads'),
('en_US', 442, 'Rēzeknes novads'),
('en_US', 443, 'Rūjienas novads'),
('en_US', 444, 'Salacgrīvas novads'),
('en_US', 445, 'Salas novads'),
('en_US', 446, 'Salaspils novads'),
('en_US', 447, 'Saldus novads'),
('en_US', 448, 'Saulkrastu novads'),
('en_US', 449, 'Siguldas novads'),
('en_US', 450, 'Skrundas novads'),
('en_US', 451, 'Skrīveru novads'),
('en_US', 452, 'Smiltenes novads'),
('en_US', 453, 'Stopiņu novads'),
('en_US', 454, 'Strenču novads'),
('en_US', 455, 'Sējas novads'),
('en_US', 456, 'Talsu novads'),
('en_US', 457, 'Tukuma novads'),
('en_US', 458, 'Tērvetes novads'),
('en_US', 459, 'Vaiņodes novads'),
('en_US', 460, 'Valkas novads'),
('en_US', 461, 'Valmieras novads'),
('en_US', 462, 'Varakļānu novads'),
('en_US', 463, 'Vecpiebalgas novads'),
('en_US', 464, 'Vecumnieku novads'),
('en_US', 465, 'Ventspils novads'),
('en_US', 466, 'Viesītes novads'),
('en_US', 467, 'Viļakas novads'),
('en_US', 468, 'Viļānu novads'),
('en_US', 469, 'Vārkavas novads'),
('en_US', 470, 'Zilupes novads'),
('en_US', 471, 'Ādažu novads'),
('en_US', 472, 'Ērgļu novads'),
('en_US', 473, 'Ķeguma novads'),
('en_US', 474, 'Ķekavas novads'),
('en_US', 475, 'Alytaus Apskritis'),
('en_US', 476, 'Kauno Apskritis'),
('en_US', 477, 'Klaipėdos Apskritis'),
('en_US', 478, 'Marijampolės Apskritis'),
('en_US', 479, 'Panevėžio Apskritis'),
('en_US', 480, 'Šiaulių Apskritis'),
('en_US', 481, 'Tauragės Apskritis'),
('en_US', 482, 'Telšių Apskritis'),
('en_US', 483, 'Utenos Apskritis'),
('en_US', 484, 'Vilniaus Apskritis'),
('en_US', 485, 'Acre'),
('en_US', 486, 'Alagoas'),
('en_US', 487, 'Amapá'),
('en_US', 488, 'Amazonas'),
('en_US', 489, 'Bahia'),
('en_US', 490, 'Ceará'),
('en_US', 491, 'Espírito Santo'),
('en_US', 492, 'Goiás'),
('en_US', 493, 'Maranhão'),
('en_US', 494, 'Mato Grosso'),
('en_US', 495, 'Mato Grosso do Sul'),
('en_US', 496, 'Minas Gerais'),
('en_US', 497, 'Pará'),
('en_US', 498, 'Paraíba'),
('en_US', 499, 'Paraná'),
('en_US', 500, 'Pernambuco'),
('en_US', 501, 'Piauí'),
('en_US', 502, 'Rio de Janeiro'),
('en_US', 503, 'Rio Grande do Norte'),
('en_US', 504, 'Rio Grande do Sul'),
('en_US', 505, 'Rondônia'),
('en_US', 506, 'Roraima'),
('en_US', 507, 'Santa Catarina'),
('en_US', 508, 'São Paulo'),
('en_US', 509, 'Sergipe'),
('en_US', 510, 'Tocantins'),
('en_US', 511, 'Distrito Federal'),
('en_US', 512, 'Zagrebačka županija'),
('en_US', 513, 'Krapinsko-zagorska županija'),
('en_US', 514, 'Sisačko-moslavačka županija'),
('en_US', 515, 'Karlovačka županija'),
('en_US', 516, 'Varaždinska županija'),
('en_US', 517, 'Koprivničko-križevačka županija'),
('en_US', 518, 'Bjelovarsko-bilogorska županija'),
('en_US', 519, 'Primorsko-goranska županija'),
('en_US', 520, 'Ličko-senjska županija'),
('en_US', 521, 'Virovitičko-podravska županija'),
('en_US', 522, 'Požeško-slavonska županija'),
('en_US', 523, 'Brodsko-posavska županija'),
('en_US', 524, 'Zadarska županija'),
('en_US', 525, 'Osječko-baranjska županija'),
('en_US', 526, 'Šibensko-kninska županija'),
('en_US', 527, 'Vukovarsko-srijemska županija'),
('en_US', 528, 'Splitsko-dalmatinska županija'),
('en_US', 529, 'Istarska županija'),
('en_US', 530, 'Dubrovačko-neretvanska županija'),
('en_US', 531, 'Međimurska županija'),
('en_US', 532, 'Grad Zagreb');

-- --------------------------------------------------------

--
